Results for 4.5.0 20090816 (experimental) [trunk revision 150817] (GCC) testsuite on hppa2.0w-hp-hpux11.00
John David Anglin
dave@hiauly2.hia.nrc.ca
Thu Aug 20 02:09:00 GMT 2009
LAST_UPDATED: Sun Aug 16 23:59:33 UTC 2009 (revision 150817)
=== acats tests ===
FAIL: c43205b
=== acats Summary ===
# of expected passes 2314
# of unexpected failures 1
Native configuration is hppa2.0w-hp-hpux11.00
=== g++ tests ===
Running target unix
FAIL: g++.dg/torture/pr34099.C -O1 (internal compiler error)
FAIL: g++.dg/torture/pr34099.C -O1 (test for excess errors)
WARNING: g++.dg/torture/pr34099.C -O1 compilation failed to produce executable
FAIL: g++.dg/torture/pr34099.C -O2 (internal compiler error)
FAIL: g++.dg/torture/pr34099.C -O2 (test for excess errors)
WARNING: g++.dg/torture/pr34099.C -O2 compilation failed to produce executable
FAIL: g++.dg/torture/pr34099.C -O3 -fomit-frame-pointer (internal compiler error)
FAIL: g++.dg/torture/pr34099.C -O3 -fomit-frame-pointer (test for excess errors)
WARNING: g++.dg/torture/pr34099.C -O3 -fomit-frame-pointer compilation failed to produce executable
FAIL: g++.dg/torture/pr34099.C -O3 -fomit-frame-pointer -funroll-loops (internal compiler error)
FAIL: g++.dg/torture/pr34099.C -O3 -fomit-frame-pointer -funroll-loops (test for excess errors)
WARNING: g++.dg/torture/pr34099.C -O3 -fomit-frame-pointer -funroll-loops compilation failed to produce executable
FAIL: g++.dg/torture/pr34099.C -O3 -fomit-frame-pointer -funroll-all-loops -finline-functions (internal compiler error)
FAIL: g++.dg/torture/pr34099.C -O3 -fomit-frame-pointer -funroll-all-loops -finline-functions (test for excess errors)
WARNING: g++.dg/torture/pr34099.C -O3 -fomit-frame-pointer -funroll-all-loops -finline-functions compilation failed to produce executable
FAIL: g++.dg/torture/pr34099.C -O3 -g (internal compiler error)
FAIL: g++.dg/torture/pr34099.C -O3 -g (test for excess errors)
WARNING: g++.dg/torture/pr34099.C -O3 -g compilation failed to produce executable
FAIL: g++.dg/torture/pr34099.C -Os execution test
=== g++ Summary ===
# of expected passes 18865
# of unexpected failures 13
# of expected failures 151
# of unsupported tests 260
/home/gnu/gcc/objdir/gcc/testsuite/g++/../../g++ version 4.5.0 20090816 (experimental) [trunk revision 150817] (GCC)
=== gcc tests ===
Running target unix
XPASS: gcc.dg/Warray-bounds.c (test for warnings, line 59)
XPASS: gcc.dg/Warray-bounds.c (test for warnings, line 65)
XPASS: gcc.dg/Wunreachable-8.c (test for bogus messages, line 7)
XPASS: gcc.dg/struct/wo_prof_array_through_pointer.c scan-ipa-dump ipa_struct_reorg "Number of structures to transform is 1"
FAIL: gcc.dg/torture/pr26565.c -O1 execution test
FAIL: gcc.dg/torture/pr26565.c -O2 execution test
FAIL: gcc.dg/torture/pr26565.c -Os execution test
=== gcc Summary ===
# of expected passes 50488
# of unexpected failures 3
# of unexpected successes 4
# of expected failures 80
# of unsupported tests 757
/home/gnu/gcc/objdir/gcc/xgcc version 4.5.0 20090816 (experimental) [trunk revision 150817] (GCC)
=== gfortran tests ===
Running target unix
=== gfortran Summary ===
# of expected passes 30799
# of expected failures 12
# of unsupported tests 280
/home/gnu/gcc/objdir/gcc/testsuite/gfortran/../../gfortran version 4.5.0 20090816 (experimental) [trunk revision 150817] (GCC)
=== gnat tests ===
Running target unix
=== gnat Summary ===
# of expected passes 682
# of expected failures 5
=== obj-c++ tests ===
Running target unix
XPASS: obj-c++.dg/comp-types-10.mm (test for excess errors)
WARNING: obj-c++.dg/lookup-2.mm compilation failed to produce executable
WARNING: obj-c++.dg/try-catch-2.mm compilation failed to produce executable
WARNING: obj-c++.dg/try-catch-9.mm compilation failed to produce executable
=== obj-c++ Summary ===
# of expected passes 434
# of unexpected successes 1
# of expected failures 9
# of unsupported tests 14
/home/gnu/gcc/objdir/gcc/testsuite/obj-c++/../../g++ version 4.5.0 20090816 (experimental) [trunk revision 150817] (GCC)
=== objc tests ===
Running target unix
=== objc Summary ===
# of expected passes 1861
# of expected failures 15
# of unsupported tests 27
/home/gnu/gcc/objdir/gcc/xgcc version 4.5.0 20090816 (experimental) [trunk revision 150817] (GCC)
=== libgomp tests ===
Running target unix
=== libgomp Summary ===
# of expected passes 2390
# of unsupported tests 9
=== libstdc++ tests ===
Running target unix
WARNING: program timed out.
FAIL: 23_containers/vector/bool/modifiers/insert/31370.cc execution test
FAIL: ext/new_allocator/deallocate_global.cc execution test
FAIL: ext/throw_allocator/deallocate_global.cc execution test
=== libstdc++ Summary ===
# of expected passes 4929
# of unexpected failures 3
# of expected failures 78
# of unsupported tests 428
Compiler version: 4.5.0 20090816 (experimental) [trunk revision 150817] (GCC)
Platform: hppa2.0w-hp-hpux11.00
configure flags: --with-gnu-as --with-as=/opt/gnu/bin/as --enable-shared --with-local-prefix=/opt/gnu --prefix=/opt/gnu/gcc/gcc-4.5.0 --with-gmp=/opt/gnu/gcc/gcc-4.5.0 --enable-debug=no --disable-nls --enable-threads=posix --enable-checking=release --enable-languages=c,c++,objc,fortran,ada,obj-c++
More information about the Gcc-testresults
mailing list