Results for 4.5.0 20090426 (experimental) [trunk revision 146817] (GCC) testsuite on x86_64-unknown-linux-gnu
H.J. Lu Intel64
hjl@gnu-33.sc.intel.com
Mon Apr 27 00:06:00 GMT 2009
LAST_UPDATED: Sun Apr 26 21:40:43 UTC 2009 (revision 146817)
Native configuration is x86_64-unknown-linux-gnu
=== g++ tests ===
Running target unix/-m32
=== g++ Summary for unix/-m32 ===
# of expected passes 6803
# of expected failures 30
# of unsupported tests 10
Running target unix
=== g++ Summary for unix ===
# of expected passes 6756
# of expected failures 30
# of unsupported tests 20
=== g++ Summary ===
# of expected passes 39367
# of expected failures 280
# of unsupported tests 352
/export/gnu/import/svn/gcc-test/bld/gcc/testsuite/g++/../../g++ version 4.5.0 20090426 (experimental) [trunk revision 146817] (GCC)
=== gcc tests ===
Running target unix/-m32
FAIL: gcc.c-torture/compile/limits-exprparen.c -O0 (test for excess errors)
FAIL: gcc.c-torture/compile/limits-exprparen.c -O1 (test for excess errors)
FAIL: gcc.c-torture/compile/limits-exprparen.c -O2 (test for excess errors)
FAIL: gcc.c-torture/compile/limits-exprparen.c -O3 -fomit-frame-pointer (test for excess errors)
FAIL: gcc.c-torture/compile/limits-exprparen.c -O3 -g (test for excess errors)
FAIL: gcc.c-torture/compile/limits-exprparen.c -Os (test for excess errors)
XPASS: gcc.dg/Warray-bounds.c (test for warnings, line 59)
XPASS: gcc.dg/Warray-bounds.c (test for warnings, line 65)
XPASS: gcc.dg/struct/wo_prof_array_through_pointer.c scan-ipa-dump ipa_struct_reorg "Number of structures to transform is 1"
=== gcc Summary for unix/-m32 ===
Running target unix
FAIL: gcc.c-torture/compile/limits-exprparen.c -O0 (test for excess errors)
FAIL: gcc.c-torture/compile/limits-exprparen.c -O1 (test for excess errors)
FAIL: gcc.c-torture/compile/limits-exprparen.c -O2 (test for excess errors)
FAIL: gcc.c-torture/compile/limits-exprparen.c -O3 -fomit-frame-pointer (test for excess errors)
FAIL: gcc.c-torture/compile/limits-exprparen.c -O3 -g (test for excess errors)
FAIL: gcc.c-torture/compile/limits-exprparen.c -Os (test for excess errors)
XPASS: gcc.dg/Warray-bounds.c (test for warnings, line 59)
XPASS: gcc.dg/Warray-bounds.c (test for warnings, line 65)
XPASS: gcc.dg/struct/wo_prof_array_through_pointer.c scan-ipa-dump ipa_struct_reorg "Number of structures to transform is 1"
FAIL: gcc.dg/tree-prof/bb-reorg.c compilation, -fprofile-use -D_PROFILE_USE
UNRESOLVED: gcc.dg/tree-prof/bb-reorg.c execution, -fprofile-use -D_PROFILE_USE
FAIL: gcc.dg/tree-prof/pr34999.c compilation, -fprofile-use -D_PROFILE_USE
UNRESOLVED: gcc.dg/tree-prof/pr34999.c execution, -fprofile-use -D_PROFILE_USE
=== gcc Summary for unix ===
=== gcc Summary ===
# of expected passes 115702
# of unexpected failures 14
# of unexpected successes 6
# of expected failures 289
# of unresolved testcases 2
# of unsupported tests 1156
/export/gnu/import/svn/gcc-test/bld/gcc/xgcc version 4.5.0 20090426 (experimental) [trunk revision 146817] (GCC)
=== gfortran tests ===
Running target unix/-m32
=== gfortran Summary for unix/-m32 ===
# of expected passes 3978
Running target unix
=== gfortran Summary for unix ===
# of expected passes 3978
=== gfortran Summary ===
# of expected passes 60469
# of expected failures 22
# of unsupported tests 141
/export/gnu/import/svn/gcc-test/bld/gcc/testsuite/gfortran/../../gfortran version 4.5.0 20090426 (experimental) [trunk revision 146817] (GCC)
=== objc tests ===
Running target unix/-m32
=== objc Summary for unix/-m32 ===
# of expected passes 2
Running target unix
=== objc Summary for unix ===
# of expected passes 2
=== objc Summary ===
# of expected passes 3736
# of expected failures 22
# of unsupported tests 48
/export/gnu/import/svn/gcc-test/bld/gcc/xgcc version 4.5.0 20090426 (experimental) [trunk revision 146817] (GCC)
=== libffi tests ===
Running target unix/-m32
=== libffi Summary for unix/-m32 ===
# of expected passes 24
Running target unix
=== libffi Summary for unix ===
# of expected passes 24
=== libffi Summary ===
# of expected passes 2778
# of unsupported tests 20
=== libgomp tests ===
Running target unix/-m32
=== libgomp Summary for unix/-m32 ===
# of expected passes 1401
Running target unix
=== libgomp Summary for unix ===
# of expected passes 1401
=== libgomp Summary ===
# of expected passes 4816
=== libjava tests ===
Running target unix/-m32
=== libjava Summary for unix/-m32 ===
Running target unix
=== libjava Summary for unix ===
=== libjava Summary ===
# of expected passes 5148
=== libmudflap tests ===
Running target unix/-m32
FAIL: libmudflap.c++/pass41-frag.cxx execution test
FAIL: libmudflap.c++/pass41-frag.cxx (-static) execution test
FAIL: libmudflap.c++/pass41-frag.cxx (-O2) execution test
FAIL: libmudflap.c++/pass41-frag.cxx (-O3) execution test
FAIL: libmudflap.cth/pass39-frag.c (rerun 6) execution test
FAIL: libmudflap.cth/pass39-frag.c (rerun 6) output pattern test
FAIL: libmudflap.cth/pass39-frag.c (rerun 9) execution test
FAIL: libmudflap.cth/pass39-frag.c (rerun 9) output pattern test
FAIL: libmudflap.cth/pass39-frag.c (rerun 14) execution test
FAIL: libmudflap.cth/pass39-frag.c (rerun 14) output pattern test
FAIL: libmudflap.cth/pass39-frag.c (rerun 17) execution test
FAIL: libmudflap.cth/pass39-frag.c (rerun 17) output pattern test
FAIL: libmudflap.cth/pass39-frag.c (-O3) execution test
FAIL: libmudflap.cth/pass39-frag.c (-O3) output pattern test
=== libmudflap Summary for unix/-m32 ===
# of expected passes 342
# of unexpected failures 10
Running target unix
FAIL: libmudflap.c++/pass41-frag.cxx execution test
FAIL: libmudflap.c++/pass41-frag.cxx (-static) execution test
FAIL: libmudflap.c++/pass41-frag.cxx (-O2) execution test
FAIL: libmudflap.c++/pass41-frag.cxx (-O3) execution test
=== libmudflap Summary for unix ===
# of expected passes 352
=== libmudflap Summary ===
# of expected passes 3770
# of unexpected failures 18
=== libstdc++ tests ===
Running target unix/-m32
XPASS: 26_numerics/headers/cmath/c99_classification_macros_c.cc (test for excess errors)
=== libstdc++ Summary for unix/-m32 ===
# of expected passes 6721
# of unexpected successes 1
# of expected failures 82
# of unsupported tests 18
Running target unix
XPASS: 26_numerics/headers/cmath/c99_classification_macros_c.cc (test for excess errors)
=== libstdc++ Summary for unix ===
# of expected passes 6727
# of unexpected successes 1
# of expected failures 82
# of unsupported tests 15
=== libstdc++ Summary ===
# of expected passes 13450
# of unexpected successes 2
# of expected failures 164
# of unsupported tests 33
Compiler version: 4.5.0 20090426 (experimental) [trunk revision 146817] (GCC)
Platform: x86_64-unknown-linux-gnu
configure flags: --enable-clocale=gnu --with-system-zlib --enable-shared --with-demangler-in-ld
More information about the Gcc-testresults
mailing list