Results for 4.5.0 20090422 (experimental) [cond-optab revision 146747] (GCC) testsuite on hppa64-hp-hpux11.11
John David Anglin
dave@hiauly3.hia.nrc.ca
Sat Apr 25 16:17:00 GMT 2009
LAST_UPDATED: Fri Apr 24 23:24:58 UTC 2009 (revision 146747)
Native configuration is hppa64-hp-hpux11.11
=== g++ tests ===
Running target unix
=== g++ Summary ===
# of expected passes 18235
# of expected failures 142
# of unsupported tests 202
/mnt/gnu/gcc/objdir/gcc/testsuite/g++/../../g++ version 4.5.0 20090422 (experimental) [cond-optab revision 146747] (GCC)
=== gcc tests ===
Running target unix
XPASS: gcc.dg/Warray-bounds.c (test for warnings, line 59)
XPASS: gcc.dg/Warray-bounds.c (test for warnings, line 65)
FAIL: gcc.dg/c99-stdint-1.c (test for excess errors)
FAIL: gcc.dg/c99-stdint-2.c (test for excess errors)
FAIL: gcc.dg/c99-stdint-3.c (test for excess errors)
FAIL: gcc.dg/c99-stdint-4.c (test for excess errors)
FAIL: gcc.dg/c99-stdint-5.c (test for excess errors)
FAIL: gcc.dg/c99-stdint-6.c (test for excess errors)
FAIL: gcc.dg/c99-stdint-7.c (test for excess errors)
FAIL: gcc.dg/c99-stdint-8.c (test for excess errors)
XPASS: gcc.dg/funcorder.c scan-assembler-not link_error,%r
XPASS: gcc.dg/struct/wo_prof_array_through_pointer.c scan-ipa-dump ipa_struct_reorg "Number of structures to transform is 1"
FAIL: gcc.dg/tree-prof/pr34999.c compilation, -fprofile-use -D_PROFILE_USE
UNRESOLVED: gcc.dg/tree-prof/pr34999.c execution, -fprofile-use -D_PROFILE_USE
ERROR: tcl error sourcing /mnt/gnu/gcc/gcc/gcc/testsuite/gcc.misc-tests/help.exp.
ERROR: syntax error in expression "\$pattern ne """
=== gcc Summary ===
# of expected passes 49163
# of unexpected failures 9
# of unexpected successes 4
# of expected failures 73
# of unresolved testcases 1
# of unsupported tests 597
/mnt/gnu/gcc/objdir/gcc/xgcc version 4.5.0 20090422 (experimental) [cond-optab revision 146747] (GCC)
=== gfortran tests ===
Running target unix
FAIL: gfortran.dg/widechar_5.f90 -O1 execution test
=== gfortran Summary ===
# of expected passes 29201
# of unexpected failures 1
# of expected failures 11
# of unsupported tests 260
/mnt/gnu/gcc/objdir/gcc/testsuite/gfortran/../../gfortran version 4.5.0 20090422 (experimental) [cond-optab revision 146747] (GCC)
=== obj-c++ tests ===
Running target unix
WARNING: obj-c++.dg/lookup-2.mm compilation failed to produce executable
WARNING: obj-c++.dg/try-catch-2.mm compilation failed to produce executable
WARNING: obj-c++.dg/try-catch-9.mm compilation failed to produce executable
=== obj-c++ Summary ===
# of expected passes 427
# of expected failures 21
# of unsupported tests 13
/mnt/gnu/gcc/objdir/gcc/testsuite/obj-c++/../../g++ version 4.5.0 20090422 (experimental) [cond-optab revision 146747] (GCC)
=== objc tests ===
Running target unix
=== objc Summary ===
# of expected passes 1862
# of expected failures 15
# of unsupported tests 25
/mnt/gnu/gcc/objdir/gcc/xgcc version 4.5.0 20090422 (experimental) [cond-optab revision 146747] (GCC)
=== libgomp tests ===
Running target unix
=== libgomp Summary ===
# of expected passes 2390
# of unsupported tests 9
=== libstdc++ tests ===
Running target unix
=== libstdc++ Summary ===
# of expected passes 5708
# of expected failures 74
# of unsupported tests 525
Compiler version: 4.5.0 20090422 (experimental) [cond-optab revision 146747] (GCC)
Platform: hppa64-hp-hpux11.11
configure flags: --with-gnu-as --with-as=/opt/gnu64/bin/as --with-ld=/usr/ccs/bin/ld --enable-shared --with-local-prefix=/opt/gnu64 --prefix=/opt/gnu64/gcc/gcc-4.4.0 --build=hppa64-hp-hpux11.11 --enable-threads=posix --disable-nls --with-gmp=/opt/gnu64/gcc/gcc-4.4.0 -enable-languages=c,c++,objc,obj-c++,fortran
More information about the Gcc-testresults
mailing list