Results for 4.5.0 20090422 (experimental) [cond-optab revision 146648] (GCC) testsuite on hppa2.0w-hp-hpux11.11
John David Anglin
dave@hiauly3.hia.nrc.ca
Fri Apr 24 23:14:00 GMT 2009
LAST_UPDATED: Thu Apr 23 14:42:12 UTC 2009 (revision 146648)
Native configuration is hppa2.0w-hp-hpux11.11
=== g++ tests ===
Running target unix
=== g++ Summary ===
# of expected passes 18067
# of expected failures 142
# of unsupported tests 247
/mnt/gnu/gcc/objdir/gcc/testsuite/g++/../../g++ version 4.5.0 20090422 (experimental) [cond-optab revision 146648] (GCC)
=== gcc tests ===
Running target unix
XPASS: gcc.dg/Warray-bounds.c (test for warnings, line 59)
XPASS: gcc.dg/Warray-bounds.c (test for warnings, line 65)
FAIL: gcc.dg/c99-stdint-1.c (test for excess errors)
FAIL: gcc.dg/c99-stdint-2.c (test for excess errors)
FAIL: gcc.dg/c99-stdint-3.c (test for excess errors)
FAIL: gcc.dg/c99-stdint-4.c (test for excess errors)
FAIL: gcc.dg/c99-stdint-5.c (test for excess errors)
FAIL: gcc.dg/c99-stdint-6.c (test for excess errors)
FAIL: gcc.dg/c99-stdint-7.c (test for excess errors)
FAIL: gcc.dg/c99-stdint-8.c (test for excess errors)
XPASS: gcc.dg/struct/wo_prof_array_through_pointer.c scan-ipa-dump ipa_struct_reorg "Number of structures to transform is 1"
ERROR: tcl error sourcing /mnt/gnu/gcc/gcc/gcc/testsuite/gcc.misc-tests/help.exp.
ERROR: syntax error in expression "\$pattern ne """
=== gcc Summary ===
# of expected passes 49232
# of unexpected failures 8
# of unexpected successes 3
# of expected failures 73
# of unsupported tests 666
/mnt/gnu/gcc/objdir/gcc/xgcc version 4.5.0 20090422 (experimental) [cond-optab revision 146648] (GCC)
=== gfortran tests ===
Running target unix
=== gfortran Summary ===
# of expected passes 29215
# of expected failures 15
# of unsupported tests 270
/mnt/gnu/gcc/objdir/gcc/testsuite/gfortran/../../gfortran version 4.5.0 20090422 (experimental) [cond-optab revision 146648] (GCC)
=== obj-c++ tests ===
Running target unix
WARNING: obj-c++.dg/lookup-2.mm compilation failed to produce executable
WARNING: obj-c++.dg/try-catch-2.mm compilation failed to produce executable
WARNING: obj-c++.dg/try-catch-9.mm compilation failed to produce executable
=== obj-c++ Summary ===
# of expected passes 436
# of expected failures 10
# of unsupported tests 14
/mnt/gnu/gcc/objdir/gcc/testsuite/obj-c++/../../g++ version 4.5.0 20090422 (experimental) [cond-optab revision 146648] (GCC)
=== objc tests ===
Running target unix
=== objc Summary ===
# of expected passes 1858
# of expected failures 15
# of unsupported tests 27
/mnt/gnu/gcc/objdir/gcc/xgcc version 4.5.0 20090422 (experimental) [cond-optab revision 146648] (GCC)
=== libffi tests ===
Running target unix
=== libffi Summary ===
# of expected passes 1389
# of unsupported tests 10
=== libgomp tests ===
Running target unix
FAIL: libgomp.fortran/vla6.f90 -O0 execution test
=== libgomp Summary ===
# of expected passes 2389
# of unexpected failures 1
# of unsupported tests 9
=== libjava tests ===
Running target unix
FAIL: LargeFile execution - source compiled test
FAIL: LargeFile -findirect-dispatch execution - source compiled test
FAIL: LargeFile -O3 execution - source compiled test
FAIL: LargeFile -O3 -findirect-dispatch execution - source compiled test
=== libjava Summary ===
# of expected passes 2566
# of unexpected failures 4
# of untested testcases 4
=== libstdc++ tests ===
Running target unix
=== libstdc++ Summary ===
# of expected passes 5708
# of expected failures 74
# of unsupported tests 525
Compiler version: 4.5.0 20090422 (experimental) [cond-optab revision 146648] (GCC)
Platform: hppa2.0w-hp-hpux11.11
configure flags: --with-gnu-as --with-as=/opt/gnu/bin/as --enable-shared --with-local-prefix=/opt/gnu --prefix=/opt/gnu/gcc/gcc-4.4.0 --with-gmp=/opt/gnu/gcc/gcc-4.4.0 --enable-threads=posix --enable-debug=no --disable-nls --enable-languages=c,c++,objc,fortran,java,obj-c++
More information about the Gcc-testresults
mailing list