Results for 4.5.0 20090418 (experimental) (GCC) testsuite on s390x-ibm-linux-gnu
Andreas Krebbel
Andreas.Krebbel@de.ibm.com
Sat Apr 18 08:59:00 GMT 2009
LAST_UPDATED: Sat Apr 18 03:11:25 UTC 2009 (revision 146303M)
Native configuration is s390x-ibm-linux-gnu
=== g++ tests ===
Running target unix
=== g++ Summary ===
# of expected passes 19114
# of expected failures 142
# of unsupported tests 157
/31bit/build-extralong/BUILD/gcc/obj-s390x-redhat-linux/gcc/testsuite/g++/../../g++ version 4.5.0 20090418 (experimental) (GCC)
=== gcc tests ===
Running target unix
XPASS: gcc.dg/Warray-bounds.c (test for warnings, line 59)
XPASS: gcc.dg/Warray-bounds.c (test for warnings, line 65)
FAIL: gcc.dg/uninit-13.c unconditional (test for warnings, line 8)
FAIL: gcc.dg/uninit-13.c (test for excess errors)
XPASS: gcc.dg/struct/wo_prof_array_through_pointer.c scan-ipa-dump ipa_struct_reorg "Number of structures to transform is 1"
FAIL: gcc.dg/torture/pr39678.c -O0 execution test
FAIL: gcc.dg/torture/pr39678.c -O1 execution test
FAIL: gcc.dg/torture/pr39678.c -O2 execution test
FAIL: gcc.dg/torture/pr39678.c -O3 -fomit-frame-pointer execution test
FAIL: gcc.dg/torture/pr39678.c -O3 -g execution test
FAIL: gcc.dg/torture/pr39678.c -Os execution test
FAIL: gcc.dg/tree-prof/bb-reorg.c compilation, -fprofile-use -D_PROFILE_USE
UNRESOLVED: gcc.dg/tree-prof/bb-reorg.c execution, -fprofile-use -D_PROFILE_USE
FAIL: gcc.dg/tree-prof/pr34999.c compilation, -fprofile-use -D_PROFILE_USE
UNRESOLVED: gcc.dg/tree-prof/pr34999.c execution, -fprofile-use -D_PROFILE_USE
XPASS: gcc.dg/tree-ssa/20040204-1.c scan-tree-dump-times optimized "link_error" 0
FAIL: gcc.dg/tree-ssa/vrp47.c scan-tree-dump-times vrp1 "[xy][^ ]* !=" 0
FAIL: gcc.dg/tree-ssa/vrp47.c scan-tree-dump-times dom1 "x[^ ]* & y" 1
FAIL: gcc.dg/tree-ssa/vrp47.c scan-tree-dump-times vrp1 "x[^ ]* [|] y" 1
=== gcc Summary ===
# of expected passes 50150
# of unexpected failures 13
# of unexpected successes 4
# of expected failures 74
# of unresolved testcases 2
# of unsupported tests 495
/31bit/build-extralong/BUILD/gcc/obj-s390x-redhat-linux/gcc/xgcc version 4.5.0 20090418 (experimental) (GCC)
=== gfortran tests ===
Running target unix
=== gfortran Summary ===
# of expected passes 29714
# of expected failures 11
# of unsupported tests 45
/31bit/build-extralong/BUILD/gcc/obj-s390x-redhat-linux/gcc/testsuite/gfortran/../../gfortran version 4.5.0 20090418 (experimental) (GCC)
=== obj-c++ tests ===
Running target unix
WARNING: obj-c++.dg/lookup-2.mm compilation failed to produce executable
WARNING: obj-c++.dg/try-catch-2.mm compilation failed to produce executable
WARNING: obj-c++.dg/try-catch-9.mm compilation failed to produce executable
=== obj-c++ Summary ===
# of expected passes 427
# of expected failures 21
# of unsupported tests 13
/31bit/build-extralong/BUILD/gcc/obj-s390x-redhat-linux/gcc/testsuite/obj-c++/../../g++ version 4.5.0 20090418 (experimental) (GCC)
=== objc tests ===
Running target unix
FAIL: objc/execute/forward-1.m execution, -O0 -fgnu-runtime
FAIL: objc/execute/forward-1.m execution, -O1 -fgnu-runtime
FAIL: objc/execute/forward-1.m execution, -O2 -fgnu-runtime
FAIL: objc/execute/forward-1.m execution, -O3 -fomit-frame-pointer -fgnu-runtime
FAIL: objc/execute/forward-1.m execution, -O3 -fomit-frame-pointer -funroll-loops -fgnu-runtime
FAIL: objc/execute/forward-1.m execution, -O3 -fomit-frame-pointer -funroll-all-loops -finline-functions -fgnu-runtime
FAIL: objc/execute/forward-1.m execution, -O3 -g -fgnu-runtime
FAIL: objc/execute/forward-1.m execution, -Os -fgnu-runtime
=== objc Summary ===
# of expected passes 1864
# of unexpected failures 8
# of expected failures 7
# of unsupported tests 24
/31bit/build-extralong/BUILD/gcc/obj-s390x-redhat-linux/gcc/xgcc version 4.5.0 20090418 (experimental) (GCC)
=== libffi tests ===
Running target unix
=== libffi Summary ===
# of expected passes 1389
# of unsupported tests 10
=== libgomp tests ===
Running target unix
=== libgomp Summary ===
# of expected passes 2406
=== libjava tests ===
Running target unix
=== libjava Summary ===
# of expected passes 2574
=== libmudflap tests ===
Running target unix
FAIL: libmudflap.c++/pass41-frag.cxx execution test
FAIL: libmudflap.c++/pass57-frag.cxx (test for excess errors)
FAIL: libmudflap.c++/pass41-frag.cxx (-static) execution test
FAIL: libmudflap.c++/pass57-frag.cxx (-static) (test for excess errors)
FAIL: libmudflap.c++/pass57-frag.cxx ( -O) (test for excess errors)
FAIL: libmudflap.c++/pass41-frag.cxx (-O2) execution test
FAIL: libmudflap.c++/pass57-frag.cxx (-O2) (test for excess errors)
FAIL: libmudflap.c++/pass41-frag.cxx (-O3) execution test
FAIL: libmudflap.c++/pass57-frag.cxx (-O3) (test for excess errors)
=== libmudflap Summary ===
# of expected passes 1885
# of unexpected failures 9
=== libstdc++ tests ===
Running target unix
FAIL: 20_util/owner_less/cmp.cc (test for excess errors)
FAIL: 20_util/specialized_algorithms/uninitialized_copy/move_iterators/1.cc (test for excess errors)
FAIL: 20_util/specialized_algorithms/uninitialized_copy_n/move_iterators/1.cc (test for excess errors)
FAIL: 21_strings/basic_string/element_access/wchar_t/empty.cc (test for excess errors)
FAIL: 21_strings/basic_string/requirements/explicit_instantiation/debug.cc (test for excess errors)
FAIL: 22_locale/locale/cons/12658_thread-1.cc (test for excess errors)
FAIL: 22_locale/locale/cons/12658_thread-2.cc (test for excess errors)
FAIL: 23_containers/bitset/cons/16020.cc (test for excess errors)
FAIL: 23_containers/bitset/invalidation/1.cc (test for excess errors)
FAIL: 23_containers/bitset/operations/13838.cc (test for excess errors)
FAIL: 23_containers/deque/invalidation/1.cc (test for excess errors)
FAIL: 23_containers/deque/invalidation/2.cc (test for excess errors)
FAIL: 23_containers/deque/invalidation/3.cc (test for excess errors)
FAIL: 23_containers/deque/invalidation/4.cc (test for excess errors)
FAIL: 23_containers/list/invalidation/1.cc (test for excess errors)
FAIL: 23_containers/list/invalidation/2.cc (test for excess errors)
FAIL: 23_containers/list/invalidation/3.cc (test for excess errors)
FAIL: 23_containers/list/invalidation/4.cc (test for excess errors)
FAIL: 23_containers/list/pthread5.cc (test for excess errors)
FAIL: 23_containers/map/invalidation/1.cc (test for excess errors)
FAIL: 23_containers/map/invalidation/2.cc (test for excess errors)
FAIL: 23_containers/map/modifiers/insert/16813.cc (test for excess errors)
FAIL: 23_containers/multimap/invalidation/1.cc (test for excess errors)
FAIL: 23_containers/multimap/invalidation/2.cc (test for excess errors)
FAIL: 23_containers/multiset/invalidation/1.cc (test for excess errors)
FAIL: 23_containers/multiset/invalidation/2.cc (test for excess errors)
FAIL: 23_containers/set/invalidation/1.cc (test for excess errors)
FAIL: 23_containers/set/invalidation/2.cc (test for excess errors)
FAIL: 23_containers/unordered_map/requirements/debug_container.cc (test for excess errors)
FAIL: 23_containers/unordered_multimap/requirements/debug.cc (test for excess errors)
FAIL: 23_containers/unordered_multiset/requirements/debug.cc (test for excess errors)
FAIL: 23_containers/unordered_set/requirements/debug_container.cc (test for excess errors)
FAIL: 23_containers/vector/26412-2.cc (test for excess errors)
FAIL: 23_containers/vector/invalidation/1.cc (test for excess errors)
FAIL: 23_containers/vector/invalidation/2.cc (test for excess errors)
FAIL: 23_containers/vector/invalidation/3.cc (test for excess errors)
FAIL: 23_containers/vector/invalidation/4.cc (test for excess errors)
FAIL: 25_algorithms/copy/move_iterators/1.cc (test for excess errors)
FAIL: 25_algorithms/copy_backward/move_iterators/1.cc (test for excess errors)
FAIL: 25_algorithms/copy_n/move_iterators/1.cc (test for excess errors)
FAIL: 25_algorithms/heap/moveable.cc (test for excess errors)
FAIL: 25_algorithms/inplace_merge/1.cc (test for excess errors)
FAIL: 25_algorithms/merge/1.cc (test for excess errors)
FAIL: 25_algorithms/move/1.cc (test for excess errors)
FAIL: 25_algorithms/move_backward/1.cc (test for excess errors)
FAIL: 25_algorithms/partial_sort/moveable.cc (test for excess errors)
FAIL: 25_algorithms/partition/moveable.cc (test for excess errors)
FAIL: 25_algorithms/remove/moveable.cc (test for excess errors)
FAIL: 25_algorithms/remove_if/moveable.cc (test for excess errors)
FAIL: 25_algorithms/rotate/moveable.cc (test for excess errors)
FAIL: 25_algorithms/set_difference/1.cc (test for excess errors)
FAIL: 25_algorithms/set_intersection/1.cc (test for excess errors)
FAIL: 25_algorithms/set_symmetric_difference/1.cc (test for excess errors)
FAIL: 25_algorithms/set_union/1.cc (test for excess errors)
FAIL: 25_algorithms/stable_sort/1.cc (test for excess errors)
FAIL: 25_algorithms/swap/dr809.cc (test for excess errors)
FAIL: 25_algorithms/unique/moveable.cc (test for excess errors)
FAIL: 25_algorithms/unique_copy/26133.cc (test for excess errors)
XPASS: 26_numerics/headers/cmath/c99_classification_macros_c.cc (test for excess errors)
FAIL: 27_io/ios_base/types/fmtflags/bitmask_operators.cc (test for excess errors)
FAIL: 27_io/ios_base/types/iostate/bitmask_operators.cc (test for excess errors)
FAIL: 27_io/ios_base/types/openmode/bitmask_operators.cc (test for excess errors)
FAIL: ext/slist/requirements/explicit_instantiation.cc (test for excess errors)
FAIL: tr1/6_containers/unordered_map/insert/map_range.cc (test for excess errors)
FAIL: tr1/6_containers/unordered_multimap/insert/multimap_range.cc (test for excess errors)
FAIL: tr1/6_containers/unordered_multiset/insert/multiset_range.cc (test for excess errors)
FAIL: tr1/6_containers/unordered_set/insert/set_range.cc (test for excess errors)
=== libstdc++ Summary ===
# of expected passes 6649
# of unexpected failures 66
# of unexpected successes 1
# of expected failures 82
# of unsupported tests 15
Compiler version: 4.5.0 20090418 (experimental) (GCC)
Platform: s390x-ibm-linux-gnu
configure flags: --prefix=/usr --mandir=/usr/share/man --infodir=/usr/share/info --enable-shared --enable-threads=posix --enable-checking --with-system-zlib --enable-__cxa_atexit --with-long-double-128 --host=s390x-redhat-linux --build=s390x-redhat-linux --target=s390x-redhat-linux --enable-languages=c,c++,objc,obj-c++,java,fortran
More information about the Gcc-testresults
mailing list