Results for 4.5.0 20090407 (experimental) [trunk revision 145688] (GCC) testsuite on hppa2.0w-hp-hpux11.11
John David Anglin
dave@hiauly3.hia.nrc.ca
Tue Apr 14 19:20:00 GMT 2009
LAST_UPDATED: Tue Apr 14 13:40:09 UTC 2009 (revision 145688)
Native configuration is hppa2.0w-hp-hpux11.11
=== gcc tests ===
Running target unix
=== gcc Summary ===
# of expected passes 48758
# of expected failures 76
# of unsupported tests 638
/test/gnu/gcc/objdir/gcc/xgcc version 4.5.0 20090407 (experimental) [trunk revision 145688] (GCC)
=== libgomp tests ===
Running target unix
FAIL: libgomp.c/pr34513.c execution test
=== libgomp Summary ===
# of expected passes 241
# of unexpected failures 1
# of unsupported tests 9
Compiler version: 4.5.0 20090407 (experimental) [trunk revision 145688] (GCC)
Platform: hppa2.0w-hp-hpux11.11
configure flags: --with-gnu-as --with-as=/opt/gnu/bin/as --enable-shared --disable-nls --with-local-prefix=/opt/gnu --prefix=/opt/gnu/gcc/gcc-4.5.0 --enable-debug=no --enable-threads=posix --with-mpfr=/opt/gnu/gcc/gcc-4.5.0 --with-gmp=/opt/gnu/gcc/gcc-4.5.0 --disable-libmudflap --enable-languages=c
More information about the Gcc-testresults
mailing list