Results for 4.5.0 20090413 (experimental) [trunk revision 146003] (GCC) testsuite on x86_64-unknown-linux-gnu
Joey Ye
jye2@shgcc-2.sh.intel.com
Tue Apr 14 01:23:00 GMT 2009
LAST_UPDATED: Mon Apr 13 17:46:54 UTC 2009 (revision 146003)
Native configuration is x86_64-unknown-linux-gnu
=== g++ tests ===
Running target unix/-m32
=== g++ Summary for unix/-m32 ===
# of expected passes 19741
# of expected failures 142
# of unsupported tests 101
Running target unix
=== g++ Summary for unix ===
# of expected passes 19424
# of expected failures 142
# of unsupported tests 251
=== g++ Summary ===
# of expected passes 39165
# of expected failures 284
# of unsupported tests 352
/home/jye2/gcc/build-daily/gcc/testsuite/g++/../../g++ version 4.5.0 20090413 (experimental) [trunk revision 146003] (GCC)
=== gcc tests ===
Running target unix/-m32
XPASS: gcc.dg/Warray-bounds.c (test for warnings, line 59)
XPASS: gcc.dg/Warray-bounds.c (test for warnings, line 65)
XPASS: gcc.dg/struct/wo_prof_array_through_pointer.c scan-ipa-dump ipa_struct_reorg "Number of structures to transform is 1"
FAIL: compiler driver --help=undocumented option(s): This switch lacks documentation
=== gcc Summary for unix/-m32 ===
# of expected passes 56419
# of unexpected failures 1
# of unexpected successes 3
# of expected failures 145
# of unsupported tests 980
Running target unix
XPASS: gcc.dg/Warray-bounds.c (test for warnings, line 59)
XPASS: gcc.dg/Warray-bounds.c (test for warnings, line 65)
XPASS: gcc.dg/struct/wo_prof_array_through_pointer.c scan-ipa-dump ipa_struct_reorg "Number of structures to transform is 1"
FAIL: gcc.dg/tree-prof/bb-reorg.c compilation, -fprofile-use -D_PROFILE_USE
UNRESOLVED: gcc.dg/tree-prof/bb-reorg.c execution, -fprofile-use -D_PROFILE_USE
FAIL: gcc.dg/tree-prof/pr34999.c compilation, -fprofile-use -D_PROFILE_USE
UNRESOLVED: gcc.dg/tree-prof/pr34999.c execution, -fprofile-use -D_PROFILE_USE
FAIL: compiler driver --help option(s) (assembler options)
FAIL: compiler driver -v --help option(s) (assembler options)
FAIL: compiler driver -v --help option(s) (assembler options)
FAIL: compiler driver -v --help option(s) (assembler options)
FAIL: compiler driver --help=optimizers option(s) (assembler options)
FAIL: compiler driver --help=params option(s) (assembler options)
FAIL: compiler driver --help=C option(s) (assembler options)
FAIL: compiler driver --help=C++ option(s) (assembler options)
FAIL: compiler driver --help=common option(s) (assembler options)
FAIL: compiler driver --help=undocumented option(s) (compiler options)
FAIL: compiler driver --help=^undocumented option(s) (compiler options)
FAIL: compiler driver --help=target,undocumented option(s) (linker options)
FAIL: compiler driver --help=target,optimizers option(s) (linker options)
FAIL: compiler driver --help=warnings,^joined,^undocumented option(s) (linker options)
FAIL: compiler driver -Q -O2 --help=optimizers option(s) (compiler options)
FAIL: compiler driver -Q -O3 --help=optimizers option(s) (compiler options)
FAIL: compiler driver --help=params --help=optimizers option(s) (compiler options)
FAIL: compiler driver --help=joined option(s) (assembler options)
FAIL: compiler driver --help=separate option(s) (assembler options)
FAIL: compiler driver --help=warnings,joined option(s) (assembler options)
FAIL: compiler driver --help=warnings,^joined option(s) (assembler options)
FAIL: compiler driver --help=joined,separate option(s) (linker options)
FAIL: compiler driver --help=^joined,separate option(s) (linker options)
FAIL: compiler driver --help=joined,^separate option(s) (linker options)
FAIL: compiler driver --help=joined,undocumented option(s) (linker options)
FAIL: compiler driver --help=^joined,^separate option(s) (linker options)
=== gcc Summary for unix ===
# of expected passes 55947
# of unexpected failures 28
# of unexpected successes 3
# of expected failures 143
# of unresolved testcases 2
# of unsupported tests 1282
=== gcc Summary ===
# of expected passes 112366
# of unexpected failures 29
# of unexpected successes 6
# of expected failures 288
# of unresolved testcases 2
# of unsupported tests 2262
/home/jye2/gcc/build-daily/gcc/xgcc version 4.5.0 20090413 (experimental) [trunk revision 146003] (GCC)
=== gfortran tests ===
Running target unix/-m32
=== gfortran Summary for unix/-m32 ===
# of expected passes 30149
# of expected failures 11
# of unsupported tests 97
Running target unix
=== gfortran Summary for unix ===
# of expected passes 30262
# of expected failures 11
# of unsupported tests 44
=== gfortran Summary ===
# of expected passes 60411
# of expected failures 22
# of unsupported tests 141
/home/jye2/gcc/build-daily/gcc/testsuite/gfortran/../../gfortran version 4.5.0 20090413 (experimental) [trunk revision 146003] (GCC)
=== objc tests ===
Running target unix/-m32
=== objc Summary for unix/-m32 ===
# of expected passes 1872
# of expected failures 7
# of unsupported tests 24
Running target unix
=== objc Summary for unix ===
# of expected passes 1864
# of expected failures 15
# of unsupported tests 24
=== objc Summary ===
# of expected passes 3736
# of expected failures 22
# of unsupported tests 48
/home/jye2/gcc/build-daily/gcc/xgcc version 4.5.0 20090413 (experimental) [trunk revision 146003] (GCC)
=== libffi tests ===
Running target unix/-m32
=== libffi Summary for unix/-m32 ===
# of expected passes 1389
# of unsupported tests 10
Running target unix
=== libffi Summary for unix ===
# of expected passes 1389
# of unsupported tests 10
=== libffi Summary ===
# of expected passes 2778
# of unsupported tests 20
=== libgomp tests ===
Running target unix/-m32
=== libgomp Summary for unix/-m32 ===
# of expected passes 2406
Running target unix
=== libgomp Summary for unix ===
# of expected passes 2406
=== libgomp Summary ===
# of expected passes 4812
=== libjava tests ===
Running target unix/-m32
=== libjava Summary for unix/-m32 ===
# of expected passes 2574
Running target unix
=== libjava Summary for unix ===
# of expected passes 2574
=== libjava Summary ===
# of expected passes 5148
=== libmudflap tests ===
Running target unix/-m32
FAIL: libmudflap.c++/pass41-frag.cxx execution test
FAIL: libmudflap.c++/pass41-frag.cxx (-static) execution test
FAIL: libmudflap.c++/pass41-frag.cxx (-O2) execution test
FAIL: libmudflap.c++/pass41-frag.cxx (-O3) execution test
=== libmudflap Summary for unix/-m32 ===
# of expected passes 1890
# of unexpected failures 4
Running target unix
FAIL: libmudflap.c++/pass41-frag.cxx execution test
FAIL: libmudflap.c++/pass41-frag.cxx (-static) execution test
FAIL: libmudflap.c++/pass41-frag.cxx (-O2) execution test
FAIL: libmudflap.c++/pass41-frag.cxx (-O3) execution test
=== libmudflap Summary for unix ===
# of expected passes 1890
# of unexpected failures 4
=== libmudflap Summary ===
# of expected passes 3780
# of unexpected failures 8
=== libstdc++ tests ===
Running target unix/-m32
XPASS: 26_numerics/headers/cmath/c99_classification_macros_c.cc (test for excess errors)
=== libstdc++ Summary for unix/-m32 ===
# of expected passes 6709
# of unexpected successes 1
# of expected failures 82
# of unsupported tests 18
Running target unix
XPASS: 26_numerics/headers/cmath/c99_classification_macros_c.cc (test for excess errors)
=== libstdc++ Summary for unix ===
# of expected passes 6715
# of unexpected successes 1
# of expected failures 82
# of unsupported tests 15
=== libstdc++ Summary ===
# of expected passes 13424
# of unexpected successes 2
# of expected failures 164
# of unsupported tests 33
Compiler version: 4.5.0 20090413 (experimental) [trunk revision 146003] (GCC)
Platform: x86_64-unknown-linux-gnu
configure flags: --enable-clocale=gnu --with-system-zlib --enable-decimal-float=bid --with-demangler-in-ld --enable-shared --enable-threads=posix --enable-haifa --enable-checking=assert
More information about the Gcc-testresults
mailing list