Results for 4.5.0 20090406 (experimental) (GCC) testsuite on alphaev56-unknown-linux-gnu
uros@gcc11.fsffrance.org
uros@gcc11.fsffrance.org
Sat Apr 11 18:03:00 GMT 2009
Native configuration is alphaev56-unknown-linux-gnu
=== libffi tests ===
Running target unix
=== libffi Summary ===
# of expected passes 1389
# of unsupported tests 10
=== libgomp tests ===
Running target unix
=== libgomp Summary ===
# of expected passes 2390
=== libjava tests ===
Running target unix
FAIL: TestClosureGC run
FAIL: Array_3 execution - source compiled test
FAIL: Array_3 -findirect-dispatch execution - source compiled test
FAIL: Array_3 -O3 execution - source compiled test
FAIL: Array_3 -O3 -findirect-dispatch execution - source compiled test
FAIL: Invoke_1 execution - source compiled test
FAIL: Invoke_1 -findirect-dispatch execution - source compiled test
FAIL: Invoke_1 -O3 execution - source compiled test
FAIL: Invoke_1 -O3 -findirect-dispatch execution - source compiled test
FAIL: PR218 output - source compiled test
FAIL: PR218 -O3 output - source compiled test
FAIL: StackTrace2 execution - source compiled test
FAIL: StackTrace2 -findirect-dispatch execution - source compiled test
FAIL: StackTrace2 -O3 execution - source compiled test
FAIL: StackTrace2 -O3 -findirect-dispatch execution - source compiled test
FAIL: Throw_2 execution - source compiled test
FAIL: Throw_2 -findirect-dispatch execution - source compiled test
FAIL: Throw_2 -O3 execution - source compiled test
FAIL: Throw_2 -O3 -findirect-dispatch execution - source compiled test
FAIL: Throw_3 output - source compiled test
FAIL: Throw_3 -findirect-dispatch output - source compiled test
FAIL: Throw_3 -O3 output - source compiled test
FAIL: Throw_3 -O3 -findirect-dispatch output - source compiled test
FAIL: pr83 -findirect-dispatch execution - source compiled test
FAIL: pr83 -O3 -findirect-dispatch execution - source compiled test
=== libjava Summary ===
# of expected passes 2531
# of unexpected failures 25
# of untested testcases 19
=== libmudflap tests ===
Running target unix
FAIL: libmudflap.c++/pass41-frag.cxx execution test
FAIL: libmudflap.c++/pass41-frag.cxx (-static) execution test
FAIL: libmudflap.c++/pass41-frag.cxx (-O2) execution test
FAIL: libmudflap.c++/pass41-frag.cxx (-O3) execution test
WARNING: program timed out.
FAIL: libmudflap.cth/pass40-frag.c execution test
FAIL: libmudflap.cth/pass40-frag.c output pattern test
WARNING: program timed out.
FAIL: libmudflap.cth/pass40-frag.c (-static -DSTATIC) execution test
FAIL: libmudflap.cth/pass40-frag.c (-static -DSTATIC) output pattern test
WARNING: program timed out.
FAIL: libmudflap.cth/pass40-frag.c (-O2) execution test
FAIL: libmudflap.cth/pass40-frag.c (-O2) output pattern test
WARNING: program timed out.
FAIL: libmudflap.cth/pass40-frag.c (-O3) execution test
FAIL: libmudflap.cth/pass40-frag.c (-O3) output pattern test
=== libmudflap Summary ===
# of expected passes 1882
# of unexpected failures 12
=== libstdc++ tests ===
Running target unix
FAIL: 17_intro/headers/c++200x/all.cc (test for excess errors)
FAIL: 17_intro/headers/c++200x/all_multiple_inclusion.cc (test for excess errors)
FAIL: 17_intro/using_namespace_std_tr1_neg.cc (test for excess errors)
FAIL: 20_util/shared_ptr/thread/default_weaktoshared.cc (test for excess errors)
UNRESOLVED: 20_util/shared_ptr/thread/default_weaktoshared.cc compilation failed to produce executable
FAIL: 20_util/shared_ptr/thread/mutex_weaktoshared.cc (test for excess errors)
UNRESOLVED: 20_util/shared_ptr/thread/mutex_weaktoshared.cc compilation failed to produce executable
FAIL: 22_locale/time_get/get_date/wchar_t/4.cc execution test
XPASS: 26_numerics/headers/cmath/c99_classification_macros_c.cc (test for excess errors)
FAIL: 26_numerics/headers/random/types_std_c++0x.cc (test for excess errors)
FAIL: 26_numerics/random/bernoulli_distribution/cons/default.cc (test for excess errors)
UNRESOLVED: 26_numerics/random/bernoulli_distribution/cons/default.cc compilation failed to produce executable
FAIL: 26_numerics/random/bernoulli_distribution/cons/parms.cc (test for excess errors)
UNRESOLVED: 26_numerics/random/bernoulli_distribution/cons/parms.cc compilation failed to produce executable
FAIL: 26_numerics/random/bernoulli_distribution/operators/serialize.cc (test for excess errors)
UNRESOLVED: 26_numerics/random/bernoulli_distribution/operators/serialize.cc compilation failed to produce executable
FAIL: 26_numerics/random/bernoulli_distribution/requirements/typedefs.cc (test for excess errors)
FAIL: 26_numerics/random/binomial_distribution/cons/default.cc (test for excess errors)
UNRESOLVED: 26_numerics/random/binomial_distribution/cons/default.cc compilation failed to produce executable
FAIL: 26_numerics/random/binomial_distribution/cons/parms.cc (test for excess errors)
UNRESOLVED: 26_numerics/random/binomial_distribution/cons/parms.cc compilation failed to produce executable
FAIL: 26_numerics/random/binomial_distribution/operators/serialize.cc (test for excess errors)
UNRESOLVED: 26_numerics/random/binomial_distribution/operators/serialize.cc compilation failed to produce executable
FAIL: 26_numerics/random/binomial_distribution/requirements/typedefs.cc (test for excess errors)
FAIL: 26_numerics/random/cauchy_distribution/cons/default.cc (test for excess errors)
UNRESOLVED: 26_numerics/random/cauchy_distribution/cons/default.cc compilation failed to produce executable
FAIL: 26_numerics/random/cauchy_distribution/cons/parms.cc (test for excess errors)
UNRESOLVED: 26_numerics/random/cauchy_distribution/cons/parms.cc compilation failed to produce executable
FAIL: 26_numerics/random/cauchy_distribution/operators/serialize.cc (test for excess errors)
UNRESOLVED: 26_numerics/random/cauchy_distribution/operators/serialize.cc compilation failed to produce executable
FAIL: 26_numerics/random/cauchy_distribution/requirements/typedefs.cc (test for excess errors)
FAIL: 26_numerics/random/chi_squared_distribution/cons/default.cc (test for excess errors)
UNRESOLVED: 26_numerics/random/chi_squared_distribution/cons/default.cc compilation failed to produce executable
FAIL: 26_numerics/random/chi_squared_distribution/cons/parms.cc (test for excess errors)
UNRESOLVED: 26_numerics/random/chi_squared_distribution/cons/parms.cc compilation failed to produce executable
FAIL: 26_numerics/random/chi_squared_distribution/operators/serialize.cc (test for excess errors)
UNRESOLVED: 26_numerics/random/chi_squared_distribution/operators/serialize.cc compilation failed to produce executable
FAIL: 26_numerics/random/chi_squared_distribution/requirements/typedefs.cc (test for excess errors)
FAIL: 26_numerics/random/default_random_engine.cc (test for excess errors)
UNRESOLVED: 26_numerics/random/default_random_engine.cc compilation failed to produce executable
FAIL: 26_numerics/random/discard_block_engine/cons/base_copy.cc (test for excess errors)
UNRESOLVED: 26_numerics/random/discard_block_engine/cons/base_copy.cc compilation failed to produce executable
FAIL: 26_numerics/random/discard_block_engine/cons/base_move.cc (test for excess errors)
UNRESOLVED: 26_numerics/random/discard_block_engine/cons/base_move.cc compilation failed to produce executable
FAIL: 26_numerics/random/discard_block_engine/cons/default.cc (test for excess errors)
UNRESOLVED: 26_numerics/random/discard_block_engine/cons/default.cc compilation failed to produce executable
FAIL: 26_numerics/random/discard_block_engine/cons/seed1.cc (test for excess errors)
UNRESOLVED: 26_numerics/random/discard_block_engine/cons/seed1.cc compilation failed to produce executable
FAIL: 26_numerics/random/discard_block_engine/cons/seed2.cc (test for excess errors)
UNRESOLVED: 26_numerics/random/discard_block_engine/cons/seed2.cc compilation failed to produce executable
FAIL: 26_numerics/random/discard_block_engine/cons/seed_seq.cc (test for excess errors)
UNRESOLVED: 26_numerics/random/discard_block_engine/cons/seed_seq.cc compilation failed to produce executable
FAIL: 26_numerics/random/discard_block_engine/operators/equal.cc (test for excess errors)
UNRESOLVED: 26_numerics/random/discard_block_engine/operators/equal.cc compilation failed to produce executable
FAIL: 26_numerics/random/discard_block_engine/operators/serialize.cc (test for excess errors)
UNRESOLVED: 26_numerics/random/discard_block_engine/operators/serialize.cc compilation failed to produce executable
FAIL: 26_numerics/random/discard_block_engine/requirements/typedefs.cc (test for excess errors)
FAIL: 26_numerics/random/discrete_distribution/cons/default.cc (test for excess errors)
UNRESOLVED: 26_numerics/random/discrete_distribution/cons/default.cc compilation failed to produce executable
FAIL: 26_numerics/random/discrete_distribution/cons/initlist.cc (test for excess errors)
UNRESOLVED: 26_numerics/random/discrete_distribution/cons/initlist.cc compilation failed to produce executable
FAIL: 26_numerics/random/discrete_distribution/cons/num_xbound_fun.cc (test for excess errors)
UNRESOLVED: 26_numerics/random/discrete_distribution/cons/num_xbound_fun.cc compilation failed to produce executable
FAIL: 26_numerics/random/discrete_distribution/cons/range.cc (test for excess errors)
UNRESOLVED: 26_numerics/random/discrete_distribution/cons/range.cc compilation failed to produce executable
FAIL: 26_numerics/random/discrete_distribution/operators/serialize.cc (test for excess errors)
UNRESOLVED: 26_numerics/random/discrete_distribution/operators/serialize.cc compilation failed to produce executable
FAIL: 26_numerics/random/discrete_distribution/requirements/typedefs.cc (test for excess errors)
FAIL: 26_numerics/random/exponential_distribution/cons/default.cc (test for excess errors)
UNRESOLVED: 26_numerics/random/exponential_distribution/cons/default.cc compilation failed to produce executable
FAIL: 26_numerics/random/exponential_distribution/cons/parms.cc (test for excess errors)
UNRESOLVED: 26_numerics/random/exponential_distribution/cons/parms.cc compilation failed to produce executable
FAIL: 26_numerics/random/exponential_distribution/operators/serialize.cc (test for excess errors)
UNRESOLVED: 26_numerics/random/exponential_distribution/operators/serialize.cc compilation failed to produce executable
FAIL: 26_numerics/random/exponential_distribution/requirements/typedefs.cc (test for excess errors)
FAIL: 26_numerics/random/extreme_value_distribution/cons/default.cc (test for excess errors)
UNRESOLVED: 26_numerics/random/extreme_value_distribution/cons/default.cc compilation failed to produce executable
FAIL: 26_numerics/random/extreme_value_distribution/cons/parms.cc (test for excess errors)
UNRESOLVED: 26_numerics/random/extreme_value_distribution/cons/parms.cc compilation failed to produce executable
FAIL: 26_numerics/random/extreme_value_distribution/operators/serialize.cc (test for excess errors)
UNRESOLVED: 26_numerics/random/extreme_value_distribution/operators/serialize.cc compilation failed to produce executable
FAIL: 26_numerics/random/extreme_value_distribution/requirements/typedefs.cc (test for excess errors)
FAIL: 26_numerics/random/fisher_f_distribution/cons/default.cc (test for excess errors)
UNRESOLVED: 26_numerics/random/fisher_f_distribution/cons/default.cc compilation failed to produce executable
FAIL: 26_numerics/random/fisher_f_distribution/cons/parms.cc (test for excess errors)
UNRESOLVED: 26_numerics/random/fisher_f_distribution/cons/parms.cc compilation failed to produce executable
FAIL: 26_numerics/random/fisher_f_distribution/operators/serialize.cc (test for excess errors)
UNRESOLVED: 26_numerics/random/fisher_f_distribution/operators/serialize.cc compilation failed to produce executable
FAIL: 26_numerics/random/fisher_f_distribution/requirements/typedefs.cc (test for excess errors)
FAIL: 26_numerics/random/gamma_distribution/cons/default.cc (test for excess errors)
UNRESOLVED: 26_numerics/random/gamma_distribution/cons/default.cc compilation failed to produce executable
FAIL: 26_numerics/random/gamma_distribution/cons/parms.cc (test for excess errors)
UNRESOLVED: 26_numerics/random/gamma_distribution/cons/parms.cc compilation failed to produce executable
FAIL: 26_numerics/random/gamma_distribution/operators/serialize.cc (test for excess errors)
UNRESOLVED: 26_numerics/random/gamma_distribution/operators/serialize.cc compilation failed to produce executable
FAIL: 26_numerics/random/gamma_distribution/requirements/typedefs.cc (test for excess errors)
FAIL: 26_numerics/random/geometric_distribution/cons/default.cc (test for excess errors)
UNRESOLVED: 26_numerics/random/geometric_distribution/cons/default.cc compilation failed to produce executable
FAIL: 26_numerics/random/geometric_distribution/cons/parms.cc (test for excess errors)
UNRESOLVED: 26_numerics/random/geometric_distribution/cons/parms.cc compilation failed to produce executable
FAIL: 26_numerics/random/geometric_distribution/operators/serialize.cc (test for excess errors)
UNRESOLVED: 26_numerics/random/geometric_distribution/operators/serialize.cc compilation failed to produce executable
FAIL: 26_numerics/random/geometric_distribution/requirements/typedefs.cc (test for excess errors)
FAIL: 26_numerics/random/independent_bits_engine/cons/base_copy.cc (test for excess errors)
UNRESOLVED: 26_numerics/random/independent_bits_engine/cons/base_copy.cc compilation failed to produce executable
FAIL: 26_numerics/random/independent_bits_engine/cons/base_move.cc (test for excess errors)
UNRESOLVED: 26_numerics/random/independent_bits_engine/cons/base_move.cc compilation failed to produce executable
FAIL: 26_numerics/random/independent_bits_engine/cons/default.cc (test for excess errors)
UNRESOLVED: 26_numerics/random/independent_bits_engine/cons/default.cc compilation failed to produce executable
FAIL: 26_numerics/random/independent_bits_engine/cons/seed1.cc (test for excess errors)
UNRESOLVED: 26_numerics/random/independent_bits_engine/cons/seed1.cc compilation failed to produce executable
FAIL: 26_numerics/random/independent_bits_engine/cons/seed2.cc (test for excess errors)
UNRESOLVED: 26_numerics/random/independent_bits_engine/cons/seed2.cc compilation failed to produce executable
FAIL: 26_numerics/random/independent_bits_engine/cons/seed_seq.cc (test for excess errors)
UNRESOLVED: 26_numerics/random/independent_bits_engine/cons/seed_seq.cc compilation failed to produce executable
FAIL: 26_numerics/random/independent_bits_engine/operators/equal.cc (test for excess errors)
UNRESOLVED: 26_numerics/random/independent_bits_engine/operators/equal.cc compilation failed to produce executable
FAIL: 26_numerics/random/independent_bits_engine/operators/serialize.cc (test for excess errors)
UNRESOLVED: 26_numerics/random/independent_bits_engine/operators/serialize.cc compilation failed to produce executable
FAIL: 26_numerics/random/independent_bits_engine/requirements/typedefs.cc (test for excess errors)
FAIL: 26_numerics/random/knuth_b.cc (test for excess errors)
UNRESOLVED: 26_numerics/random/knuth_b.cc compilation failed to produce executable
FAIL: 26_numerics/random/linear_congruential_engine/cons/default.cc (test for excess errors)
UNRESOLVED: 26_numerics/random/linear_congruential_engine/cons/default.cc compilation failed to produce executable
FAIL: 26_numerics/random/linear_congruential_engine/cons/seed1.cc (test for excess errors)
UNRESOLVED: 26_numerics/random/linear_congruential_engine/cons/seed1.cc compilation failed to produce executable
FAIL: 26_numerics/random/linear_congruential_engine/cons/seed2.cc (test for excess errors)
UNRESOLVED: 26_numerics/random/linear_congruential_engine/cons/seed2.cc compilation failed to produce executable
FAIL: 26_numerics/random/linear_congruential_engine/operators/equal.cc (test for excess errors)
UNRESOLVED: 26_numerics/random/linear_congruential_engine/operators/equal.cc compilation failed to produce executable
FAIL: 26_numerics/random/linear_congruential_engine/operators/serialize.cc (test for excess errors)
UNRESOLVED: 26_numerics/random/linear_congruential_engine/operators/serialize.cc compilation failed to produce executable
FAIL: 26_numerics/random/linear_congruential_engine/requirements/non_uint_neg.cc (test for excess errors)
FAIL: 26_numerics/random/linear_congruential_engine/requirements/typedefs.cc (test for excess errors)
FAIL: 26_numerics/random/lognormal_distribution/cons/default.cc (test for excess errors)
UNRESOLVED: 26_numerics/random/lognormal_distribution/cons/default.cc compilation failed to produce executable
FAIL: 26_numerics/random/lognormal_distribution/cons/parms.cc (test for excess errors)
UNRESOLVED: 26_numerics/random/lognormal_distribution/cons/parms.cc compilation failed to produce executable
FAIL: 26_numerics/random/lognormal_distribution/operators/serialize.cc (test for excess errors)
UNRESOLVED: 26_numerics/random/lognormal_distribution/operators/serialize.cc compilation failed to produce executable
FAIL: 26_numerics/random/lognormal_distribution/requirements/typedefs.cc (test for excess errors)
FAIL: 26_numerics/random/mersenne_twister_engine/cons/default.cc (test for excess errors)
UNRESOLVED: 26_numerics/random/mersenne_twister_engine/cons/default.cc compilation failed to produce executable
FAIL: 26_numerics/random/mersenne_twister_engine/cons/seed1.cc (test for excess errors)
UNRESOLVED: 26_numerics/random/mersenne_twister_engine/cons/seed1.cc compilation failed to produce executable
FAIL: 26_numerics/random/mersenne_twister_engine/cons/seed2.cc (test for excess errors)
UNRESOLVED: 26_numerics/random/mersenne_twister_engine/cons/seed2.cc compilation failed to produce executable
FAIL: 26_numerics/random/mersenne_twister_engine/operators/equal.cc (test for excess errors)
UNRESOLVED: 26_numerics/random/mersenne_twister_engine/operators/equal.cc compilation failed to produce executable
FAIL: 26_numerics/random/mersenne_twister_engine/operators/serialize.cc (test for excess errors)
UNRESOLVED: 26_numerics/random/mersenne_twister_engine/operators/serialize.cc compilation failed to produce executable
FAIL: 26_numerics/random/mersenne_twister_engine/requirements/typedefs.cc (test for excess errors)
FAIL: 26_numerics/random/minstd_rand.cc (test for excess errors)
UNRESOLVED: 26_numerics/random/minstd_rand.cc compilation failed to produce executable
FAIL: 26_numerics/random/minstd_rand0.cc (test for excess errors)
UNRESOLVED: 26_numerics/random/minstd_rand0.cc compilation failed to produce executable
FAIL: 26_numerics/random/mt19937.cc (test for excess errors)
UNRESOLVED: 26_numerics/random/mt19937.cc compilation failed to produce executable
FAIL: 26_numerics/random/mt19937_64.cc (test for excess errors)
UNRESOLVED: 26_numerics/random/mt19937_64.cc compilation failed to produce executable
FAIL: 26_numerics/random/negative_binomial_distribution/cons/default.cc (test for excess errors)
UNRESOLVED: 26_numerics/random/negative_binomial_distribution/cons/default.cc compilation failed to produce executable
FAIL: 26_numerics/random/negative_binomial_distribution/cons/parms.cc (test for excess errors)
UNRESOLVED: 26_numerics/random/negative_binomial_distribution/cons/parms.cc compilation failed to produce executable
FAIL: 26_numerics/random/negative_binomial_distribution/operators/serialize.cc (test for excess errors)
UNRESOLVED: 26_numerics/random/negative_binomial_distribution/operators/serialize.cc compilation failed to produce executable
FAIL: 26_numerics/random/negative_binomial_distribution/requirements/typedefs.cc (test for excess errors)
FAIL: 26_numerics/random/normal_distribution/cons/default.cc (test for excess errors)
UNRESOLVED: 26_numerics/random/normal_distribution/cons/default.cc compilation failed to produce executable
FAIL: 26_numerics/random/normal_distribution/cons/parms.cc (test for excess errors)
UNRESOLVED: 26_numerics/random/normal_distribution/cons/parms.cc compilation failed to produce executable
FAIL: 26_numerics/random/normal_distribution/operators/serialize.cc (test for excess errors)
UNRESOLVED: 26_numerics/random/normal_distribution/operators/serialize.cc compilation failed to produce executable
FAIL: 26_numerics/random/normal_distribution/requirements/typedefs.cc (test for excess errors)
FAIL: 26_numerics/random/piecewise_constant_distribution/cons/default.cc (test for excess errors)
UNRESOLVED: 26_numerics/random/piecewise_constant_distribution/cons/default.cc compilation failed to produce executable
FAIL: 26_numerics/random/piecewise_constant_distribution/cons/initlist_fun.cc (test for excess errors)
UNRESOLVED: 26_numerics/random/piecewise_constant_distribution/cons/initlist_fun.cc compilation failed to produce executable
FAIL: 26_numerics/random/piecewise_constant_distribution/cons/num_xbound_fun.cc (test for excess errors)
UNRESOLVED: 26_numerics/random/piecewise_constant_distribution/cons/num_xbound_fun.cc compilation failed to produce executable
FAIL: 26_numerics/random/piecewise_constant_distribution/cons/range.cc (test for excess errors)
UNRESOLVED: 26_numerics/random/piecewise_constant_distribution/cons/range.cc compilation failed to produce executable
FAIL: 26_numerics/random/piecewise_constant_distribution/operators/serialize.cc (test for excess errors)
UNRESOLVED: 26_numerics/random/piecewise_constant_distribution/operators/serialize.cc compilation failed to produce executable
FAIL: 26_numerics/random/piecewise_constant_distribution/requirements/typedefs.cc (test for excess errors)
FAIL: 26_numerics/random/piecewise_linear_distribution/cons/default.cc (test for excess errors)
UNRESOLVED: 26_numerics/random/piecewise_linear_distribution/cons/default.cc compilation failed to produce executable
FAIL: 26_numerics/random/piecewise_linear_distribution/cons/initlist_fun.cc (test for excess errors)
UNRESOLVED: 26_numerics/random/piecewise_linear_distribution/cons/initlist_fun.cc compilation failed to produce executable
FAIL: 26_numerics/random/piecewise_linear_distribution/cons/num_xbound_fun.cc (test for excess errors)
UNRESOLVED: 26_numerics/random/piecewise_linear_distribution/cons/num_xbound_fun.cc compilation failed to produce executable
FAIL: 26_numerics/random/piecewise_linear_distribution/cons/range.cc (test for excess errors)
UNRESOLVED: 26_numerics/random/piecewise_linear_distribution/cons/range.cc compilation failed to produce executable
FAIL: 26_numerics/random/piecewise_linear_distribution/operators/serialize.cc (test for excess errors)
UNRESOLVED: 26_numerics/random/piecewise_linear_distribution/operators/serialize.cc compilation failed to produce executable
FAIL: 26_numerics/random/piecewise_linear_distribution/requirements/typedefs.cc (test for excess errors)
FAIL: 26_numerics/random/poisson_distribution/cons/default.cc (test for excess errors)
UNRESOLVED: 26_numerics/random/poisson_distribution/cons/default.cc compilation failed to produce executable
FAIL: 26_numerics/random/poisson_distribution/cons/parms.cc (test for excess errors)
UNRESOLVED: 26_numerics/random/poisson_distribution/cons/parms.cc compilation failed to produce executable
FAIL: 26_numerics/random/poisson_distribution/operators/serialize.cc (test for excess errors)
UNRESOLVED: 26_numerics/random/poisson_distribution/operators/serialize.cc compilation failed to produce executable
FAIL: 26_numerics/random/poisson_distribution/requirements/typedefs.cc (test for excess errors)
FAIL: 26_numerics/random/random_device/cons/default.cc (test for excess errors)
UNRESOLVED: 26_numerics/random/random_device/cons/default.cc compilation failed to produce executable
FAIL: 26_numerics/random/random_device/cons/token.cc (test for excess errors)
UNRESOLVED: 26_numerics/random/random_device/cons/token.cc compilation failed to produce executable
FAIL: 26_numerics/random/random_device/requirements/typedefs.cc (test for excess errors)
FAIL: 26_numerics/random/ranlux24.cc (test for excess errors)
UNRESOLVED: 26_numerics/random/ranlux24.cc compilation failed to produce executable
FAIL: 26_numerics/random/ranlux24_base.cc (test for excess errors)
UNRESOLVED: 26_numerics/random/ranlux24_base.cc compilation failed to produce executable
FAIL: 26_numerics/random/ranlux48.cc (test for excess errors)
UNRESOLVED: 26_numerics/random/ranlux48.cc compilation failed to produce executable
FAIL: 26_numerics/random/ranlux48_base.cc (test for excess errors)
UNRESOLVED: 26_numerics/random/ranlux48_base.cc compilation failed to produce executable
FAIL: 26_numerics/random/seed_seq/cons/default.cc (test for excess errors)
UNRESOLVED: 26_numerics/random/seed_seq/cons/default.cc compilation failed to produce executable
FAIL: 26_numerics/random/seed_seq/cons/initlist.cc (test for excess errors)
UNRESOLVED: 26_numerics/random/seed_seq/cons/initlist.cc compilation failed to produce executable
FAIL: 26_numerics/random/seed_seq/cons/range.cc (test for excess errors)
UNRESOLVED: 26_numerics/random/seed_seq/cons/range.cc compilation failed to produce executable
FAIL: 26_numerics/random/seed_seq/requirements/typedefs.cc (test for excess errors)
FAIL: 26_numerics/random/shuffle_order_engine/cons/base_copy.cc (test for excess errors)
UNRESOLVED: 26_numerics/random/shuffle_order_engine/cons/base_copy.cc compilation failed to produce executable
FAIL: 26_numerics/random/shuffle_order_engine/cons/base_move.cc (test for excess errors)
UNRESOLVED: 26_numerics/random/shuffle_order_engine/cons/base_move.cc compilation failed to produce executable
FAIL: 26_numerics/random/shuffle_order_engine/cons/default.cc (test for excess errors)
UNRESOLVED: 26_numerics/random/shuffle_order_engine/cons/default.cc compilation failed to produce executable
FAIL: 26_numerics/random/shuffle_order_engine/cons/seed1.cc (test for excess errors)
UNRESOLVED: 26_numerics/random/shuffle_order_engine/cons/seed1.cc compilation failed to produce executable
FAIL: 26_numerics/random/shuffle_order_engine/cons/seed2.cc (test for excess errors)
UNRESOLVED: 26_numerics/random/shuffle_order_engine/cons/seed2.cc compilation failed to produce executable
FAIL: 26_numerics/random/shuffle_order_engine/cons/seed_seq.cc (test for excess errors)
UNRESOLVED: 26_numerics/random/shuffle_order_engine/cons/seed_seq.cc compilation failed to produce executable
FAIL: 26_numerics/random/shuffle_order_engine/operators/equal.cc (test for excess errors)
UNRESOLVED: 26_numerics/random/shuffle_order_engine/operators/equal.cc compilation failed to produce executable
FAIL: 26_numerics/random/shuffle_order_engine/operators/serialize.cc (test for excess errors)
UNRESOLVED: 26_numerics/random/shuffle_order_engine/operators/serialize.cc compilation failed to produce executable
FAIL: 26_numerics/random/shuffle_order_engine/requirements/typedefs.cc (test for excess errors)
FAIL: 26_numerics/random/student_t_distribution/cons/default.cc (test for excess errors)
UNRESOLVED: 26_numerics/random/student_t_distribution/cons/default.cc compilation failed to produce executable
FAIL: 26_numerics/random/student_t_distribution/cons/parms.cc (test for excess errors)
UNRESOLVED: 26_numerics/random/student_t_distribution/cons/parms.cc compilation failed to produce executable
FAIL: 26_numerics/random/student_t_distribution/operators/serialize.cc (test for excess errors)
UNRESOLVED: 26_numerics/random/student_t_distribution/operators/serialize.cc compilation failed to produce executable
FAIL: 26_numerics/random/student_t_distribution/requirements/typedefs.cc (test for excess errors)
FAIL: 26_numerics/random/subtract_with_carry_engine/cons/default.cc (test for excess errors)
UNRESOLVED: 26_numerics/random/subtract_with_carry_engine/cons/default.cc compilation failed to produce executable
FAIL: 26_numerics/random/subtract_with_carry_engine/cons/seed1.cc (test for excess errors)
UNRESOLVED: 26_numerics/random/subtract_with_carry_engine/cons/seed1.cc compilation failed to produce executable
FAIL: 26_numerics/random/subtract_with_carry_engine/cons/seed2.cc (test for excess errors)
UNRESOLVED: 26_numerics/random/subtract_with_carry_engine/cons/seed2.cc compilation failed to produce executable
FAIL: 26_numerics/random/subtract_with_carry_engine/operators/equal.cc (test for excess errors)
UNRESOLVED: 26_numerics/random/subtract_with_carry_engine/operators/equal.cc compilation failed to produce executable
FAIL: 26_numerics/random/subtract_with_carry_engine/operators/serialize.cc (test for excess errors)
UNRESOLVED: 26_numerics/random/subtract_with_carry_engine/operators/serialize.cc compilation failed to produce executable
FAIL: 26_numerics/random/subtract_with_carry_engine/requirements/typedefs.cc (test for excess errors)
FAIL: 26_numerics/random/uniform_int_distribution/cons/default.cc (test for excess errors)
UNRESOLVED: 26_numerics/random/uniform_int_distribution/cons/default.cc compilation failed to produce executable
FAIL: 26_numerics/random/uniform_int_distribution/cons/parms.cc (test for excess errors)
UNRESOLVED: 26_numerics/random/uniform_int_distribution/cons/parms.cc compilation failed to produce executable
FAIL: 26_numerics/random/uniform_int_distribution/cons/parms_neg.cc (test for excess errors)
UNRESOLVED: 26_numerics/random/uniform_int_distribution/cons/parms_neg.cc compilation failed to produce executable
FAIL: 26_numerics/random/uniform_int_distribution/operators/serialize.cc (test for excess errors)
UNRESOLVED: 26_numerics/random/uniform_int_distribution/operators/serialize.cc compilation failed to produce executable
FAIL: 26_numerics/random/uniform_int_distribution/requirements/typedefs.cc (test for excess errors)
FAIL: 26_numerics/random/uniform_real_distribution/cons/default.cc (test for excess errors)
UNRESOLVED: 26_numerics/random/uniform_real_distribution/cons/default.cc compilation failed to produce executable
FAIL: 26_numerics/random/uniform_real_distribution/cons/parms.cc (test for excess errors)
UNRESOLVED: 26_numerics/random/uniform_real_distribution/cons/parms.cc compilation failed to produce executable
FAIL: 26_numerics/random/uniform_real_distribution/cons/parms_neg.cc (test for excess errors)
UNRESOLVED: 26_numerics/random/uniform_real_distribution/cons/parms_neg.cc compilation failed to produce executable
FAIL: 26_numerics/random/uniform_real_distribution/operators/serialize.cc (test for excess errors)
UNRESOLVED: 26_numerics/random/uniform_real_distribution/operators/serialize.cc compilation failed to produce executable
FAIL: 26_numerics/random/uniform_real_distribution/requirements/typedefs.cc (test for excess errors)
FAIL: 26_numerics/random/weibull_distribution/cons/default.cc (test for excess errors)
UNRESOLVED: 26_numerics/random/weibull_distribution/cons/default.cc compilation failed to produce executable
FAIL: 26_numerics/random/weibull_distribution/cons/parms.cc (test for excess errors)
UNRESOLVED: 26_numerics/random/weibull_distribution/cons/parms.cc compilation failed to produce executable
FAIL: 26_numerics/random/weibull_distribution/operators/serialize.cc (test for excess errors)
UNRESOLVED: 26_numerics/random/weibull_distribution/operators/serialize.cc compilation failed to produce executable
FAIL: 26_numerics/random/weibull_distribution/requirements/typedefs.cc (test for excess errors)
FAIL: ext/pb_ds/regression/tree_no_data_map_rand.cc execution test
=== libstdc++ Summary ===
# of expected passes 6470
# of unexpected failures 159
# of unexpected successes 1
# of expected failures 80
# of unresolved testcases 124
# of unsupported tests 15
=== gcc tests ===
Running target unix
FAIL: gcc.dg/cpp/_Pragma3.c -fno-show-column (test for excess errors)
WARNING: program timed out.
FAIL: gcc.dg/20020425-1.c (test for excess errors)
FAIL: gcc.dg/cleanup-10.c execution test
FAIL: gcc.dg/cleanup-11.c execution test
FAIL: gcc.dg/cleanup-8.c execution test
FAIL: gcc.dg/cleanup-9.c execution test
FAIL: gcc.dg/pr39323-2.c (test for excess errors)
FAIL: gcc.dg/pr39323-2.c scan-assembler .align[\\\\t ]*268435456
FAIL: gcc.dg/pr39323-3.c (test for excess errors)
FAIL: gcc.dg/pr39323-3.c scan-assembler .align[\\\\t ]*268435456
=== gcc Summary ===
# of expected passes 50028
# of unexpected failures 10
# of expected failures 76
# of unsupported tests 502
/home/uros/gcc-build/gcc/xgcc version 4.5.0 20090406 (experimental) (GCC)
=== gfortran tests ===
Running target unix
WARNING: program timed out.
FAIL: gfortran.dg/cray_pointers_2.f90 -O3 -fomit-frame-pointer (test for excess errors)
UNRESOLVED: gfortran.dg/cray_pointers_2.f90 -O3 -fomit-frame-pointer compilation failed to produce executable
WARNING: program timed out.
FAIL: gfortran.dg/cray_pointers_2.f90 -O3 -fomit-frame-pointer -funroll-loops (test for excess errors)
UNRESOLVED: gfortran.dg/cray_pointers_2.f90 -O3 -fomit-frame-pointer -funroll-loops compilation failed to produce executable
WARNING: program timed out.
FAIL: gfortran.dg/cray_pointers_2.f90 -O3 -fomit-frame-pointer -funroll-all-loops -finline-functions (test for excess errors)
UNRESOLVED: gfortran.dg/cray_pointers_2.f90 -O3 -fomit-frame-pointer -funroll-all-loops -finline-functions compilation failed to produce executable
WARNING: program timed out.
FAIL: gfortran.dg/cray_pointers_2.f90 -O3 -g (test for excess errors)
UNRESOLVED: gfortran.dg/cray_pointers_2.f90 -O3 -g compilation failed to produce executable
=== gfortran Summary ===
# of expected passes 29445
# of unexpected failures 4
# of expected failures 19
# of unresolved testcases 4
# of unsupported tests 46
/home/uros/gcc-build/gcc/testsuite/gfortran/../../gfortran version 4.5.0 20090406 (experimental) (GCC)
=== g++ tests ===
Running target unix
FAIL: g++.dg/ext/cleanup-10.C execution test
FAIL: g++.dg/ext/cleanup-11.C execution test
FAIL: g++.dg/ext/cleanup-8.C execution test
FAIL: g++.dg/ext/cleanup-9.C execution test
=== g++ Summary ===
# of expected passes 19069
# of unexpected failures 4
# of expected failures 142
# of unsupported tests 159
/home/uros/gcc-build/gcc/testsuite/g++/../../g++ version 4.5.0 20090406 (experimental) (GCC)
=== objc tests ===
Running target unix
FAIL: objc/execute/forward-1.m execution, -O0 -fgnu-runtime
FAIL: objc/execute/forward-1.m execution, -O1 -fgnu-runtime
FAIL: objc/execute/forward-1.m execution, -O2 -fgnu-runtime
FAIL: objc/execute/forward-1.m execution, -O3 -fomit-frame-pointer -fgnu-runtime
FAIL: objc/execute/forward-1.m execution, -O3 -fomit-frame-pointer -funroll-loops -fgnu-runtime
FAIL: objc/execute/forward-1.m execution, -O3 -fomit-frame-pointer -funroll-all-loops -finline-functions -fgnu-runtime
FAIL: objc/execute/forward-1.m execution, -O3 -g -fgnu-runtime
FAIL: objc/execute/forward-1.m execution, -Os -fgnu-runtime
=== objc Summary ===
# of expected passes 1862
# of unexpected failures 8
# of expected failures 7
# of unsupported tests 25
/home/uros/gcc-build/gcc/xgcc version 4.5.0 20090406 (experimental) (GCC)
Compiler version: 4.5.0 20090406 (experimental) (GCC)
Platform: alphaev56-unknown-linux-gnu
BOOT_CFLAGS=-g -O2
More information about the Gcc-testresults
mailing list