Results for 4.5.0 20090409 (experimental) [trunk revision 145863] (GCC) testsuite on i686-pc-linux-gnu
H.J. Lu ia32
hjl@gnu-31.sc.intel.com
Fri Apr 10 01:36:00 GMT 2009
LAST_UPDATED: Thu Apr 9 22:57:14 UTC 2009 (revision 145863)
Native configuration is i686-pc-linux-gnu
=== g++ tests ===
Running target unix
FAIL: g++.dg/tree-ssa/pr31146-2.C scan-tree-dump forwprop1 "Replaced .* != 0B. with .1"
=== g++ Summary ===
# of expected passes 19743
# of unexpected failures 1
# of expected failures 142
# of unsupported tests 100
/export/gnu/import/svn/gcc-test/bld/gcc/testsuite/g++/../../g++ version 4.5.0 20090409 (experimental) [trunk revision 145863] (GCC)
=== gcc tests ===
Running target unix
XPASS: gcc.dg/Warray-bounds.c (test for warnings, line 59)
XPASS: gcc.dg/Warray-bounds.c (test for warnings, line 65)
FAIL: gcc.dg/pr36901-1.c (test for excess errors)
FAIL: gcc.dg/pr36901-2.c (test for excess errors)
FAIL: gcc.dg/pr36901-3.c (test for excess errors)
FAIL: gcc.dg/pr36901-4.c (test for excess errors)
XPASS: gcc.dg/struct/wo_prof_array_through_pointer.c scan-ipa-dump ipa_struct_reorg "Number of structures to transform is 1"
FAIL: gcc.dg/tree-ssa/20030807-2.c scan-tree-dump-times dom2 "if " 0
FAIL: gcc.dg/tree-ssa/forwprop-4.c scan-tree-dump-not forwprop1 "link_error"
=== gcc Summary ===
# of expected passes 57478
# of unexpected failures 6
# of unexpected successes 3
# of expected failures 146
# of unsupported tests 436
/export/gnu/import/svn/gcc-test/bld/gcc/xgcc version 4.5.0 20090409 (experimental) [trunk revision 145863] (GCC)
=== gfortran tests ===
Running target unix
FAIL: gfortran.dg/alloc_comp_basics_2.f90 -O0 (internal compiler error)
FAIL: gfortran.dg/alloc_comp_basics_2.f90 -O0 (test for excess errors)
WARNING: gfortran.dg/alloc_comp_basics_2.f90 -O0 compilation failed to produce executable
FAIL: gfortran.dg/alloc_comp_basics_2.f90 -O1 (internal compiler error)
FAIL: gfortran.dg/alloc_comp_basics_2.f90 -O1 (test for excess errors)
WARNING: gfortran.dg/alloc_comp_basics_2.f90 -O1 compilation failed to produce executable
FAIL: gfortran.dg/alloc_comp_basics_5.f90 -O0 (internal compiler error)
FAIL: gfortran.dg/alloc_comp_basics_5.f90 -O0 (test for excess errors)
WARNING: gfortran.dg/alloc_comp_basics_5.f90 -O0 compilation failed to produce executable
FAIL: gfortran.dg/alloc_comp_basics_5.f90 -O1 (internal compiler error)
FAIL: gfortran.dg/alloc_comp_basics_5.f90 -O1 (test for excess errors)
WARNING: gfortran.dg/alloc_comp_basics_5.f90 -O1 compilation failed to produce executable
FAIL: gfortran.dg/alloc_comp_initializer_1.f90 -O0 (internal compiler error)
FAIL: gfortran.dg/alloc_comp_initializer_1.f90 -O0 (test for excess errors)
WARNING: gfortran.dg/alloc_comp_initializer_1.f90 -O0 compilation failed to produce executable
FAIL: gfortran.dg/alloc_comp_initializer_1.f90 -O1 (internal compiler error)
FAIL: gfortran.dg/alloc_comp_initializer_1.f90 -O1 (test for excess errors)
WARNING: gfortran.dg/alloc_comp_initializer_1.f90 -O1 compilation failed to produce executable
FAIL: gfortran.dg/allocate_alloc_opt_3.f90 -O0 (internal compiler error)
FAIL: gfortran.dg/allocate_alloc_opt_3.f90 -O0 (test for excess errors)
WARNING: gfortran.dg/allocate_alloc_opt_3.f90 -O0 compilation failed to produce executable
FAIL: gfortran.dg/allocate_alloc_opt_3.f90 -O1 (internal compiler error)
FAIL: gfortran.dg/allocate_alloc_opt_3.f90 -O1 (test for excess errors)
WARNING: gfortran.dg/allocate_alloc_opt_3.f90 -O1 compilation failed to produce executable
FAIL: gfortran.dg/allocate_stat.f90 -O (internal compiler error)
FAIL: gfortran.dg/allocate_stat.f90 -O (test for errors, line 41)
FAIL: gfortran.dg/allocate_stat.f90 -O (test for errors, line 54)
FAIL: gfortran.dg/allocate_stat.f90 -O (test for errors, line 71)
FAIL: gfortran.dg/allocate_stat.f90 -O (test for errors, line 73)
FAIL: gfortran.dg/allocate_stat.f90 -O (test for excess errors)
FAIL: gfortran.dg/char_array_structure_constructor.f90 -O0 (internal compiler error)
FAIL: gfortran.dg/char_array_structure_constructor.f90 -O0 (test for excess errors)
WARNING: gfortran.dg/char_array_structure_constructor.f90 -O0 compilation failed to produce executable
FAIL: gfortran.dg/char_array_structure_constructor.f90 -O1 (internal compiler error)
FAIL: gfortran.dg/char_array_structure_constructor.f90 -O1 (test for excess errors)
WARNING: gfortran.dg/char_array_structure_constructor.f90 -O1 compilation failed to produce executable
FAIL: gfortran.dg/host_assoc_variable_1.f90 -O (internal compiler error)
FAIL: gfortran.dg/host_assoc_variable_1.f90 -O (test for excess errors)
FAIL: gfortran.dg/implicit_11.f90 -O (internal compiler error)
FAIL: gfortran.dg/implicit_11.f90 -O (test for errors, line 34)
FAIL: gfortran.dg/implicit_11.f90 -O (test for excess errors)
FAIL: gfortran.dg/move_alloc.f90 -O0 (internal compiler error)
FAIL: gfortran.dg/move_alloc.f90 -O0 (test for excess errors)
WARNING: gfortran.dg/move_alloc.f90 -O0 compilation failed to produce executable
FAIL: gfortran.dg/move_alloc.f90 -O1 (internal compiler error)
FAIL: gfortran.dg/move_alloc.f90 -O1 (test for excess errors)
WARNING: gfortran.dg/move_alloc.f90 -O1 compilation failed to produce executable
FAIL: gfortran.dg/multiple_allocation_1.f90 -O0 (internal compiler error)
FAIL: gfortran.dg/multiple_allocation_1.f90 -O0 (test for excess errors)
WARNING: gfortran.dg/multiple_allocation_1.f90 -O0 compilation failed to produce executable
FAIL: gfortran.dg/multiple_allocation_1.f90 -O1 (internal compiler error)
FAIL: gfortran.dg/multiple_allocation_1.f90 -O1 (test for excess errors)
WARNING: gfortran.dg/multiple_allocation_1.f90 -O1 compilation failed to produce executable
FAIL: gfortran.dg/nullify_3.f90 -O0 (internal compiler error)
FAIL: gfortran.dg/nullify_3.f90 -O0 (test for excess errors)
WARNING: gfortran.dg/nullify_3.f90 -O0 compilation failed to produce executable
FAIL: gfortran.dg/nullify_3.f90 -O1 (internal compiler error)
FAIL: gfortran.dg/nullify_3.f90 -O1 (test for excess errors)
WARNING: gfortran.dg/nullify_3.f90 -O1 compilation failed to produce executable
FAIL: gfortran.dg/nullify_3.f90 -O2 (internal compiler error)
FAIL: gfortran.dg/nullify_3.f90 -O2 (test for excess errors)
WARNING: gfortran.dg/nullify_3.f90 -O2 compilation failed to produce executable
FAIL: gfortran.dg/nullify_3.f90 -O3 -fomit-frame-pointer (internal compiler error)
FAIL: gfortran.dg/nullify_3.f90 -O3 -fomit-frame-pointer (test for excess errors)
WARNING: gfortran.dg/nullify_3.f90 -O3 -fomit-frame-pointer compilation failed to produce executable
FAIL: gfortran.dg/nullify_3.f90 -O3 -fomit-frame-pointer -funroll-loops (internal compiler error)
FAIL: gfortran.dg/nullify_3.f90 -O3 -fomit-frame-pointer -funroll-loops (test for excess errors)
WARNING: gfortran.dg/nullify_3.f90 -O3 -fomit-frame-pointer -funroll-loops compilation failed to produce executable
FAIL: gfortran.dg/nullify_3.f90 -O3 -fomit-frame-pointer -funroll-all-loops -finline-functions (internal compiler error)
FAIL: gfortran.dg/nullify_3.f90 -O3 -fomit-frame-pointer -funroll-all-loops -finline-functions (test for excess errors)
WARNING: gfortran.dg/nullify_3.f90 -O3 -fomit-frame-pointer -funroll-all-loops -finline-functions compilation failed to produce executable
FAIL: gfortran.dg/nullify_3.f90 -O3 -g (internal compiler error)
FAIL: gfortran.dg/nullify_3.f90 -O3 -g (test for excess errors)
WARNING: gfortran.dg/nullify_3.f90 -O3 -g compilation failed to produce executable
FAIL: gfortran.dg/nullify_3.f90 -Os (internal compiler error)
FAIL: gfortran.dg/nullify_3.f90 -Os (test for excess errors)
WARNING: gfortran.dg/nullify_3.f90 -Os compilation failed to produce executable
FAIL: gfortran.fortran-torture/compile/ambig.f90, -O0 (internal compiler error)
FAIL: gfortran.fortran-torture/compile/ambig.f90, -O1 (internal compiler error)
=== gfortran Summary ===
# of expected passes 29921
# of unexpected failures 57
# of expected failures 11
# of unsupported tests 97
/export/gnu/import/svn/gcc-test/bld/gcc/testsuite/gfortran/../../gfortran version 4.5.0 20090409 (experimental) [trunk revision 145863] (GCC)
=== objc tests ===
Running target unix
=== objc Summary ===
# of expected passes 1872
# of expected failures 7
# of unsupported tests 24
/export/gnu/import/svn/gcc-test/bld/gcc/xgcc version 4.5.0 20090409 (experimental) [trunk revision 145863] (GCC)
=== libffi tests ===
Running target unix
=== libffi Summary ===
# of expected passes 1389
# of unsupported tests 10
=== libgomp tests ===
Running target unix
=== libgomp Summary ===
# of expected passes 2406
=== libjava tests ===
Running target unix
=== libjava Summary ===
# of expected passes 2574
=== libmudflap tests ===
Running target unix
FAIL: libmudflap.c++/pass41-frag.cxx execution test
FAIL: libmudflap.c++/pass41-frag.cxx (-static) execution test
FAIL: libmudflap.c++/pass41-frag.cxx (-O2) execution test
FAIL: libmudflap.c++/pass41-frag.cxx (-O3) execution test
=== libmudflap Summary ===
# of expected passes 1890
# of unexpected failures 4
=== libstdc++ tests ===
Running target unix
XPASS: 26_numerics/headers/cmath/c99_classification_macros_c.cc (test for excess errors)
FAIL: 26_numerics/random/knuth_b.cc execution test
FAIL: 26_numerics/random/piecewise_linear_distribution/operators/serialize.cc execution test
FAIL: 26_numerics/random/ranlux48.cc execution test
FAIL: 26_numerics/random/ranlux48_base.cc execution test
=== libstdc++ Summary ===
# of expected passes 6745
# of unexpected failures 4
# of unexpected successes 1
# of expected failures 82
# of unsupported tests 18
Compiler version: 4.5.0 20090409 (experimental) [trunk revision 145863] (GCC)
Platform: i686-pc-linux-gnu
configure flags: --enable-clocale=gnu --with-system-zlib --enable-shared --with-demangler-in-ld
More information about the Gcc-testresults
mailing list