Results for 4.5.0 20090407 (experimental) (GCC) testsuite on x86_64-unknown-linux-gnu
Theodore Papadopoulo
papadop@vanuatu.inria.fr
Wed Apr 8 16:23:00 GMT 2009
LAST_UPDATED:
Native configuration is x86_64-unknown-linux-gnu
=== gcc tests ===
Running target unix
FAIL: gcc.dg/cpp/direct2s.c -fno-show-column (test for excess errors)
FAIL: gcc.dg/tree-prof/bb-reorg.c compilation, -fprofile-use -D_PROFILE_USE
UNRESOLVED: gcc.dg/tree-prof/bb-reorg.c execution, -fprofile-use -D_PROFILE_USE
FAIL: gcc.dg/tree-prof/pr34999.c compilation, -fprofile-use -D_PROFILE_USE
UNRESOLVED: gcc.dg/tree-prof/pr34999.c execution, -fprofile-use -D_PROFILE_USE
FAIL: gcc.target/i386/avx-vmovntdq-256-1.c (test for excess errors)
WARNING: gcc.target/i386/avx-vmovntdq-256-1.c compilation failed to produce executable
FAIL: gcc.target/i386/avx-vmovntpd-256-1.c (test for excess errors)
WARNING: gcc.target/i386/avx-vmovntpd-256-1.c compilation failed to produce executable
FAIL: gcc.target/i386/avx-vmovntps-256-1.c (test for excess errors)
WARNING: gcc.target/i386/avx-vmovntps-256-1.c compilation failed to produce executable
=== gcc Summary ===
# of expected passes 57028
# of unexpected failures 6
# of expected failures 146
# of unresolved testcases 2
# of unsupported tests 722
/home/papadop/compiles/gcc-mainline/gcc/xgcc version 4.5.0 20090407 (experimental) (GCC)
=== gfortran tests ===
Running target unix
=== gfortran Summary ===
# of expected passes 30038
# of expected failures 11
# of unsupported tests 44
/home/papadop/compiles/gcc-mainline/gcc/testsuite/gfortran/../../gfortran version 4.5.0 20090407 (experimental) (GCC)
=== g++ tests ===
Running target unix
=== g++ Summary ===
# of expected passes 19415
# of expected failures 142
# of unsupported tests 250
/home/papadop/compiles/gcc-mainline/gcc/testsuite/g++/../../g++ version 4.5.0 20090407 (experimental) (GCC)
=== libstdc++ tests ===
Running target unix
XPASS: 26_numerics/headers/cmath/c99_classification_macros_c.cc (test for excess errors)
=== libstdc++ Summary ===
# of expected passes 6751
# of unexpected successes 1
# of expected failures 82
# of unsupported tests 15
Compiler version: 4.5.0 20090407 (experimental) (GCC)
Platform: x86_64-unknown-linux-gnu
configure flags: --with-arch=core2 --with-tune=core2 --prefix=/usr/local/gcc-svn/ --enable-languages=c,c++,fortran --enable-__cxa_atexit --disable-multilib --enable-libssp
BOOT_CFLAGS=-g -O2
Counting all warnings,
there are 0 warnings in stage3 of this bootstrap.
Number of warnings per file:
Number of warning types:
More information about the Gcc-testresults
mailing list