Results for 4.5.0 20090407 (experimental) [trunk revision 145649] (GCC) testsuite on i686-unknown-linux-gnu
rob1weld@aol.com
rob1weld@aol.com
Tue Apr 7 20:41:00 GMT 2009
LAST_UPDATED: Tue Apr 7 06:10:44 UTC 2009 (revision 145649)
=== acats tests ===
=== acats Summary ===
# of expected passes 2315
# of unexpected failures 0
Native configuration is i686-unknown-linux-gnu
=== gcc tests ===
Running target unix
FAIL: gcc.dg/torture/stackalign/builtin-apply-4.c -O0 execution test
FAIL: gcc.dg/torture/stackalign/builtin-apply-4.c -O1 execution test
FAIL: gcc.dg/torture/stackalign/builtin-apply-4.c -O2 execution test
FAIL: gcc.dg/torture/stackalign/builtin-apply-4.c -O3
-fomit-frame-pointer execution test
FAIL: gcc.dg/torture/stackalign/builtin-apply-4.c -O3 -g execution
test
FAIL: gcc.dg/torture/stackalign/builtin-apply-4.c -Os execution test
FAIL: gcc.dg/torture/stackalign/builtin-apply-4.c -O0 execution test
FAIL: gcc.dg/torture/stackalign/builtin-apply-4.c -O1 execution test
FAIL: gcc.dg/torture/stackalign/builtin-apply-4.c -O2 execution test
FAIL: gcc.dg/torture/stackalign/builtin-apply-4.c -O3
-fomit-frame-pointer execution test
FAIL: gcc.dg/torture/stackalign/builtin-apply-4.c -O3 -g execution
test
FAIL: gcc.dg/torture/stackalign/builtin-apply-4.c -Os execution test
FAIL: gcc.dg/torture/stackalign/builtin-apply-4.c -O0 execution test
FAIL: gcc.dg/torture/stackalign/builtin-apply-4.c -O1 execution test
FAIL: gcc.dg/torture/stackalign/builtin-apply-4.c -O2 execution test
FAIL: gcc.dg/torture/stackalign/builtin-apply-4.c -O3
-fomit-frame-pointer execution test
FAIL: gcc.dg/torture/stackalign/builtin-apply-4.c -O3 -g execution
test
FAIL: gcc.dg/torture/stackalign/builtin-apply-4.c -Os execution test
FAIL: gcc.dg/torture/stackalign/builtin-apply-4.c -O0 execution test
FAIL: gcc.dg/torture/stackalign/builtin-apply-4.c -O1 execution test
FAIL: gcc.dg/torture/stackalign/builtin-apply-4.c -O2 execution test
FAIL: gcc.dg/torture/stackalign/builtin-apply-4.c -O3
-fomit-frame-pointer execution test
FAIL: gcc.dg/torture/stackalign/builtin-apply-4.c -O3 -g execution
test
FAIL: gcc.dg/torture/stackalign/builtin-apply-4.c -Os execution test
=== gcc Summary ===
# of expected passes 56508
# of unexpected failures 24
# of expected failures 149
# of unsupported tests 890
/mnt/drive2/gcc_build/gcc/xgcc version 4.5.0 20090407 (experimental)
[trunk revision 145649] (GCC)
=== gfortran tests ===
Running target unix
=== gfortran Summary ===
# of expected passes 29935
# of expected failures 15
# of unsupported tests 97
/mnt/drive2/gcc_build/gcc/testsuite/gfortran/../../gfortran version
4.5.0 20090407 (experimental) [trunk revision 145649] (GCC)
=== g++ tests ===
Running target unix
=== g++ Summary ===
# of expected passes 19722
# of expected failures 142
# of unsupported tests 101
/mnt/drive2/gcc_build/gcc/testsuite/g++/../../g++ version 4.5.0
20090407 (experimental) [trunk revision 145649] (GCC)
=== gnat tests ===
Running target unix
FAIL: gnat.dg/loop_optimization1.adb (test for excess errors)
=== gnat Summary ===
# of expected passes 609
# of unexpected failures 1
# of expected failures 6
=== obj-c++ tests ===
Running target unix
XPASS: obj-c++.dg/comp-types-10.mm (test for excess errors)
UNRESOLVED: obj-c++.dg/lookup-2.mm compilation failed to produce
executable
UNRESOLVED: obj-c++.dg/try-catch-2.mm compilation failed to produce
executable
UNRESOLVED: obj-c++.dg/try-catch-9.mm compilation failed to produce
executable
=== obj-c++ Summary ===
# of expected passes 436
# of unexpected successes 1
# of expected failures 9
# of unresolved testcases 3
# of unsupported tests 13
/mnt/drive2/gcc_build/gcc/testsuite/obj-c++/../../g++ version 4.5.0
20090407 (experimental) [trunk revision 145649] (GCC)
=== objc tests ===
Running target unix
=== objc Summary ===
# of expected passes 1872
# of expected failures 7
# of unsupported tests 24
/mnt/drive2/gcc_build/gcc/xgcc version 4.5.0 20090407 (experimental)
[trunk revision 145649] (GCC)
=== libffi tests ===
Running target unix
=== libffi Summary ===
# of expected passes 1389
# of unsupported tests 10
=== libgomp tests ===
Running target unix
=== libgomp Summary ===
# of expected passes 2390
=== libjava tests ===
Running target unix
=== libjava Summary ===
# of expected passes 2574
=== libmudflap tests ===
Running target unix
FAIL: libmudflap.c++/pass41-frag.cxx execution test
FAIL: libmudflap.c++/pass41-frag.cxx (-static) execution test
FAIL: libmudflap.c++/pass41-frag.cxx (-O2) execution test
FAIL: libmudflap.c++/pass41-frag.cxx (-O3) execution test
=== libmudflap Summary ===
# of expected passes 1890
# of unexpected failures 4
=== libstdc++ tests ===
Running target unix
FAIL: abi_check
XPASS: 26_numerics/headers/cmath/c99_classification_macros_c.cc (test
for excess errors)
FAIL: 26_numerics/random/knuth_b.cc execution test
FAIL:
26_numerics/random/piecewise_linear_distribution/operators/serialize.cc
execution test
FAIL: 26_numerics/random/ranlux48.cc execution test
FAIL: 26_numerics/random/ranlux48_base.cc execution test
=== libstdc++ Summary ===
# of expected passes 6110
# of unexpected failures 5
# of unexpected successes 1
# of expected failures 82
# of unsupported tests 333
Compiler version: 4.5.0 20090407 (experimental) [trunk revision 145649]
(GCC)
Platform: i686-unknown-linux-gnu
configure flags: --prefix=/mnt/drive2/gcc_installed
--enable-languages=c,ada,c++,fortran,java,objc,obj-c++
--build=i686-unknown-linux-gnu --host=i686-unknown-linux-gnu
--target=i686-unknown-linux-gnu --enable-shared --enable-decimal-float
--with-long-double-128 --with-tune=k8 --with-cpu=k8 --with-arch=k8
--enable-multilib --disable-stage1-checking --enable-checking=release
--with-gmp=/usr/local --with-mpfr=/usr/local
CPPFLAGS=-I/usr/local/include
More information about the Gcc-testresults
mailing list