Results for 4.5.0 20090407 (experimental) (GCC) testsuite on i686-pc-linux-gnu
GCC regression tester
regress@geoffk.org
Tue Apr 7 17:01:00 GMT 2009
This build run by an automatic regression tester.
See <http://glutton.geoffk.org/HEAD/> for more information.
Date: 2009-04-07T15:53:40Z
Revision: 145685
URL: svn://gcc.gnu.org/svn/gcc/trunk
Status: pass
Prev-Endtime: 2009-04-07T15:53:02Z
LAST_UPDATED:
Native configuration is i686-pc-linux-gnu
=== g++ tests ===
Running target unix
=== g++ Summary ===
# of expected passes 19721
# of expected failures 142
# of unsupported tests 101
/home/regress/tbox/native/build/gcc/testsuite/g++/../../g++ version 4.5.0 20090407 (experimental) (GCC)
=== gcc tests ===
Running target unix
=== gcc Summary ===
# of expected passes 56476
# of expected failures 147
# of unsupported tests 882
/home/regress/tbox/native/build/gcc/xgcc version 4.5.0 20090407 (experimental) (GCC)
=== gfortran tests ===
Running target unix
=== gfortran Summary ===
# of expected passes 29925
# of expected failures 11
# of unsupported tests 97
/home/regress/tbox/native/build/gcc/testsuite/gfortran/../../gfortran version 4.5.0 20090407 (experimental) (GCC)
=== objc tests ===
Running target unix
=== objc Summary ===
# of expected passes 1872
# of expected failures 7
# of unsupported tests 24
/home/regress/tbox/native/build/gcc/xgcc version 4.5.0 20090407 (experimental) (GCC)
=== libffi tests ===
Running target unix
=== libffi Summary ===
# of expected passes 1389
# of unsupported tests 10
=== libgomp tests ===
Running target unix
=== libgomp Summary ===
# of expected passes 2390
=== libjava tests ===
Running target unix
=== libjava Summary ===
# of expected passes 2574
=== libmudflap tests ===
Running target unix
FAIL: libmudflap.c++/pass41-frag.cxx execution test
FAIL: libmudflap.c++/pass41-frag.cxx (-static) execution test
FAIL: libmudflap.c++/pass41-frag.cxx (-O2) execution test
FAIL: libmudflap.c++/pass41-frag.cxx (-O3) execution test
FAIL: libmudflap.cth/pass39-frag.c (rerun 6) execution test
FAIL: libmudflap.cth/pass39-frag.c (rerun 6) output pattern test
=== libmudflap Summary ===
# of expected passes 1888
# of unexpected failures 6
=== libstdc++ tests ===
Running target unix
XPASS: 26_numerics/headers/cmath/c99_classification_macros_c.cc (test for excess errors)
FAIL: 26_numerics/random/knuth_b.cc execution test
FAIL: 26_numerics/random/piecewise_linear_distribution/operators/serialize.cc execution test
FAIL: 26_numerics/random/ranlux48.cc execution test
FAIL: 26_numerics/random/ranlux48_base.cc execution test
=== libstdc++ Summary ===
# of expected passes 6741
# of unexpected failures 4
# of unexpected successes 1
# of expected failures 82
# of unsupported tests 18
Compiler version: 4.5.0 20090407 (experimental) (GCC)
Platform: i686-pc-linux-gnu
configure flags: --prefix=/home/regress/tbox/objs --target=i686-pc-linux-gnu
More information about the Gcc-testresults
mailing list