Results for 4.5.0 20090402 (experimental) [alias-improvements revision 145443] (GCC) testsuite on x86_64-unknown-linux-gnu
Richard Guenther
rguenther@suse.de
Thu Apr 2 12:35:00 GMT 2009
LAST_UPDATED: Thu Apr 2 11:25:24 UTC 2009 (revision 145443)
=== acats tests ===
=== acats Summary ===
# of expected passes 2315
# of unexpected failures 0
Native configuration is x86_64-unknown-linux-gnu
=== g++ tests ===
Running target unix
=== g++ Summary ===
# of expected passes 19387
# of expected failures 142
# of unsupported tests 251
/space/rguenther/obj/gcc/testsuite/g++/../../g++ version 4.5.0 20090402 (experimental) [alias-improvements revision 145443] (GCC)
=== gcc tests ===
Running target unix
FAIL: gcc.c-torture/compile/limits-exprparen.c -O0 (test for excess errors)
FAIL: gcc.c-torture/compile/limits-exprparen.c -O1 (test for excess errors)
FAIL: gcc.c-torture/compile/limits-exprparen.c -O2 (test for excess errors)
FAIL: gcc.c-torture/compile/limits-exprparen.c -O3 -fomit-frame-pointer (test for excess errors)
FAIL: gcc.c-torture/compile/limits-exprparen.c -O3 -g (test for excess errors)
FAIL: gcc.c-torture/compile/limits-exprparen.c -Os (test for excess errors)
FAIL: gcc.dg/c99-stdint-1.c (test for excess errors)
XPASS: gcc.dg/pr38984.c scan-tree-dump-not optimized "return 1"
FAIL: gcc.dg/tree-prof/bb-reorg.c compilation, -fprofile-use -D_PROFILE_USE
UNRESOLVED: gcc.dg/tree-prof/bb-reorg.c execution, -fprofile-use -D_PROFILE_USE
FAIL: gcc.dg/tree-prof/pr34999.c compilation, -fprofile-use -D_PROFILE_USE
UNRESOLVED: gcc.dg/tree-prof/pr34999.c execution, -fprofile-use -D_PROFILE_USE
XPASS: gcc.dg/tree-ssa/20070302-1.c (test for excess errors)
XPASS: gcc.dg/tree-ssa/alias-18.c scan-tree-dump fre "with 1"
XPASS: gcc.dg/tree-ssa/alias-18.c scan-tree-dump fre "with 3"
XPASS: gcc.dg/tree-ssa/alias-18.c scan-tree-dump fre "with 8"
XPASS: gcc.dg/tree-ssa/sra-3.c scan-tree-dump-times optimized "link_error" 0
XPASS: gcc.dg/vect/no-vfa-vect-49.c scan-tree-dump-times vect "vectorized 1 loops" 1
XPASS: gcc.dg/vect/no-vfa-vect-53.c scan-tree-dump-times vect "vectorized 1 loops" 1
XPASS: gcc.dg/vect/no-vfa-vect-57.c scan-tree-dump-times vect "vectorized 1 loops" 1
XPASS: gcc.dg/vect/no-vfa-vect-61.c scan-tree-dump-times vect "vectorized 1 loops" 1
=== gcc Summary ===
# of expected passes 55831
# of unexpected failures 9
# of unexpected successes 10
# of expected failures 149
# of unresolved testcases 2
# of unsupported tests 1302
/space/rguenther/obj/gcc/xgcc version 4.5.0 20090402 (experimental) [alias-improvements revision 145443] (GCC)
=== gfortran tests ===
Running target unix
=== gfortran Summary ===
# of expected passes 29831
# of expected failures 15
# of unsupported tests 44
/space/rguenther/obj/gcc/testsuite/gfortran/../../gfortran version 4.5.0 20090402 (experimental) [alias-improvements revision 145443] (GCC)
=== gnat tests ===
Running target unix
=== gnat Summary ===
# of expected passes 610
# of expected failures 6
=== obj-c++ tests ===
Running target unix
WARNING: obj-c++.dg/lookup-2.mm compilation failed to produce executable
WARNING: obj-c++.dg/try-catch-2.mm compilation failed to produce executable
WARNING: obj-c++.dg/try-catch-9.mm compilation failed to produce executable
=== obj-c++ Summary ===
# of expected passes 427
# of expected failures 21
# of unsupported tests 13
/space/rguenther/obj/gcc/testsuite/obj-c++/../../g++ version 4.5.0 20090402 (experimental) [alias-improvements revision 145443] (GCC)
=== objc tests ===
Running target unix
FAIL: objc/execute/forward-1.m execution, -O0 -fgnu-runtime
FAIL: objc/execute/forward-1.m execution, -O1 -fgnu-runtime
FAIL: objc/execute/forward-1.m execution, -O2 -fgnu-runtime
FAIL: objc/execute/forward-1.m execution, -O3 -fomit-frame-pointer -fgnu-runtime
FAIL: objc/execute/forward-1.m execution, -O3 -fomit-frame-pointer -funroll-loops -fgnu-runtime
FAIL: objc/execute/forward-1.m execution, -O3 -fomit-frame-pointer -funroll-all-loops -finline-functions -fgnu-runtime
FAIL: objc/execute/forward-1.m execution, -O3 -g -fgnu-runtime
FAIL: objc/execute/forward-1.m execution, -Os -fgnu-runtime
=== objc Summary ===
# of expected passes 1848
# of unexpected failures 8
# of expected failures 7
# of unsupported tests 24
/space/rguenther/obj/gcc/xgcc version 4.5.0 20090402 (experimental) [alias-improvements revision 145443] (GCC)
=== libffi tests ===
Running target unix
=== libffi Summary ===
# of expected passes 1389
# of unsupported tests 10
=== libgomp tests ===
Running target unix
=== libgomp Summary ===
# of expected passes 2390
=== libjava tests ===
Running target unix
=== libjava Summary ===
# of expected passes 2574
=== libmudflap tests ===
Running target unix
FAIL: libmudflap.c++/pass41-frag.cxx execution test
FAIL: libmudflap.c++/pass41-frag.cxx (-static) execution test
FAIL: libmudflap.c++/pass41-frag.cxx (-O2) execution test
FAIL: libmudflap.c++/pass41-frag.cxx (-O3) execution test
=== libmudflap Summary ===
# of expected passes 1890
# of unexpected failures 4
=== libstdc++ tests ===
Running target unix
XPASS: 26_numerics/headers/cmath/c99_classification_macros_c.cc (test for excess errors)
=== libstdc++ Summary ===
# of expected passes 6478
# of unexpected successes 1
# of expected failures 80
# of unsupported tests 15
Compiler version: 4.5.0 20090402 (experimental) [alias-improvements revision 145443] (GCC)
Platform: x86_64-unknown-linux-gnu
configure flags: --disable-nls --enable-languages=all,ada,obj-c++
More information about the Gcc-testresults
mailing list