Results for 4.5.0 20090331 (experimental) (GCC) testsuite on arm-none-linux-gnueabi
CodeSourcery Automatic Testing System
gcc@codesourcery.com
Thu Apr 2 01:31:00 GMT 2009
LAST_UPDATED: Tue Mar 31 07:19:30 UTC 2009 (/trunk revision 145333)
Target is arm-none-linux-gnueabi
Host is i686-pc-linux-gnu
=== g++ tests ===
Running target qemu-default
FAIL: g++.dg/ipa/iinline-1.C scan-ipa-dump inline "String::funcOne[^\\n]*inline copy in int main"
XPASS: g++.dg/other/packed1.C execution test
FAIL: g++.dg/template/cond5.C (internal compiler error)
FAIL: g++.dg/template/cond5.C (test for excess errors)
FAIL: g++.dg/tree-ssa/new1.C scan-tree-dump-not forwprop1 "= .* \\+ -"
=== g++ Summary ===
# of expected passes 19086
# of unexpected failures 4
# of unexpected successes 1
# of expected failures 140
# of unsupported tests 157
/scratch/gcc/nightly-2009-03-31-mainline/arm-none-linux-gnueabi/obj/test-mainline-0-arm-none-linux-gnueabi/host-i686-pc-linux-gnu/fsf-mainline/bin/arm-none-linux-gnueabi-g++ version 4.5.0 20090331 (experimental) (GCC)
Host is i686-pc-linux-gnu
=== gcc tests ===
Running target qemu-default
FAIL: gcc.c-torture/compile/pr11832.c -O0 (internal compiler error)
FAIL: gcc.c-torture/compile/pr11832.c -O1 (internal compiler error)
FAIL: gcc.c-torture/compile/pr11832.c -O2 (internal compiler error)
FAIL: gcc.c-torture/compile/pr11832.c -O3 -fomit-frame-pointer (internal compiler error)
FAIL: gcc.c-torture/compile/pr11832.c -O3 -fomit-frame-pointer -funroll-loops (internal compiler error)
FAIL: gcc.c-torture/compile/pr11832.c -O3 -fomit-frame-pointer -funroll-all-loops -finline-functions (internal compiler error)
FAIL: gcc.c-torture/compile/pr11832.c -O3 -g (internal compiler error)
FAIL: gcc.c-torture/compile/pr11832.c -Os (internal compiler error)
FAIL: gcc.c-torture/compile/pr33009.c -O0 (internal compiler error)
FAIL: gcc.c-torture/compile/pr33009.c -O1 (internal compiler error)
FAIL: gcc.c-torture/compile/pr33009.c -O2 (internal compiler error)
FAIL: gcc.c-torture/compile/pr33009.c -O3 -fomit-frame-pointer (internal compiler error)
FAIL: gcc.c-torture/compile/pr33009.c -O3 -fomit-frame-pointer -funroll-loops (internal compiler error)
FAIL: gcc.c-torture/compile/pr33009.c -O3 -fomit-frame-pointer -funroll-all-loops -finline-functions (internal compiler error)
FAIL: gcc.c-torture/compile/pr33009.c -O3 -g (internal compiler error)
FAIL: gcc.c-torture/compile/pr33009.c -Os (internal compiler error)
FAIL: gcc.dg/memcpy-1.c scan-tree-dump-times optimized "nasty_local" 0
FAIL: gcc.dg/pr39323-2.c scan-assembler .align[\\\\t ]*268435456
FAIL: gcc.dg/pr39323-3.c scan-assembler .align[\\\\t ]*268435456
FAIL: gcc.dg/uninit-13.c unconditional (test for warnings, line 8)
FAIL: gcc.dg/uninit-13.c (test for excess errors)
FAIL: gcc.dg/tree-prof/bb-reorg.c compilation, -fprofile-use -D_PROFILE_USE
UNRESOLVED: gcc.dg/tree-prof/bb-reorg.c execution, -fprofile-use -D_PROFILE_USE
FAIL: gcc.dg/tree-prof/pr34999.c compilation, -fprofile-use -D_PROFILE_USE
UNRESOLVED: gcc.dg/tree-prof/pr34999.c execution, -fprofile-use -D_PROFILE_USE
FAIL: gcc.dg/vect/vect-35.c scan-tree-dump-times vect "vectorized 2 loops" 1
FAIL: gcc.target/arm/neon/polytypes.c (test for excess errors)
FAIL: gcc.target/arm/neon/vget_lowf32.c scan-assembler vmov[ \\t]+[dD][0-9]+, [dD][0-9]+!?([ \\t]+@[a-zA-Z0-9 ]+)?\\n
FAIL: gcc.target/arm/neon/vget_lowp16.c scan-assembler vmov[ \\t]+[dD][0-9]+, [dD][0-9]+!?([ \\t]+@[a-zA-Z0-9 ]+)?\\n
FAIL: gcc.target/arm/neon/vget_lowp8.c scan-assembler vmov[ \\t]+[dD][0-9]+, [dD][0-9]+!?([ \\t]+@[a-zA-Z0-9 ]+)?\\n
FAIL: gcc.target/arm/neon/vget_lows16.c scan-assembler vmov[ \\t]+[dD][0-9]+, [dD][0-9]+!?([ \\t]+@[a-zA-Z0-9 ]+)?\\n
FAIL: gcc.target/arm/neon/vget_lows32.c scan-assembler vmov[ \\t]+[dD][0-9]+, [dD][0-9]+!?([ \\t]+@[a-zA-Z0-9 ]+)?\\n
FAIL: gcc.target/arm/neon/vget_lows64.c scan-assembler vmov[ \\t]+[dD][0-9]+, [dD][0-9]+!?([ \\t]+@[a-zA-Z0-9 ]+)?\\n
FAIL: gcc.target/arm/neon/vget_lows8.c scan-assembler vmov[ \\t]+[dD][0-9]+, [dD][0-9]+!?([ \\t]+@[a-zA-Z0-9 ]+)?\\n
FAIL: gcc.target/arm/neon/vget_lowu16.c scan-assembler vmov[ \\t]+[dD][0-9]+, [dD][0-9]+!?([ \\t]+@[a-zA-Z0-9 ]+)?\\n
FAIL: gcc.target/arm/neon/vget_lowu32.c scan-assembler vmov[ \\t]+[dD][0-9]+, [dD][0-9]+!?([ \\t]+@[a-zA-Z0-9 ]+)?\\n
FAIL: gcc.target/arm/neon/vget_lowu64.c scan-assembler vmov[ \\t]+[dD][0-9]+, [dD][0-9]+!?([ \\t]+@[a-zA-Z0-9 ]+)?\\n
FAIL: gcc.target/arm/neon/vget_lowu8.c scan-assembler vmov[ \\t]+[dD][0-9]+, [dD][0-9]+!?([ \\t]+@[a-zA-Z0-9 ]+)?\\n
=== gcc Summary ===
# of expected passes 54242
# of unexpected failures 36
# of expected failures 204
# of unresolved testcases 2
# of unsupported tests 583
/scratch/gcc/nightly-2009-03-31-mainline/arm-none-linux-gnueabi/obj/test-mainline-0-arm-none-linux-gnueabi/host-i686-pc-linux-gnu/fsf-mainline/bin/arm-none-linux-gnueabi-gcc version 4.5.0 20090331 (experimental) (GCC)
Host is i686-pc-linux-gnu
=== libstdc++ tests ===
Running target qemu-default
FAIL: 21_strings/basic_string/inserters_extractors/wchar_t/28277.cc execution test
FAIL: 23_containers/forward_list/ext_pointer/operations/4.cc (test for excess errors)
UNRESOLVED: 23_containers/forward_list/ext_pointer/operations/4.cc compilation failed to produce executable
FAIL: 27_io/basic_ostream/inserters_character/wchar_t/28277-3.cc execution test
FAIL: 27_io/basic_ostream/inserters_character/wchar_t/28277-4.cc execution test
FAIL: ext/pb_ds/regression/hash_data_map_rand.cc execution test
FAIL: ext/pb_ds/regression/hash_no_data_map_rand.cc execution test
FAIL: ext/vstring/inserters_extractors/wchar_t/28277.cc execution test
=== libstdc++ Summary ===
# of expected passes 5817
# of unexpected failures 7
# of expected failures 81
# of unresolved testcases 1
# of unsupported tests 345
Host is i686-pc-linux-gnu
=== g++ tests ===
Running target qemu-default/-mthumb
FAIL: g++.dg/ipa/iinline-1.C scan-ipa-dump inline "String::funcOne[^\\n]*inline copy in int main"
XPASS: g++.dg/other/packed1.C execution test
FAIL: g++.dg/template/cond5.C (internal compiler error)
FAIL: g++.dg/template/cond5.C (test for excess errors)
FAIL: g++.dg/tree-ssa/new1.C scan-tree-dump-not forwprop1 "= .* \\+ -"
=== g++ Summary ===
# of expected passes 18957
# of unexpected failures 4
# of unexpected successes 1
# of expected failures 140
# of unsupported tests 177
/scratch/gcc/nightly-2009-03-31-mainline/arm-none-linux-gnueabi/obj/test-mainline-0-arm-none-linux-gnueabi/host-i686-pc-linux-gnu/fsf-mainline/bin/arm-none-linux-gnueabi-g++ version 4.5.0 20090331 (experimental) (GCC)
Host is i686-pc-linux-gnu
=== gcc tests ===
Running target qemu-default/-mthumb
FAIL: gcc.c-torture/compile/920413-1.c -O1 (internal compiler error)
FAIL: gcc.c-torture/compile/920413-1.c -O1 (test for excess errors)
FAIL: gcc.c-torture/compile/920413-1.c -O2 (internal compiler error)
FAIL: gcc.c-torture/compile/920413-1.c -O2 (test for excess errors)
FAIL: gcc.c-torture/compile/920413-1.c -O3 -fomit-frame-pointer (internal compiler error)
FAIL: gcc.c-torture/compile/920413-1.c -O3 -fomit-frame-pointer (test for excess errors)
FAIL: gcc.c-torture/compile/920413-1.c -O3 -g (internal compiler error)
FAIL: gcc.c-torture/compile/920413-1.c -O3 -g (test for excess errors)
FAIL: gcc.c-torture/compile/920413-1.c -Os (internal compiler error)
FAIL: gcc.c-torture/compile/920413-1.c -Os (test for excess errors)
FAIL: gcc.c-torture/compile/pr11832.c -O0 (internal compiler error)
FAIL: gcc.c-torture/compile/pr11832.c -O1 (internal compiler error)
FAIL: gcc.c-torture/compile/pr11832.c -O2 (internal compiler error)
FAIL: gcc.c-torture/compile/pr11832.c -O3 -fomit-frame-pointer (internal compiler error)
FAIL: gcc.c-torture/compile/pr11832.c -O3 -fomit-frame-pointer -funroll-loops (internal compiler error)
FAIL: gcc.c-torture/compile/pr11832.c -O3 -fomit-frame-pointer -funroll-all-loops -finline-functions (internal compiler error)
FAIL: gcc.c-torture/compile/pr11832.c -O3 -g (internal compiler error)
FAIL: gcc.c-torture/compile/pr11832.c -Os (internal compiler error)
FAIL: gcc.c-torture/compile/pr33009.c -O0 (internal compiler error)
FAIL: gcc.c-torture/compile/pr33009.c -O1 (internal compiler error)
FAIL: gcc.c-torture/compile/pr33009.c -O2 (internal compiler error)
FAIL: gcc.c-torture/compile/pr33009.c -O3 -fomit-frame-pointer (internal compiler error)
FAIL: gcc.c-torture/compile/pr33009.c -O3 -fomit-frame-pointer -funroll-loops (internal compiler error)
FAIL: gcc.c-torture/compile/pr33009.c -O3 -fomit-frame-pointer -funroll-all-loops -finline-functions (internal compiler error)
FAIL: gcc.c-torture/compile/pr33009.c -O3 -g (internal compiler error)
FAIL: gcc.c-torture/compile/pr33009.c -Os (internal compiler error)
XPASS: gcc.c-torture/execute/941014-1.c execution, -O0
FAIL: gcc.dg/memcpy-1.c scan-tree-dump-times optimized "nasty_local" 0
FAIL: gcc.dg/nested-func-4.c (test for excess errors)
UNRESOLVED: gcc.dg/nested-func-4.c compilation failed to produce executable
FAIL: gcc.dg/pr39323-2.c scan-assembler .align[\\\\t ]*268435456
FAIL: gcc.dg/pr39323-3.c scan-assembler .align[\\\\t ]*268435456
FAIL: gcc.dg/uninit-13.c unconditional (test for warnings, line 8)
FAIL: gcc.dg/uninit-13.c (test for excess errors)
FAIL: gcc.dg/tree-prof/bb-reorg.c compilation, -fprofile-use -D_PROFILE_USE
UNRESOLVED: gcc.dg/tree-prof/bb-reorg.c execution, -fprofile-use -D_PROFILE_USE
FAIL: gcc.dg/tree-prof/pr34999.c compilation, -fprofile-use -D_PROFILE_USE
UNRESOLVED: gcc.dg/tree-prof/pr34999.c execution, -fprofile-use -D_PROFILE_USE
=== gcc Summary ===
# of expected passes 49497
# of unexpected failures 34
# of unexpected successes 1
# of expected failures 77
# of unresolved testcases 3
# of unsupported tests 2459
/scratch/gcc/nightly-2009-03-31-mainline/arm-none-linux-gnueabi/obj/test-mainline-0-arm-none-linux-gnueabi/host-i686-pc-linux-gnu/fsf-mainline/bin/arm-none-linux-gnueabi-gcc version 4.5.0 20090331 (experimental) (GCC)
Host is i686-pc-linux-gnu
=== libstdc++ tests ===
Running target qemu-default/-mthumb
FAIL: 21_strings/basic_string/inserters_extractors/wchar_t/28277.cc execution test
FAIL: 27_io/basic_ostream/inserters_character/wchar_t/28277-3.cc execution test
FAIL: 27_io/basic_ostream/inserters_character/wchar_t/28277-4.cc execution test
FAIL: ext/pb_ds/regression/hash_data_map_rand.cc execution test
FAIL: ext/pb_ds/regression/hash_no_data_map_rand.cc execution test
FAIL: ext/vstring/inserters_extractors/wchar_t/28277.cc execution test
=== libstdc++ Summary ===
# of expected passes 5819
# of unexpected failures 6
# of expected failures 81
# of unsupported tests 345
Compiler version: 4.5.0 20090331 (experimental) (GCC)
Platform: arm-none-linux-gnueabi
configure flags: --build=i686-pc-linux-gnu --host=i686-pc-linux-gnu --target=arm-none-linux-gnueabi --enable-threads --disable-libmudflap --disable-libssp --disable-libstdcxx-pch --with-gnu-as --with-gnu-ld --enable-languages=c,c++ --enable-shared --enable-symvers=gnu --enable-__cxa_atexit --disable-nls --prefix=/opt/codesourcery --with-sysroot=/opt/codesourcery/arm-none-linux-gnueabi/libc --with-build-sysroot=/scratch/gcc/nightly-2009-03-31-mainline/arm-none-linux-gnueabi/install/arm-none-linux-gnueabi/libc --with-gmp=/scratch/gcc/nightly-2009-03-31-mainline/arm-none-linux-gnueabi/obj/host-libs-mainline-0-arm-none-linux-gnueabi-i686-pc-linux-gnu/usr --with-mpfr=/scratch/gcc/nightly-2009-03-31-mainline/arm-none-linux-gnueabi/obj/host-libs-mainline-0-arm-none-linux-gnueabi-i686-pc-linux-gnu/usr --disable-libgomp --enable-poison-system-directories --with-build-time-tools=/scratch/gcc/nightly-2009-03-31-mainline/arm-none-linux-gnueabi/install/arm-none-linux-gnueabi/bin --with-bu
ild-time-tools=/scratch/gcc/nightly-2009-03-31-mainline/arm-none-linux-gnueabi/install/arm-none-linux-gnueabi/bin
More information about the Gcc-testresults
mailing list