Results for 4.4.0 20080918 (experimental) [trunk revision 140455] (GCC) testsuite on i686-pc-linux-gnu
H.J. Lu ia32
hjl@gnu-3.sc.intel.com
Thu Sep 18 16:31:00 GMT 2008
LAST_UPDATED: Thu Sep 18 14:11:00 UTC 2008 (revision 140455)
Native configuration is i686-pc-linux-gnu
=== g++ tests ===
Running target unix
FAIL: g++.dg/other/PR23205.C scan-assembler .stabs.*foobar:c=i
=== g++ Summary ===
# of expected passes 18898
# of unexpected failures 1
# of expected failures 81
# of unsupported tests 91
/export/gnu/import/svn/gcc-test/bld/gcc/testsuite/g++/../../g++ version 4.4.0 20080918 (experimental) [trunk revision 140455] (GCC)
=== gcc tests ===
Running target unix
FAIL: gcc.dg/debug/dwarf2/dwarf-die3.c scan-assembler-not DW_AT_inline
FAIL: gcc.dg/dfp/convert-bfp-9.c (test for excess errors)
WARNING: gcc.dg/dfp/convert-bfp-9.c compilation failed to produce executable
FAIL: gcc.dg/dfp/convert-bfp-fold.c (test for excess errors)
WARNING: gcc.dg/dfp/convert-bfp-fold.c compilation failed to produce executable
FAIL: gcc.dg/dfp/convert-bfp.c (test for excess errors)
WARNING: gcc.dg/dfp/convert-bfp.c compilation failed to produce executable
FAIL: gcc.dg/dfp/convert-complex.c (test for excess errors)
WARNING: gcc.dg/dfp/convert-complex.c compilation failed to produce executable
FAIL: gcc.dg/dfp/convert-dfp-fold.c (test for excess errors)
WARNING: gcc.dg/dfp/convert-dfp-fold.c compilation failed to produce executable
FAIL: gcc.dg/dfp/convert-dfp-round-thread.c (test for excess errors)
WARNING: gcc.dg/dfp/convert-dfp-round-thread.c compilation failed to produce executable
FAIL: gcc.dg/dfp/fe-convert-2.c (test for excess errors)
WARNING: gcc.dg/dfp/fe-convert-2.c compilation failed to produce executable
FAIL: gcc.dg/dfp/fe-convert-3.c (test for excess errors)
WARNING: gcc.dg/dfp/fe-convert-3.c compilation failed to produce executable
FAIL: gcc.dg/dfp/func-array.c (test for excess errors)
WARNING: gcc.dg/dfp/func-array.c compilation failed to produce executable
FAIL: gcc.dg/pr30286.c execution test
FAIL: gcc.dg/pr33645-3.c scan-assembler-not var1_t
FAIL: gcc.dg/pch/valid-1b.c -O0 -g -I. (test for excess errors)
FAIL: gcc.dg/pch/valid-1b.c -O0 -g assembly comparison
FAIL: gcc.dg/pch/valid-1b.c -O0 -I. (test for excess errors)
FAIL: gcc.dg/pch/valid-1b.c -O0 assembly comparison
FAIL: gcc.dg/pch/valid-1b.c -O1 -I. (test for excess errors)
FAIL: gcc.dg/pch/valid-1b.c -O1 assembly comparison
FAIL: gcc.dg/pch/valid-1b.c -O2 -I. (test for excess errors)
FAIL: gcc.dg/pch/valid-1b.c -O2 assembly comparison
FAIL: gcc.dg/pch/valid-1b.c -O3 -fomit-frame-pointer -I. (test for excess errors)
FAIL: gcc.dg/pch/valid-1b.c -O3 -fomit-frame-pointer assembly comparison
FAIL: gcc.dg/pch/valid-1b.c -O3 -g -I. (test for excess errors)
FAIL: gcc.dg/pch/valid-1b.c -O3 -g assembly comparison
FAIL: gcc.dg/pch/valid-1b.c -Os -I. (test for excess errors)
FAIL: gcc.dg/pch/valid-1b.c -Os assembly comparison
FAIL: gcc.dg/vect/vect-67.c scan-tree-dump-times vect "vectorized 1 loops" 1
FAIL: gcc.dg/vect/no-scevccp-outer-13.c scan-tree-dump-times vect "OUTER LOOP VECTORIZED." 1
FAIL: gcc.dg/vect/no-scevccp-outer-7.c scan-tree-dump-times vect "OUTER LOOP VECTORIZED." 1
=== gcc Summary ===
# of expected passes 54772
# of unexpected failures 29
# of expected failures 196
# of unsupported tests 429
/export/gnu/import/svn/gcc-test/bld/gcc/xgcc version 4.4.0 20080918 (experimental) [trunk revision 140455] (GCC)
=== gfortran tests ===
Running target unix
FAIL: gfortran.fortran-torture/execute/f2_edit_1.f90 compilation, -O1
FAIL: gfortran.fortran-torture/execute/f2_edit_1.f90 compilation, -O2
FAIL: gfortran.fortran-torture/execute/f2_edit_1.f90 compilation, -O2 -fomit-frame-pointer -finline-functions
FAIL: gfortran.fortran-torture/execute/f2_edit_1.f90 compilation, -O2 -fomit-frame-pointer -finline-functions -funroll-loops
FAIL: gfortran.fortran-torture/execute/f2_edit_1.f90 compilation, -O2 -fbounds-check
FAIL: gfortran.fortran-torture/execute/forall.f90 compilation, -O2 -ftree-vectorize -msse2
FAIL: gfortran.fortran-torture/execute/forall_1.f90 compilation, -O0
FAIL: gfortran.fortran-torture/execute/forall_1.f90 compilation, -O1
=== gfortran Summary ===
# of expected passes 27935
# of unexpected failures 8
# of expected failures 10
# of untested testcases 8
# of unsupported tests 89
/export/gnu/import/svn/gcc-test/bld/gcc/testsuite/gfortran/../../gfortran version 4.4.0 20080918 (experimental) [trunk revision 140455] (GCC)
=== objc tests ===
Running target unix
=== objc Summary ===
# of expected passes 1814
# of expected failures 7
# of unsupported tests 24
/export/gnu/import/svn/gcc-test/bld/gcc/xgcc version 4.4.0 20080918 (experimental) [trunk revision 140455] (GCC)
=== libffi tests ===
Running target unix
=== libffi Summary ===
# of expected passes 1389
# of unsupported tests 10
=== libgomp tests ===
Running target unix
FAIL: libgomp.fortran/lib3.f -O3 -g (test for excess errors)
WARNING: libgomp.fortran/lib3.f -O3 -g compilation failed to produce executable
FAIL: libgomp.fortran/lib3.f -Os (test for excess errors)
WARNING: libgomp.fortran/lib3.f -Os compilation failed to produce executable
FAIL: libgomp.fortran/lock-1.f90 -O2 (test for excess errors)
WARNING: libgomp.fortran/lock-1.f90 -O2 compilation failed to produce executable
FAIL: libgomp.fortran/lock-1.f90 -O3 -fomit-frame-pointer (test for excess errors)
WARNING: libgomp.fortran/lock-1.f90 -O3 -fomit-frame-pointer compilation failed to produce executable
FAIL: libgomp.fortran/lock-1.f90 -O3 -fomit-frame-pointer -funroll-loops (test for excess errors)
WARNING: libgomp.fortran/lock-1.f90 -O3 -fomit-frame-pointer -funroll-loops compilation failed to produce executable
FAIL: libgomp.fortran/lock-1.f90 -O3 -fomit-frame-pointer -funroll-all-loops -finline-functions (test for excess errors)
WARNING: libgomp.fortran/lock-1.f90 -O3 -fomit-frame-pointer -funroll-all-loops -finline-functions compilation failed to produce executable
=== libgomp Summary ===
# of expected passes 2277
# of unexpected failures 6
=== libjava tests ===
Running target unix
=== libjava Summary ===
# of expected passes 2574
=== libmudflap tests ===
Running target unix
FAIL: libmudflap.c++/pass41-frag.cxx execution test
FAIL: libmudflap.c++/pass41-frag.cxx (-static) execution test
FAIL: libmudflap.c++/pass41-frag.cxx (-O2) execution test
FAIL: libmudflap.c++/pass41-frag.cxx (-O3) execution test
=== libmudflap Summary ===
# of expected passes 1877
# of unexpected failures 4
=== libstdc++ tests ===
Running target unix
XPASS: 23_containers/unordered_multimap/init-list.cc (test for excess errors)
XPASS: 26_numerics/headers/cmath/c99_classification_macros_c.cc (test for excess errors)
=== libstdc++ Summary ===
# of expected passes 6179
# of unexpected successes 2
# of expected failures 72
# of unsupported tests 13
Compiler version: 4.4.0 20080918 (experimental) [trunk revision 140455] (GCC)
Platform: i686-pc-linux-gnu
configure flags: --enable-checking=assert --enable-clocale=gnu --with-system-zlib --enable-shared --with-demangler-in-ld
More information about the Gcc-testresults
mailing list