Results for 4.4.0 20080908 (experimental) [trunk revision 140123] (GCC) gcc testsuite on cris-axis-elf
Mike Stein
mstein.lists@googlemail.com
Tue Sep 9 21:55:00 GMT 2008
Debian 4 on x86_64
cross tool versions:
GNU assembler (GNU Binutils) 2.18.50.20080419
GNU gdb 6.8.50.20080419-cvs
GNU ld (GNU Binutils) 2.18.50.20080419
GNU Make 3.81
expect version 5.43.0
host gcc version: gcc (GCC) 4.4.0 20080823 (experimental) [trunk revision 139524]
LAST_UPDATED: Mon Sep 8 22:03:01 UTC 2008 (revision 140123)
Target is cris-axis-elf
Host is x86_64-unknown-linux-gnu
=== gcc tests ===
Running target cris-sim
FAIL: gcc.dg/debug/dwarf2/dwarf-die3.c scan-assembler-not DW_AT_inline
FAIL: gcc.dg/large-size-array-2.c (internal compiler error)
FAIL: gcc.dg/large-size-array-2.c (test for errors, line 6)
FAIL: gcc.dg/large-size-array-2.c (test for excess errors)
FAIL: gcc.dg/large-size-array-4.c (internal compiler error)
FAIL: gcc.dg/large-size-array-4.c (test for errors, line 6)
FAIL: gcc.dg/large-size-array-4.c (test for excess errors)
FAIL: gcc.dg/pr33645-3.c scan-assembler-not var1_t
FAIL: gcc.dg/trampoline-1.c execution test
FAIL: gcc.dg/visibility-16.c scan-hidden hidden[ \\t_]*foo
FAIL: gcc.dg/weak/weak-1.c scan-assembler weak[^ \\t]*[ \\t]_?j
=== gcc Summary ===
# of expected passes 46686
# of unexpected failures 11
# of expected failures 130
# of unsupported tests 616
/home/mstein/sim/trunk/cris-elf/build/gcc/xgcc version 4.4.0 20080908 (experimental) [trunk revision 140123] (GCC)
Compiler version: 4.4.0 20080908 (experimental) [trunk revision 140123] (GCC) gcc
Platform: cris-axis-elf
configure flags: --target=cris-elf --prefix=/home/mstein/cross-local/cris-elf --enable-languages=c --disable-nls --disable-build-warnings --with-sysroot=/home/mstein/cross-local/cris-elf --with-build-sysroot=/home/mstein/cross-local/cris-elf --with-ld=/home/mstein/cross-local/cris-elf/usr/bin/ld --with-as=/home/mstein/cross-local/cris-elf/usr/bin/as --disable-libssp --with-mpfr=/opt/cfarm/mpfr-2.3.1
More information about the Gcc-testresults
mailing list