Results for 4.4.0 20081030 (experimental) (GCC) testsuite on i686-pc-linux-gnu
GCC regression tester
regress@geoffk.org
Fri Oct 31 01:23:00 GMT 2008
This build run by an automatic regression tester.
See <http://glutton.geoffk.org/HEAD/> for more information.
Date: 2008-10-30T18:50:11Z
Revision: 141465
URL: svn://gcc.gnu.org/svn/gcc/trunk
Status: regress-5
Prev-Endtime: 2008-10-30T15:03:20Z
LAST_UPDATED:
Native configuration is i686-pc-linux-gnu
=== g++ tests ===
Running target unix
=== g++ Summary ===
# of expected passes 19093
# of expected failures 135
# of unsupported tests 97
/home/regress/tbox/native/build/gcc/testsuite/g++/../../g++ version 4.4.0 20081030 (experimental) (GCC)
=== gcc tests ===
Running target unix
FAIL: gcc.dg/pr30286.c execution test
FAIL: gcc.dg/pch/valid-1b.c -O0 -g -I. (test for excess errors)
FAIL: gcc.dg/pch/valid-1b.c -O0 -g assembly comparison
FAIL: gcc.dg/pch/valid-1b.c -O0 -I. (test for excess errors)
FAIL: gcc.dg/pch/valid-1b.c -O0 assembly comparison
FAIL: gcc.dg/pch/valid-1b.c -O1 -I. (test for excess errors)
FAIL: gcc.dg/pch/valid-1b.c -O1 assembly comparison
FAIL: gcc.dg/pch/valid-1b.c -O2 -I. (test for excess errors)
FAIL: gcc.dg/pch/valid-1b.c -O2 assembly comparison
FAIL: gcc.dg/pch/valid-1b.c -O3 -fomit-frame-pointer -I. (test for excess errors)
FAIL: gcc.dg/pch/valid-1b.c -O3 -fomit-frame-pointer assembly comparison
FAIL: gcc.dg/pch/valid-1b.c -O3 -g -I. (test for excess errors)
FAIL: gcc.dg/pch/valid-1b.c -O3 -g assembly comparison
FAIL: gcc.dg/pch/valid-1b.c -Os -I. (test for excess errors)
FAIL: gcc.dg/pch/valid-1b.c -Os assembly comparison
FAIL: gcc.dg/vect/vect-67.c scan-tree-dump-times vect "vectorized 1 loops" 1
FAIL: gcc.dg/vect/no-scevccp-outer-13.c scan-tree-dump-times vect "OUTER LOOP VECTORIZED." 1
FAIL: gcc.dg/vect/no-scevccp-outer-7.c scan-tree-dump-times vect "OUTER LOOP VECTORIZED." 1
=== gcc Summary ===
# of expected passes 54606
# of unexpected failures 18
# of expected failures 186
# of unsupported tests 877
/home/regress/tbox/native/build/gcc/xgcc version 4.4.0 20081030 (experimental) (GCC)
=== gfortran tests ===
Running target unix
=== gfortran Summary ===
# of expected passes 28329
# of expected failures 10
# of unsupported tests 97
/home/regress/tbox/native/build/gcc/testsuite/gfortran/../../gfortran version 4.4.0 20081030 (experimental) (GCC)
=== objc tests ===
Running target unix
=== objc Summary ===
# of expected passes 1814
# of expected failures 7
# of unsupported tests 24
/home/regress/tbox/native/build/gcc/xgcc version 4.4.0 20081030 (experimental) (GCC)
=== libffi tests ===
Running target unix
=== libffi Summary ===
# of expected passes 1389
# of unsupported tests 10
=== libgomp tests ===
Running target unix
=== libgomp Summary ===
# of expected passes 2289
=== libjava tests ===
Running target unix
=== libjava Summary ===
# of expected passes 2574
=== libmudflap tests ===
Running target unix
FAIL: libmudflap.c++/pass41-frag.cxx execution test
FAIL: libmudflap.c++/pass41-frag.cxx (-static) execution test
FAIL: libmudflap.c++/pass41-frag.cxx (-O2) execution test
FAIL: libmudflap.c++/pass41-frag.cxx (-O3) execution test
=== libmudflap Summary ===
# of expected passes 1882
# of unexpected failures 4
=== libstdc++ tests ===
Running target unix
XPASS: 26_numerics/headers/cmath/c99_classification_macros_c.cc (test for excess errors)
=== libstdc++ Summary ===
# of expected passes 6272
# of unexpected successes 1
# of expected failures 72
# of unsupported tests 13
Compiler version: 4.4.0 20081030 (experimental) (GCC)
Platform: i686-pc-linux-gnu
configure flags: --prefix=/home/regress/tbox/objs --target=i686-pc-linux-gnu
More information about the Gcc-testresults
mailing list