Results for 4.4.0 20081029 (experimental) [trunk revision 141421] (GCC) testsuite on x86_64-unknown-linux-gnu
guerby@gcc12.fsffrance.org
guerby@gcc12.fsffrance.org
Wed Oct 29 14:03:00 GMT 2008
LAST_UPDATED: Wed Oct 29 10:53:19 UTC 2008 (revision 141421)
=== acats tests ===
FAIL: c94001c
FAIL: c94007a
FAIL: c94007b
FAIL: c94008c
FAIL: c95021a
=== acats Summary ===
# of expected passes 2309
# of unexpected failures 5
Native configuration is x86_64-unknown-linux-gnu
=== gcc tests ===
Running target unix
WARNING: program timed out.
FAIL: gcc.dg/20020425-1.c (test for excess errors)
FAIL: gcc.dg/pr33645-3.c scan-assembler-not var1_t
FAIL: gcc.dg/tree-prof/bb-reorg.c compilation, -fprofile-use -D_PROFILE_USE
UNRESOLVED: gcc.dg/tree-prof/bb-reorg.c execution, -fprofile-use -D_PROFILE_USE
FAIL: gcc.dg/tree-prof/pr34999.c compilation, -fprofile-use -D_PROFILE_USE
UNRESOLVED: gcc.dg/tree-prof/pr34999.c execution, -fprofile-use -D_PROFILE_USE
FAIL: gcc.dg/vect/vect-67.c scan-tree-dump-times vect "vectorized 1 loops" 1
FAIL: gcc.dg/vect/no-scevccp-outer-13.c scan-tree-dump-times vect "OUTER LOOP VECTORIZED." 1
FAIL: gcc.dg/vect/no-scevccp-outer-7.c scan-tree-dump-times vect "OUTER LOOP VECTORIZED." 1
FAIL: gcc.target/i386/pr34256.c scan-assembler-times mov 2
=== gcc Summary ===
# of expected passes 55076
# of unexpected failures 8
# of expected failures 186
# of unresolved testcases 2
# of unsupported tests 701
/home/guerby/build/gcc/xgcc version 4.4.0 20081029 (experimental) [trunk revision 141421] (GCC)
=== gfortran tests ===
Running target unix
=== gfortran Summary ===
# of expected passes 28444
# of expected failures 10
# of unsupported tests 42
/home/guerby/build/gcc/testsuite/gfortran/../../gfortran version 4.4.0 20081029 (experimental) [trunk revision 141421] (GCC)
=== g++ tests ===
Running target unix
FAIL: g++.dg/other/PR23205.C scan-assembler .stabs.*foobar:c=i
FAIL: g++.old-deja/g++.mike/warn1.C (test for errors, line 12)
FAIL: g++.old-deja/g++.mike/warn1.C (test for excess errors)
=== g++ Summary ===
# of expected passes 18768
# of unexpected failures 3
# of expected failures 135
# of unsupported tests 247
/home/guerby/build/gcc/testsuite/g++/../../g++ version 4.4.0 20081029 (experimental) [trunk revision 141421] (GCC)
=== gnat tests ===
Running target unix
=== gnat Summary ===
# of expected passes 583
# of expected failures 6
=== libgomp tests ===
Running target unix
=== libgomp Summary ===
# of expected passes 2289
=== libmudflap tests ===
Running target unix
FAIL: libmudflap.c++/pass41-frag.cxx execution test
FAIL: libmudflap.c++/pass41-frag.cxx (-static) execution test
FAIL: libmudflap.c++/pass41-frag.cxx (-O2) execution test
FAIL: libmudflap.c++/pass41-frag.cxx (-O3) execution test
WARNING: program timed out.
FAIL: libmudflap.cth/pass40-frag.c execution test
FAIL: libmudflap.cth/pass40-frag.c output pattern test
WARNING: program timed out.
FAIL: libmudflap.cth/pass40-frag.c (-static -DSTATIC) execution test
FAIL: libmudflap.cth/pass40-frag.c (-static -DSTATIC) output pattern test
WARNING: program timed out.
FAIL: libmudflap.cth/pass40-frag.c (-O2) execution test
FAIL: libmudflap.cth/pass40-frag.c (-O2) output pattern test
WARNING: program timed out.
FAIL: libmudflap.cth/pass40-frag.c (-O3) execution test
FAIL: libmudflap.cth/pass40-frag.c (-O3) output pattern test
=== libmudflap Summary ===
# of expected passes 1874
# of unexpected failures 12
=== libstdc++ tests ===
Running target unix
FAIL: abi_check
XPASS: 26_numerics/headers/cmath/c99_classification_macros_c.cc (test for excess errors)
WARNING: program timed out.
FAIL: thread/pthread7-rope.cc execution test
=== libstdc++ Summary ===
# of expected passes 5644
# of unexpected failures 2
# of unexpected successes 1
# of expected failures 72
# of unsupported tests 326
Compiler version: 4.4.0 20081029 (experimental) [trunk revision 141421] (GCC)
Platform: x86_64-unknown-linux-gnu
configure flags: --prefix=/n/04/guerby/install-trunk --enable-languages=c,c++,fortran,ada --enable-__cxa_atexit --disable-nls --enable-threads=posix --disable-multilib --with-mpfr=/opt/cfarm/mpfr-2.3.1
More information about the Gcc-testresults
mailing list