Results for 4.4.0 20081025 (experimental) [trunk revision 141363] (GCC) gcc testsuite on powerpc-unknown-eabisim
Mike Stein
mstein.lists@googlemail.com
Sun Oct 26 22:56:00 GMT 2008
Debian 4 on x86_64
cross tool versions:
GNU assembler (GNU Binutils) 2.18.50.20080809
GNU gdb (GDB) 6.8.50.20080809-cvs
GNU ld (GNU Binutils) 2.18.50.20080809
GNU Make 3.81
expect version 5.43.0
host gcc version: gcc (GCC) 4.4.0 20080823 (experimental) [trunk revision 139524]
LAST_UPDATED: Sat Oct 25 22:03:23 UTC 2008 (revision 141363)
Target is powerpc-unknown-eabisim
Host is x86_64-unknown-linux-gnu
=== gcc tests ===
Running target powerpc-sim
FAIL: gcc.c-torture/execute/builtins/fprintf.c execution, -O1
FAIL: gcc.c-torture/execute/builtins/printf.c execution, -O2
FAIL: gcc.c-torture/execute/builtins/printf.c execution, -O3 -fomit-frame-pointer
FAIL: gcc.c-torture/execute/builtins/printf.c execution, -O3 -g
FAIL: gcc.c-torture/execute/20020406-1.c execution, -O1
FAIL: gcc.c-torture/execute/nest-align-1.c execution, -O0
FAIL: gcc.c-torture/execute/nest-align-1.c execution, -O1
FAIL: gcc.c-torture/execute/nest-align-1.c execution, -O2
FAIL: gcc.c-torture/execute/nest-align-1.c execution, -Os
FAIL: gcc.c-torture/execute/printf-1.c execution, -O1
FAIL: gcc.c-torture/execute/printf-1.c execution, -O2
FAIL: gcc.c-torture/execute/printf-1.c execution, -O3 -fomit-frame-pointer
FAIL: gcc.c-torture/execute/printf-chk-1.c execution, -O3 -g
FAIL: gcc.c-torture/execute/va-arg-21.c execution, -O3 -g
FAIL: gcc.c-torture/execute/va-arg-21.c execution, -Os
FAIL: gcc.c-torture/execute/vprintf-chk-1.c execution, -O0
FAIL: gcc.c-torture/execute/vprintf-chk-1.c execution, -O1
FAIL: gcc.c-torture/execute/vprintf-chk-1.c execution, -O2
FAIL: gcc.c-torture/execute/vprintf-chk-1.c execution, -O3 -fomit-frame-pointer
FAIL: gcc.c-torture/execute/ieee/inf-1.c execution, -O0
FAIL: gcc.dg/cpp/assert4.c -fno-show-column (test for excess errors)
XPASS: gcc.dg/20020103-1.c scan-assembler-not LC[0-9]
FAIL: gcc.dg/20061124-1.c execution test
FAIL: gcc.dg/and-1.c scan-assembler-not nand
FAIL: gcc.dg/ia64-sync-1.c execution test
FAIL: gcc.dg/ia64-sync-2.c execution test
FAIL: gcc.dg/ia64-sync-3.c execution test
FAIL: gcc.dg/memcpy-1.c scan-tree-dump-times optimized "nasty_local" 0
FAIL: gcc.dg/pr33645-3.c scan-assembler-not var1_t
FAIL: gcc.dg/pr34856.c (test for excess errors)
FAIL: gcc.dg/pr35729.c scan-rtl-dump-times loop2_invariant "Decided to move invariant" 0
FAIL: gcc.dg/sync-2.c execution test
FAIL: gcc.dg/sync-3.c execution test
FAIL: gcc.dg/pch/valid-1b.c -O0 -g -I. (test for excess errors)
FAIL: gcc.dg/pch/valid-1b.c -O0 -g assembly comparison
FAIL: gcc.dg/pch/valid-1b.c -O0 -I. (test for excess errors)
FAIL: gcc.dg/pch/valid-1b.c -O0 assembly comparison
FAIL: gcc.dg/pch/valid-1b.c -O1 -I. (test for excess errors)
FAIL: gcc.dg/pch/valid-1b.c -O1 assembly comparison
FAIL: gcc.dg/pch/valid-1b.c -O2 -I. (test for excess errors)
FAIL: gcc.dg/pch/valid-1b.c -O2 assembly comparison
FAIL: gcc.dg/pch/valid-1b.c -O3 -fomit-frame-pointer -I. (test for excess errors)
FAIL: gcc.dg/pch/valid-1b.c -O3 -fomit-frame-pointer assembly comparison
FAIL: gcc.dg/pch/valid-1b.c -O3 -g -I. (test for excess errors)
FAIL: gcc.dg/pch/valid-1b.c -O3 -g assembly comparison
FAIL: gcc.dg/pch/valid-1b.c -Os -I. (test for excess errors)
FAIL: gcc.dg/pch/valid-1b.c -Os assembly comparison
WARNING: program timed out.
FAIL: gcc.dg/tree-ssa/pr22236.c execution test
FAIL: gcc.dg/tree-ssa/vrp47.c scan-tree-dump-times vrp1 "[xy][^ ]* !=" 0
FAIL: gcc.dg/tree-ssa/vrp47.c scan-tree-dump-times dom1 "x[^ ]* & y" 1
FAIL: gcc.dg/vect/costmodel/ppc/costmodel-slp-12.c scan-tree-dump-times vect "vectorized 1 loops" 1
FAIL: gcc.dg/vect/costmodel/ppc/costmodel-slp-12.c scan-tree-dump-times vect "vectorizing stmts using SLP" 1
FAIL: gcc.dg/vect/vect-67.c scan-tree-dump-times vect "vectorized 1 loops" 1
FAIL: gcc.dg/vect/vect-82.c execution test
FAIL: gcc.dg/vect/vect-83.c execution test
FAIL: gcc.target/powerpc/20020118-1.c execution test
FAIL: gcc.target/powerpc/20030218-1.c (test for errors, line 14)
FAIL: gcc.target/powerpc/20030218-1.c (test for errors, line 18)
FAIL: gcc.target/powerpc/20030218-1.c (test for errors, line 21)
FAIL: gcc.target/powerpc/20030218-1.c (test for excess errors)
FAIL: gcc.target/powerpc/altivec-1.c execution test
FAIL: gcc.target/powerpc/altivec-12.c execution test
FAIL: gcc.target/powerpc/altivec-24.c execution test
FAIL: gcc.target/powerpc/altivec-3.c execution test
FAIL: gcc.target/powerpc/altivec-cell-2.c execution test
FAIL: gcc.target/powerpc/altivec-cell-3.c execution test
FAIL: gcc.target/powerpc/altivec-cell-4.c execution test
FAIL: gcc.target/powerpc/altivec-cell-8.c execution test
FAIL: gcc.target/powerpc/altivec-consts.c execution test
FAIL: gcc.target/powerpc/altivec-varargs-1.c execution test
FAIL: gcc.target/powerpc/altivec-vec-merge.c execution test
FAIL: gcc.target/powerpc/darwin-longlong.c execution test
FAIL: gcc.target/powerpc/ppc64-double-1.c scan-assembler-not stfd
FAIL: gcc.target/powerpc/pr18096-1.c stack frame too large (test for errors, line 8)
FAIL: gcc.target/powerpc/pr18096-1.c (test for excess errors)
FAIL: gcc.target/powerpc/pr35907.c execution test
FAIL: gcc.target/powerpc/spe1.c (test for excess errors)
=== gcc Summary ===
# of expected passes 49989
# of unexpected failures 76
# of unexpected successes 1
# of expected failures 200
# of unsupported tests 613
/home/mstein/sim/trunk/powerpc-eabisim/build/gcc/xgcc version 4.4.0 20081025 (experimental) [trunk revision 141363] (GCC)
Compiler version: 4.4.0 20081025 (experimental) [trunk revision 141363] (GCC) gcc
Platform: powerpc-unknown-eabisim
configure flags: --target=powerpc-eabisim --prefix=/home/mstein/cross-local/powerpc-eabisim --enable-languages=c --disable-nls --disable-build-warnings --with-sysroot=/home/mstein/cross-local/powerpc-eabisim --with-build-sysroot=/home/mstein/cross-local/powerpc-eabisim --with-ld=/home/mstein/cross-local/powerpc-eabisim/usr/bin/ld --with-as=/home/mstein/cross-local/powerpc-eabisim/usr/bin/as --disable-libssp --with-mpfr=/opt/cfarm/mpfr-2.3.1
More information about the Gcc-testresults
mailing list