Results for 4.4.0 20081018 (experimental) (GCC) testsuite on i686-pc-linux-gnu
ghazi@gcc12.fsffrance.org
ghazi@gcc12.fsffrance.org
Mon Oct 20 07:54:00 GMT 2008
LAST_UPDATED:
Native configuration is i686-pc-linux-gnu
=== g++ tests ===
Running target unix/-fPIC
FAIL: g++.dg/ipa/iinline-1.C scan-ipa-dump inline "String::funcOne[^\\n]*inline copy in int main"
FAIL: g++.dg/other/PR23205.C scan-assembler .stabs.*foobar:c=i
=== g++ Summary for unix/-fPIC ===
# of expected passes 19068
# of unexpected failures 2
# of expected failures 81
# of unsupported tests 100
Running target unix/-fpic
FAIL: g++.dg/ipa/iinline-1.C scan-ipa-dump inline "String::funcOne[^\\n]*inline copy in int main"
FAIL: g++.dg/other/PR23205.C scan-assembler .stabs.*foobar:c=i
=== g++ Summary for unix/-fpic ===
# of expected passes 19068
# of unexpected failures 2
# of expected failures 81
# of unsupported tests 100
Running target unix
FAIL: g++.dg/other/PR23205.C scan-assembler .stabs.*foobar:c=i
=== g++ Summary for unix ===
# of expected passes 19073
# of unexpected failures 1
# of expected failures 81
# of unsupported tests 97
=== g++ Summary ===
# of expected passes 57209
# of unexpected failures 5
# of expected failures 243
# of unsupported tests 297
/home/ghazi/gcc-testing/44/build/gcc/testsuite/g++/../../g++ version 4.4.0 20081018 (experimental) (GCC)
=== gcc tests ===
Running target unix/-fPIC
FAIL: gcc.dg/debug/dwarf2/dwarf-die3.c scan-assembler-not DW_AT_inline
WARNING: program timed out.
FAIL: gcc.dg/20020425-1.c (test for excess errors)
FAIL: gcc.dg/pr30286.c execution test
FAIL: gcc.dg/pr33645-3.c scan-assembler-not var1_t
FAIL: gcc.dg/pr35729.c scan-rtl-dump-times loop2_invariant "Decided to move invariant" 0
FAIL: gcc.dg/ipa/ipacost-2.c scan-ipa-dump-times cp "versioned function i_can_not_be_propagated_fully2" 1
FAIL: gcc.dg/ipa/ipacost-2.c scan-ipa-dump-times cp "versioned function i_can_not_be_propagated_fully " 1
FAIL: gcc.dg/pch/valid-1b.c -O0 -g -I. (test for excess errors)
FAIL: gcc.dg/pch/valid-1b.c -O0 -g assembly comparison
FAIL: gcc.dg/pch/valid-1b.c -O0 -I. (test for excess errors)
FAIL: gcc.dg/pch/valid-1b.c -O0 assembly comparison
FAIL: gcc.dg/pch/valid-1b.c -O1 -I. (test for excess errors)
FAIL: gcc.dg/pch/valid-1b.c -O1 assembly comparison
FAIL: gcc.dg/pch/valid-1b.c -O2 -I. (test for excess errors)
FAIL: gcc.dg/pch/valid-1b.c -O2 assembly comparison
FAIL: gcc.dg/pch/valid-1b.c -O3 -fomit-frame-pointer -I. (test for excess errors)
FAIL: gcc.dg/pch/valid-1b.c -O3 -fomit-frame-pointer assembly comparison
FAIL: gcc.dg/pch/valid-1b.c -O3 -g -I. (test for excess errors)
FAIL: gcc.dg/pch/valid-1b.c -O3 -g assembly comparison
FAIL: gcc.dg/pch/valid-1b.c -Os -I. (test for excess errors)
FAIL: gcc.dg/pch/valid-1b.c -Os assembly comparison
FAIL: gcc.dg/tree-ssa/inline-2.c (test for excess errors)
FAIL: gcc.dg/vect/vect-67.c scan-tree-dump-times vect "vectorized 1 loops" 1
FAIL: gcc.dg/vect/no-scevccp-outer-13.c scan-tree-dump-times vect "OUTER LOOP VECTORIZED." 1
FAIL: gcc.dg/vect/no-scevccp-outer-7.c scan-tree-dump-times vect "OUTER LOOP VECTORIZED." 1
FAIL: gcc.target/i386/opt-1.c (internal compiler error)
FAIL: gcc.target/i386/opt-1.c (test for excess errors)
ERROR: gcc.target/i386/opt-1.c: error executing dg-final: couldn't open "opt-1.s": no such file or directory
UNRESOLVED: gcc.target/i386/opt-1.c: error executing dg-final: couldn't open "opt-1.s": no such file or directory
FAIL: gcc.target/i386/opt-2.c (internal compiler error)
FAIL: gcc.target/i386/opt-2.c (test for excess errors)
ERROR: gcc.target/i386/opt-2.c: error executing dg-final: couldn't open "opt-2.s": no such file or directory
UNRESOLVED: gcc.target/i386/opt-2.c: error executing dg-final: couldn't open "opt-2.s": no such file or directory
FAIL: gcc.target/i386/quad-sse.c scan-assembler-not call
=== gcc Summary for unix/-fPIC ===
# of expected passes 53711
# of unexpected failures 30
# of expected failures 202
# of unresolved testcases 2
# of unsupported tests 1038
Running target unix/-fpic
FAIL: gcc.dg/debug/dwarf2/dwarf-die3.c scan-assembler-not DW_AT_inline
WARNING: program timed out.
FAIL: gcc.dg/20020425-1.c (test for excess errors)
FAIL: gcc.dg/pr30286.c execution test
FAIL: gcc.dg/pr33645-3.c scan-assembler-not var1_t
FAIL: gcc.dg/pr35729.c scan-rtl-dump-times loop2_invariant "Decided to move invariant" 0
FAIL: gcc.dg/ipa/ipacost-2.c scan-ipa-dump-times cp "versioned function i_can_not_be_propagated_fully2" 1
FAIL: gcc.dg/ipa/ipacost-2.c scan-ipa-dump-times cp "versioned function i_can_not_be_propagated_fully " 1
FAIL: gcc.dg/pch/valid-1b.c -O0 -g -I. (test for excess errors)
FAIL: gcc.dg/pch/valid-1b.c -O0 -g assembly comparison
FAIL: gcc.dg/pch/valid-1b.c -O0 -I. (test for excess errors)
FAIL: gcc.dg/pch/valid-1b.c -O0 assembly comparison
FAIL: gcc.dg/pch/valid-1b.c -O1 -I. (test for excess errors)
FAIL: gcc.dg/pch/valid-1b.c -O1 assembly comparison
FAIL: gcc.dg/pch/valid-1b.c -O2 -I. (test for excess errors)
FAIL: gcc.dg/pch/valid-1b.c -O2 assembly comparison
FAIL: gcc.dg/pch/valid-1b.c -O3 -fomit-frame-pointer -I. (test for excess errors)
FAIL: gcc.dg/pch/valid-1b.c -O3 -fomit-frame-pointer assembly comparison
FAIL: gcc.dg/pch/valid-1b.c -O3 -g -I. (test for excess errors)
FAIL: gcc.dg/pch/valid-1b.c -O3 -g assembly comparison
FAIL: gcc.dg/pch/valid-1b.c -Os -I. (test for excess errors)
FAIL: gcc.dg/pch/valid-1b.c -Os assembly comparison
FAIL: gcc.dg/tree-ssa/inline-2.c (test for excess errors)
FAIL: gcc.dg/vect/vect-67.c scan-tree-dump-times vect "vectorized 1 loops" 1
FAIL: gcc.dg/vect/no-scevccp-outer-13.c scan-tree-dump-times vect "OUTER LOOP VECTORIZED." 1
FAIL: gcc.dg/vect/no-scevccp-outer-7.c scan-tree-dump-times vect "OUTER LOOP VECTORIZED." 1
FAIL: gcc.target/i386/opt-1.c (internal compiler error)
FAIL: gcc.target/i386/opt-1.c (test for excess errors)
ERROR: gcc.target/i386/opt-1.c: error executing dg-final: couldn't open "opt-1.s": no such file or directory
UNRESOLVED: gcc.target/i386/opt-1.c: error executing dg-final: couldn't open "opt-1.s": no such file or directory
FAIL: gcc.target/i386/opt-2.c (internal compiler error)
FAIL: gcc.target/i386/opt-2.c (test for excess errors)
ERROR: gcc.target/i386/opt-2.c: error executing dg-final: couldn't open "opt-2.s": no such file or directory
UNRESOLVED: gcc.target/i386/opt-2.c: error executing dg-final: couldn't open "opt-2.s": no such file or directory
FAIL: gcc.target/i386/quad-sse.c scan-assembler-not call
=== gcc Summary for unix/-fpic ===
# of expected passes 53711
# of unexpected failures 30
# of expected failures 202
# of unresolved testcases 2
# of unsupported tests 1038
Running target unix
FAIL: gcc.dg/debug/dwarf2/dwarf-die3.c scan-assembler-not DW_AT_inline
WARNING: program timed out.
FAIL: gcc.dg/20020425-1.c (test for excess errors)
FAIL: gcc.dg/pr30286.c execution test
FAIL: gcc.dg/pr33645-3.c scan-assembler-not var1_t
FAIL: gcc.dg/pch/valid-1b.c -O0 -g -I. (test for excess errors)
FAIL: gcc.dg/pch/valid-1b.c -O0 -g assembly comparison
FAIL: gcc.dg/pch/valid-1b.c -O0 -I. (test for excess errors)
FAIL: gcc.dg/pch/valid-1b.c -O0 assembly comparison
FAIL: gcc.dg/pch/valid-1b.c -O1 -I. (test for excess errors)
FAIL: gcc.dg/pch/valid-1b.c -O1 assembly comparison
FAIL: gcc.dg/pch/valid-1b.c -O2 -I. (test for excess errors)
FAIL: gcc.dg/pch/valid-1b.c -O2 assembly comparison
FAIL: gcc.dg/pch/valid-1b.c -O3 -fomit-frame-pointer -I. (test for excess errors)
FAIL: gcc.dg/pch/valid-1b.c -O3 -fomit-frame-pointer assembly comparison
FAIL: gcc.dg/pch/valid-1b.c -O3 -g -I. (test for excess errors)
FAIL: gcc.dg/pch/valid-1b.c -O3 -g assembly comparison
FAIL: gcc.dg/pch/valid-1b.c -Os -I. (test for excess errors)
FAIL: gcc.dg/pch/valid-1b.c -Os assembly comparison
FAIL: gcc.dg/vect/vect-67.c scan-tree-dump-times vect "vectorized 1 loops" 1
FAIL: gcc.dg/vect/no-scevccp-outer-13.c scan-tree-dump-times vect "OUTER LOOP VECTORIZED." 1
FAIL: gcc.dg/vect/no-scevccp-outer-7.c scan-tree-dump-times vect "OUTER LOOP VECTORIZED." 1
=== gcc Summary for unix ===
# of expected passes 53828
# of unexpected failures 21
# of expected failures 186
# of unsupported tests 1000
=== gcc Summary ===
# of expected passes 161250
# of unexpected failures 81
# of expected failures 590
# of unresolved testcases 4
# of unsupported tests 3076
/home/ghazi/gcc-testing/44/build/gcc/xgcc version 4.4.0 20081018 (experimental) (GCC)
=== gfortran tests ===
Running target unix/-fPIC
FAIL: gfortran.dg/csqrt_2.f -O0 execution test
FAIL: gfortran.dg/csqrt_2.f -O1 execution test
FAIL: gfortran.dg/csqrt_2.f -O2 execution test
FAIL: gfortran.dg/csqrt_2.f -O3 -fomit-frame-pointer execution test
FAIL: gfortran.dg/csqrt_2.f -O3 -fomit-frame-pointer -funroll-loops execution test
FAIL: gfortran.dg/csqrt_2.f -O3 -fomit-frame-pointer -funroll-all-loops -finline-functions execution test
FAIL: gfortran.dg/csqrt_2.f -O3 -g execution test
FAIL: gfortran.dg/csqrt_2.f -Os execution test
=== gfortran Summary for unix/-fPIC ===
# of expected passes 27727
# of unexpected failures 8
# of expected failures 10
# of unsupported tests 97
Running target unix/-fpic
FAIL: gfortran.dg/csqrt_2.f -O0 execution test
FAIL: gfortran.dg/csqrt_2.f -O1 execution test
FAIL: gfortran.dg/csqrt_2.f -O2 execution test
FAIL: gfortran.dg/csqrt_2.f -O3 -fomit-frame-pointer execution test
FAIL: gfortran.dg/csqrt_2.f -O3 -fomit-frame-pointer -funroll-loops execution test
FAIL: gfortran.dg/csqrt_2.f -O3 -fomit-frame-pointer -funroll-all-loops -finline-functions execution test
FAIL: gfortran.dg/csqrt_2.f -O3 -g execution test
FAIL: gfortran.dg/csqrt_2.f -Os execution test
=== gfortran Summary for unix/-fpic ===
# of expected passes 27727
# of unexpected failures 8
# of expected failures 10
# of unsupported tests 97
Running target unix
FAIL: gfortran.dg/csqrt_2.f -O0 execution test
FAIL: gfortran.dg/csqrt_2.f -O1 execution test
FAIL: gfortran.dg/csqrt_2.f -O2 execution test
FAIL: gfortran.dg/csqrt_2.f -O3 -fomit-frame-pointer execution test
FAIL: gfortran.dg/csqrt_2.f -O3 -fomit-frame-pointer -funroll-loops execution test
FAIL: gfortran.dg/csqrt_2.f -O3 -fomit-frame-pointer -funroll-all-loops -finline-functions execution test
FAIL: gfortran.dg/csqrt_2.f -O3 -g execution test
FAIL: gfortran.dg/csqrt_2.f -Os execution test
=== gfortran Summary for unix ===
# of expected passes 27727
# of unexpected failures 8
# of expected failures 10
# of unsupported tests 97
=== gfortran Summary ===
# of expected passes 83181
# of unexpected failures 24
# of expected failures 30
# of unsupported tests 291
/home/ghazi/gcc-testing/44/build/gcc/testsuite/gfortran/../../gfortran version 4.4.0 20081018 (experimental) (GCC)
=== obj-c++ tests ===
Running target unix/-fPIC
WARNING: obj-c++.dg/bitfield-1.mm compilation failed to produce executable
WARNING: obj-c++.dg/lookup-2.mm compilation failed to produce executable
WARNING: obj-c++.dg/try-catch-2.mm compilation failed to produce executable
WARNING: obj-c++.dg/try-catch-9.mm compilation failed to produce executable
=== obj-c++ Summary for unix/-fPIC ===
# of expected passes 437
# of expected failures 11
# of unsupported tests 13
Running target unix/-fpic
WARNING: obj-c++.dg/bitfield-1.mm compilation failed to produce executable
WARNING: obj-c++.dg/lookup-2.mm compilation failed to produce executable
WARNING: obj-c++.dg/try-catch-2.mm compilation failed to produce executable
WARNING: obj-c++.dg/try-catch-9.mm compilation failed to produce executable
=== obj-c++ Summary for unix/-fpic ===
# of expected passes 437
# of expected failures 11
# of unsupported tests 13
Running target unix
WARNING: obj-c++.dg/bitfield-1.mm compilation failed to produce executable
WARNING: obj-c++.dg/lookup-2.mm compilation failed to produce executable
WARNING: obj-c++.dg/try-catch-2.mm compilation failed to produce executable
WARNING: obj-c++.dg/try-catch-9.mm compilation failed to produce executable
=== obj-c++ Summary for unix ===
# of expected passes 437
# of expected failures 11
# of unsupported tests 13
=== obj-c++ Summary ===
# of expected passes 1311
# of expected failures 33
# of unsupported tests 39
/home/ghazi/gcc-testing/44/build/gcc/testsuite/obj-c++/../../g++ version 4.4.0 20081018 (experimental) (GCC)
=== objc tests ===
Running target unix/-fPIC
=== objc Summary for unix/-fPIC ===
# of expected passes 1814
# of expected failures 7
# of unsupported tests 24
Running target unix/-fpic
=== objc Summary for unix/-fpic ===
# of expected passes 1814
# of expected failures 7
# of unsupported tests 24
Running target unix
=== objc Summary for unix ===
# of expected passes 1814
# of expected failures 7
# of unsupported tests 24
=== objc Summary ===
# of expected passes 5442
# of expected failures 21
# of unsupported tests 72
/home/ghazi/gcc-testing/44/build/gcc/xgcc version 4.4.0 20081018 (experimental) (GCC)
=== libffi tests ===
Running target unix/-fPIC
=== libffi Summary for unix/-fPIC ===
# of expected passes 1389
# of unsupported tests 10
Running target unix/-fpic
=== libffi Summary for unix/-fpic ===
# of expected passes 1389
# of unsupported tests 10
Running target unix
=== libffi Summary for unix ===
# of expected passes 1389
# of unsupported tests 10
=== libffi Summary ===
# of expected passes 4167
# of unsupported tests 30
=== libgomp tests ===
Running target unix/-fPIC
=== libgomp Summary for unix/-fPIC ===
# of expected passes 2289
Running target unix/-fpic
=== libgomp Summary for unix/-fpic ===
# of expected passes 2289
Running target unix
=== libgomp Summary for unix ===
# of expected passes 2289
=== libgomp Summary ===
# of expected passes 6867
=== libjava tests ===
Running target unix/-fPIC
=== libjava Summary for unix/-fPIC ===
# of expected passes 2574
Running target unix/-fpic
=== libjava Summary for unix/-fpic ===
# of expected passes 2574
Running target unix
=== libjava Summary for unix ===
# of expected passes 2574
=== libjava Summary ===
# of expected passes 7722
=== libmudflap tests ===
Running target unix/-fPIC
FAIL: libmudflap.c++/pass41-frag.cxx execution test
FAIL: libmudflap.c++/pass41-frag.cxx (-static) execution test
FAIL: libmudflap.c++/pass41-frag.cxx (-O2) execution test
FAIL: libmudflap.c++/pass41-frag.cxx (-O3) execution test
WARNING: program timed out.
FAIL: libmudflap.cth/pass39-frag.c (rerun 17) execution test
FAIL: libmudflap.cth/pass39-frag.c (rerun 17) output pattern test
WARNING: program timed out.
FAIL: libmudflap.cth/pass39-frag.c (rerun 18) execution test
FAIL: libmudflap.cth/pass39-frag.c (rerun 18) output pattern test
FAIL: libmudflap.cth/pass37-frag.c (-static -DSTATIC) execution test
FAIL: libmudflap.cth/pass37-frag.c (-static -DSTATIC) output pattern test
FAIL: libmudflap.cth/pass37-frag.c (-static -DSTATIC) (rerun 1) execution test
FAIL: libmudflap.cth/pass37-frag.c (-static -DSTATIC) (rerun 1) output pattern test
FAIL: libmudflap.cth/pass37-frag.c (-static -DSTATIC) (rerun 2) execution test
FAIL: libmudflap.cth/pass37-frag.c (-static -DSTATIC) (rerun 2) output pattern test
FAIL: libmudflap.cth/pass37-frag.c (-static -DSTATIC) (rerun 3) execution test
FAIL: libmudflap.cth/pass37-frag.c (-static -DSTATIC) (rerun 3) output pattern test
FAIL: libmudflap.cth/pass37-frag.c (-static -DSTATIC) (rerun 4) execution test
FAIL: libmudflap.cth/pass37-frag.c (-static -DSTATIC) (rerun 4) output pattern test
FAIL: libmudflap.cth/pass37-frag.c (-static -DSTATIC) (rerun 5) execution test
FAIL: libmudflap.cth/pass37-frag.c (-static -DSTATIC) (rerun 5) output pattern test
FAIL: libmudflap.cth/pass37-frag.c (-static -DSTATIC) (rerun 6) execution test
FAIL: libmudflap.cth/pass37-frag.c (-static -DSTATIC) (rerun 6) output pattern test
FAIL: libmudflap.cth/pass37-frag.c (-static -DSTATIC) (rerun 7) execution test
FAIL: libmudflap.cth/pass37-frag.c (-static -DSTATIC) (rerun 7) output pattern test
FAIL: libmudflap.cth/pass37-frag.c (-static -DSTATIC) (rerun 8) execution test
FAIL: libmudflap.cth/pass37-frag.c (-static -DSTATIC) (rerun 8) output pattern test
FAIL: libmudflap.cth/pass37-frag.c (-static -DSTATIC) (rerun 9) execution test
FAIL: libmudflap.cth/pass37-frag.c (-static -DSTATIC) (rerun 9) output pattern test
FAIL: libmudflap.cth/pass37-frag.c (-static -DSTATIC) (rerun 10) execution test
FAIL: libmudflap.cth/pass37-frag.c (-static -DSTATIC) (rerun 10) output pattern test
FAIL: libmudflap.cth/pass37-frag.c (-static -DSTATIC) (rerun 11) execution test
FAIL: libmudflap.cth/pass37-frag.c (-static -DSTATIC) (rerun 11) output pattern test
FAIL: libmudflap.cth/pass37-frag.c (-static -DSTATIC) (rerun 12) execution test
FAIL: libmudflap.cth/pass37-frag.c (-static -DSTATIC) (rerun 12) output pattern test
FAIL: libmudflap.cth/pass37-frag.c (-static -DSTATIC) (rerun 13) execution test
FAIL: libmudflap.cth/pass37-frag.c (-static -DSTATIC) (rerun 13) output pattern test
FAIL: libmudflap.cth/pass37-frag.c (-static -DSTATIC) (rerun 14) execution test
FAIL: libmudflap.cth/pass37-frag.c (-static -DSTATIC) (rerun 14) output pattern test
FAIL: libmudflap.cth/pass37-frag.c (-static -DSTATIC) (rerun 15) execution test
FAIL: libmudflap.cth/pass37-frag.c (-static -DSTATIC) (rerun 15) output pattern test
FAIL: libmudflap.cth/pass37-frag.c (-static -DSTATIC) (rerun 16) execution test
FAIL: libmudflap.cth/pass37-frag.c (-static -DSTATIC) (rerun 16) output pattern test
FAIL: libmudflap.cth/pass37-frag.c (-static -DSTATIC) (rerun 17) execution test
FAIL: libmudflap.cth/pass37-frag.c (-static -DSTATIC) (rerun 17) output pattern test
FAIL: libmudflap.cth/pass37-frag.c (-static -DSTATIC) (rerun 18) execution test
FAIL: libmudflap.cth/pass37-frag.c (-static -DSTATIC) (rerun 18) output pattern test
FAIL: libmudflap.cth/pass37-frag.c (-static -DSTATIC) (rerun 19) execution test
FAIL: libmudflap.cth/pass37-frag.c (-static -DSTATIC) (rerun 19) output pattern test
FAIL: libmudflap.cth/pass39-frag.c (-static -DSTATIC) execution test
FAIL: libmudflap.cth/pass39-frag.c (-static -DSTATIC) output pattern test
FAIL: libmudflap.cth/pass39-frag.c (-static -DSTATIC) (rerun 1) execution test
FAIL: libmudflap.cth/pass39-frag.c (-static -DSTATIC) (rerun 1) output pattern test
FAIL: libmudflap.cth/pass39-frag.c (-static -DSTATIC) (rerun 2) execution test
FAIL: libmudflap.cth/pass39-frag.c (-static -DSTATIC) (rerun 2) output pattern test
FAIL: libmudflap.cth/pass39-frag.c (-static -DSTATIC) (rerun 3) execution test
FAIL: libmudflap.cth/pass39-frag.c (-static -DSTATIC) (rerun 3) output pattern test
FAIL: libmudflap.cth/pass39-frag.c (-static -DSTATIC) (rerun 4) execution test
FAIL: libmudflap.cth/pass39-frag.c (-static -DSTATIC) (rerun 4) output pattern test
FAIL: libmudflap.cth/pass39-frag.c (-static -DSTATIC) (rerun 5) execution test
FAIL: libmudflap.cth/pass39-frag.c (-static -DSTATIC) (rerun 5) output pattern test
FAIL: libmudflap.cth/pass39-frag.c (-static -DSTATIC) (rerun 6) execution test
FAIL: libmudflap.cth/pass39-frag.c (-static -DSTATIC) (rerun 6) output pattern test
FAIL: libmudflap.cth/pass39-frag.c (-static -DSTATIC) (rerun 7) execution test
FAIL: libmudflap.cth/pass39-frag.c (-static -DSTATIC) (rerun 7) output pattern test
FAIL: libmudflap.cth/pass39-frag.c (-static -DSTATIC) (rerun 8) execution test
FAIL: libmudflap.cth/pass39-frag.c (-static -DSTATIC) (rerun 8) output pattern test
FAIL: libmudflap.cth/pass39-frag.c (-static -DSTATIC) (rerun 9) execution test
FAIL: libmudflap.cth/pass39-frag.c (-static -DSTATIC) (rerun 9) output pattern test
FAIL: libmudflap.cth/pass39-frag.c (-static -DSTATIC) (rerun 10) execution test
FAIL: libmudflap.cth/pass39-frag.c (-static -DSTATIC) (rerun 10) output pattern test
FAIL: libmudflap.cth/pass39-frag.c (-static -DSTATIC) (rerun 11) execution test
FAIL: libmudflap.cth/pass39-frag.c (-static -DSTATIC) (rerun 11) output pattern test
FAIL: libmudflap.cth/pass39-frag.c (-static -DSTATIC) (rerun 12) execution test
FAIL: libmudflap.cth/pass39-frag.c (-static -DSTATIC) (rerun 12) output pattern test
FAIL: libmudflap.cth/pass39-frag.c (-static -DSTATIC) (rerun 13) execution test
FAIL: libmudflap.cth/pass39-frag.c (-static -DSTATIC) (rerun 13) output pattern test
FAIL: libmudflap.cth/pass39-frag.c (-static -DSTATIC) (rerun 14) execution test
FAIL: libmudflap.cth/pass39-frag.c (-static -DSTATIC) (rerun 14) output pattern test
FAIL: libmudflap.cth/pass39-frag.c (-static -DSTATIC) (rerun 15) execution test
FAIL: libmudflap.cth/pass39-frag.c (-static -DSTATIC) (rerun 15) output pattern test
FAIL: libmudflap.cth/pass39-frag.c (-static -DSTATIC) (rerun 16) execution test
FAIL: libmudflap.cth/pass39-frag.c (-static -DSTATIC) (rerun 16) output pattern test
FAIL: libmudflap.cth/pass39-frag.c (-static -DSTATIC) (rerun 17) execution test
FAIL: libmudflap.cth/pass39-frag.c (-static -DSTATIC) (rerun 17) output pattern test
FAIL: libmudflap.cth/pass39-frag.c (-static -DSTATIC) (rerun 18) execution test
FAIL: libmudflap.cth/pass39-frag.c (-static -DSTATIC) (rerun 18) output pattern test
FAIL: libmudflap.cth/pass39-frag.c (-static -DSTATIC) (rerun 19) execution test
FAIL: libmudflap.cth/pass39-frag.c (-static -DSTATIC) (rerun 19) output pattern test
FAIL: libmudflap.cth/pass40-frag.c (-static -DSTATIC) execution test
FAIL: libmudflap.cth/pass40-frag.c (-static -DSTATIC) output pattern test
FAIL: libmudflap.cth/pass59-frag.c (-static -DSTATIC) execution test
FAIL: libmudflap.cth/pass59-frag.c (-static -DSTATIC) output pattern test
WARNING: program timed out.
FAIL: libmudflap.cth/pass37-frag.c (-O2) (rerun 13) execution test
FAIL: libmudflap.cth/pass37-frag.c (-O2) (rerun 13) output pattern test
WARNING: program timed out.
FAIL: libmudflap.cth/pass37-frag.c (-O2) (rerun 15) execution test
FAIL: libmudflap.cth/pass37-frag.c (-O2) (rerun 15) output pattern test
WARNING: program timed out.
FAIL: libmudflap.cth/pass39-frag.c (-O3) (rerun 15) execution test
FAIL: libmudflap.cth/pass39-frag.c (-O3) (rerun 15) output pattern test
WARNING: program timed out.
FAIL: libmudflap.cth/pass39-frag.c (-O3) (rerun 17) execution test
FAIL: libmudflap.cth/pass39-frag.c (-O3) (rerun 17) output pattern test
WARNING: program timed out.
FAIL: libmudflap.cth/pass39-frag.c (-O3) (rerun 18) execution test
FAIL: libmudflap.cth/pass39-frag.c (-O3) (rerun 18) output pattern test
=== libmudflap Summary for unix/-fPIC ===
# of expected passes 1784
# of unexpected failures 102
Running target unix/-fpic
FAIL: libmudflap.c++/pass41-frag.cxx execution test
FAIL: libmudflap.c++/pass41-frag.cxx (-static) execution test
FAIL: libmudflap.c++/pass41-frag.cxx (-O2) execution test
FAIL: libmudflap.c++/pass41-frag.cxx (-O3) execution test
FAIL: libmudflap.cth/pass37-frag.c (-static -DSTATIC) execution test
FAIL: libmudflap.cth/pass37-frag.c (-static -DSTATIC) output pattern test
FAIL: libmudflap.cth/pass37-frag.c (-static -DSTATIC) (rerun 1) execution test
FAIL: libmudflap.cth/pass37-frag.c (-static -DSTATIC) (rerun 1) output pattern test
FAIL: libmudflap.cth/pass37-frag.c (-static -DSTATIC) (rerun 2) execution test
FAIL: libmudflap.cth/pass37-frag.c (-static -DSTATIC) (rerun 2) output pattern test
FAIL: libmudflap.cth/pass37-frag.c (-static -DSTATIC) (rerun 3) execution test
FAIL: libmudflap.cth/pass37-frag.c (-static -DSTATIC) (rerun 3) output pattern test
FAIL: libmudflap.cth/pass37-frag.c (-static -DSTATIC) (rerun 4) execution test
FAIL: libmudflap.cth/pass37-frag.c (-static -DSTATIC) (rerun 4) output pattern test
FAIL: libmudflap.cth/pass37-frag.c (-static -DSTATIC) (rerun 5) execution test
FAIL: libmudflap.cth/pass37-frag.c (-static -DSTATIC) (rerun 5) output pattern test
FAIL: libmudflap.cth/pass37-frag.c (-static -DSTATIC) (rerun 6) execution test
FAIL: libmudflap.cth/pass37-frag.c (-static -DSTATIC) (rerun 6) output pattern test
FAIL: libmudflap.cth/pass37-frag.c (-static -DSTATIC) (rerun 7) execution test
FAIL: libmudflap.cth/pass37-frag.c (-static -DSTATIC) (rerun 7) output pattern test
FAIL: libmudflap.cth/pass37-frag.c (-static -DSTATIC) (rerun 8) execution test
FAIL: libmudflap.cth/pass37-frag.c (-static -DSTATIC) (rerun 8) output pattern test
FAIL: libmudflap.cth/pass37-frag.c (-static -DSTATIC) (rerun 9) execution test
FAIL: libmudflap.cth/pass37-frag.c (-static -DSTATIC) (rerun 9) output pattern test
FAIL: libmudflap.cth/pass37-frag.c (-static -DSTATIC) (rerun 10) execution test
FAIL: libmudflap.cth/pass37-frag.c (-static -DSTATIC) (rerun 10) output pattern test
FAIL: libmudflap.cth/pass37-frag.c (-static -DSTATIC) (rerun 11) execution test
FAIL: libmudflap.cth/pass37-frag.c (-static -DSTATIC) (rerun 11) output pattern test
FAIL: libmudflap.cth/pass37-frag.c (-static -DSTATIC) (rerun 12) execution test
FAIL: libmudflap.cth/pass37-frag.c (-static -DSTATIC) (rerun 12) output pattern test
FAIL: libmudflap.cth/pass37-frag.c (-static -DSTATIC) (rerun 13) execution test
FAIL: libmudflap.cth/pass37-frag.c (-static -DSTATIC) (rerun 13) output pattern test
FAIL: libmudflap.cth/pass37-frag.c (-static -DSTATIC) (rerun 14) execution test
FAIL: libmudflap.cth/pass37-frag.c (-static -DSTATIC) (rerun 14) output pattern test
FAIL: libmudflap.cth/pass37-frag.c (-static -DSTATIC) (rerun 15) execution test
FAIL: libmudflap.cth/pass37-frag.c (-static -DSTATIC) (rerun 15) output pattern test
FAIL: libmudflap.cth/pass37-frag.c (-static -DSTATIC) (rerun 16) execution test
FAIL: libmudflap.cth/pass37-frag.c (-static -DSTATIC) (rerun 16) output pattern test
FAIL: libmudflap.cth/pass37-frag.c (-static -DSTATIC) (rerun 17) execution test
FAIL: libmudflap.cth/pass37-frag.c (-static -DSTATIC) (rerun 17) output pattern test
FAIL: libmudflap.cth/pass37-frag.c (-static -DSTATIC) (rerun 18) execution test
FAIL: libmudflap.cth/pass37-frag.c (-static -DSTATIC) (rerun 18) output pattern test
FAIL: libmudflap.cth/pass37-frag.c (-static -DSTATIC) (rerun 19) execution test
FAIL: libmudflap.cth/pass37-frag.c (-static -DSTATIC) (rerun 19) output pattern test
FAIL: libmudflap.cth/pass39-frag.c (-static -DSTATIC) execution test
FAIL: libmudflap.cth/pass39-frag.c (-static -DSTATIC) output pattern test
FAIL: libmudflap.cth/pass39-frag.c (-static -DSTATIC) (rerun 1) execution test
FAIL: libmudflap.cth/pass39-frag.c (-static -DSTATIC) (rerun 1) output pattern test
FAIL: libmudflap.cth/pass39-frag.c (-static -DSTATIC) (rerun 2) execution test
FAIL: libmudflap.cth/pass39-frag.c (-static -DSTATIC) (rerun 2) output pattern test
FAIL: libmudflap.cth/pass39-frag.c (-static -DSTATIC) (rerun 3) execution test
FAIL: libmudflap.cth/pass39-frag.c (-static -DSTATIC) (rerun 3) output pattern test
FAIL: libmudflap.cth/pass39-frag.c (-static -DSTATIC) (rerun 4) execution test
FAIL: libmudflap.cth/pass39-frag.c (-static -DSTATIC) (rerun 4) output pattern test
FAIL: libmudflap.cth/pass39-frag.c (-static -DSTATIC) (rerun 5) execution test
FAIL: libmudflap.cth/pass39-frag.c (-static -DSTATIC) (rerun 5) output pattern test
FAIL: libmudflap.cth/pass39-frag.c (-static -DSTATIC) (rerun 6) execution test
FAIL: libmudflap.cth/pass39-frag.c (-static -DSTATIC) (rerun 6) output pattern test
FAIL: libmudflap.cth/pass39-frag.c (-static -DSTATIC) (rerun 7) execution test
FAIL: libmudflap.cth/pass39-frag.c (-static -DSTATIC) (rerun 7) output pattern test
FAIL: libmudflap.cth/pass39-frag.c (-static -DSTATIC) (rerun 8) execution test
FAIL: libmudflap.cth/pass39-frag.c (-static -DSTATIC) (rerun 8) output pattern test
FAIL: libmudflap.cth/pass39-frag.c (-static -DSTATIC) (rerun 9) execution test
FAIL: libmudflap.cth/pass39-frag.c (-static -DSTATIC) (rerun 9) output pattern test
FAIL: libmudflap.cth/pass39-frag.c (-static -DSTATIC) (rerun 10) execution test
FAIL: libmudflap.cth/pass39-frag.c (-static -DSTATIC) (rerun 10) output pattern test
FAIL: libmudflap.cth/pass39-frag.c (-static -DSTATIC) (rerun 11) execution test
FAIL: libmudflap.cth/pass39-frag.c (-static -DSTATIC) (rerun 11) output pattern test
FAIL: libmudflap.cth/pass39-frag.c (-static -DSTATIC) (rerun 12) execution test
FAIL: libmudflap.cth/pass39-frag.c (-static -DSTATIC) (rerun 12) output pattern test
FAIL: libmudflap.cth/pass39-frag.c (-static -DSTATIC) (rerun 13) execution test
FAIL: libmudflap.cth/pass39-frag.c (-static -DSTATIC) (rerun 13) output pattern test
FAIL: libmudflap.cth/pass39-frag.c (-static -DSTATIC) (rerun 14) execution test
FAIL: libmudflap.cth/pass39-frag.c (-static -DSTATIC) (rerun 14) output pattern test
FAIL: libmudflap.cth/pass39-frag.c (-static -DSTATIC) (rerun 15) execution test
FAIL: libmudflap.cth/pass39-frag.c (-static -DSTATIC) (rerun 15) output pattern test
FAIL: libmudflap.cth/pass39-frag.c (-static -DSTATIC) (rerun 16) execution test
FAIL: libmudflap.cth/pass39-frag.c (-static -DSTATIC) (rerun 16) output pattern test
FAIL: libmudflap.cth/pass39-frag.c (-static -DSTATIC) (rerun 17) execution test
FAIL: libmudflap.cth/pass39-frag.c (-static -DSTATIC) (rerun 17) output pattern test
FAIL: libmudflap.cth/pass39-frag.c (-static -DSTATIC) (rerun 18) execution test
FAIL: libmudflap.cth/pass39-frag.c (-static -DSTATIC) (rerun 18) output pattern test
FAIL: libmudflap.cth/pass39-frag.c (-static -DSTATIC) (rerun 19) execution test
FAIL: libmudflap.cth/pass39-frag.c (-static -DSTATIC) (rerun 19) output pattern test
FAIL: libmudflap.cth/pass40-frag.c (-static -DSTATIC) execution test
FAIL: libmudflap.cth/pass40-frag.c (-static -DSTATIC) output pattern test
FAIL: libmudflap.cth/pass59-frag.c (-static -DSTATIC) execution test
FAIL: libmudflap.cth/pass59-frag.c (-static -DSTATIC) output pattern test
WARNING: program timed out.
FAIL: libmudflap.cth/pass39-frag.c (-O3) (rerun 2) execution test
FAIL: libmudflap.cth/pass39-frag.c (-O3) (rerun 2) output pattern test
=== libmudflap Summary for unix/-fpic ===
# of expected passes 1796
# of unexpected failures 90
Running target unix
FAIL: libmudflap.c++/pass41-frag.cxx execution test
FAIL: libmudflap.c++/pass41-frag.cxx (-static) execution test
FAIL: libmudflap.c++/pass41-frag.cxx (-O2) execution test
FAIL: libmudflap.c++/pass41-frag.cxx (-O3) execution test
FAIL: libmudflap.cth/pass37-frag.c (-static -DSTATIC) execution test
FAIL: libmudflap.cth/pass37-frag.c (-static -DSTATIC) output pattern test
FAIL: libmudflap.cth/pass37-frag.c (-static -DSTATIC) (rerun 1) execution test
FAIL: libmudflap.cth/pass37-frag.c (-static -DSTATIC) (rerun 1) output pattern test
FAIL: libmudflap.cth/pass37-frag.c (-static -DSTATIC) (rerun 2) execution test
FAIL: libmudflap.cth/pass37-frag.c (-static -DSTATIC) (rerun 2) output pattern test
FAIL: libmudflap.cth/pass37-frag.c (-static -DSTATIC) (rerun 3) execution test
FAIL: libmudflap.cth/pass37-frag.c (-static -DSTATIC) (rerun 3) output pattern test
FAIL: libmudflap.cth/pass37-frag.c (-static -DSTATIC) (rerun 4) execution test
FAIL: libmudflap.cth/pass37-frag.c (-static -DSTATIC) (rerun 4) output pattern test
FAIL: libmudflap.cth/pass37-frag.c (-static -DSTATIC) (rerun 5) execution test
FAIL: libmudflap.cth/pass37-frag.c (-static -DSTATIC) (rerun 5) output pattern test
FAIL: libmudflap.cth/pass37-frag.c (-static -DSTATIC) (rerun 6) execution test
FAIL: libmudflap.cth/pass37-frag.c (-static -DSTATIC) (rerun 6) output pattern test
FAIL: libmudflap.cth/pass37-frag.c (-static -DSTATIC) (rerun 7) execution test
FAIL: libmudflap.cth/pass37-frag.c (-static -DSTATIC) (rerun 7) output pattern test
FAIL: libmudflap.cth/pass37-frag.c (-static -DSTATIC) (rerun 8) execution test
FAIL: libmudflap.cth/pass37-frag.c (-static -DSTATIC) (rerun 8) output pattern test
FAIL: libmudflap.cth/pass37-frag.c (-static -DSTATIC) (rerun 9) execution test
FAIL: libmudflap.cth/pass37-frag.c (-static -DSTATIC) (rerun 9) output pattern test
FAIL: libmudflap.cth/pass37-frag.c (-static -DSTATIC) (rerun 10) execution test
FAIL: libmudflap.cth/pass37-frag.c (-static -DSTATIC) (rerun 10) output pattern test
FAIL: libmudflap.cth/pass37-frag.c (-static -DSTATIC) (rerun 11) execution test
FAIL: libmudflap.cth/pass37-frag.c (-static -DSTATIC) (rerun 11) output pattern test
FAIL: libmudflap.cth/pass37-frag.c (-static -DSTATIC) (rerun 12) execution test
FAIL: libmudflap.cth/pass37-frag.c (-static -DSTATIC) (rerun 12) output pattern test
FAIL: libmudflap.cth/pass37-frag.c (-static -DSTATIC) (rerun 13) execution test
FAIL: libmudflap.cth/pass37-frag.c (-static -DSTATIC) (rerun 13) output pattern test
FAIL: libmudflap.cth/pass37-frag.c (-static -DSTATIC) (rerun 14) execution test
FAIL: libmudflap.cth/pass37-frag.c (-static -DSTATIC) (rerun 14) output pattern test
FAIL: libmudflap.cth/pass37-frag.c (-static -DSTATIC) (rerun 15) execution test
FAIL: libmudflap.cth/pass37-frag.c (-static -DSTATIC) (rerun 15) output pattern test
FAIL: libmudflap.cth/pass37-frag.c (-static -DSTATIC) (rerun 16) execution test
FAIL: libmudflap.cth/pass37-frag.c (-static -DSTATIC) (rerun 16) output pattern test
FAIL: libmudflap.cth/pass37-frag.c (-static -DSTATIC) (rerun 17) execution test
FAIL: libmudflap.cth/pass37-frag.c (-static -DSTATIC) (rerun 17) output pattern test
FAIL: libmudflap.cth/pass37-frag.c (-static -DSTATIC) (rerun 18) execution test
FAIL: libmudflap.cth/pass37-frag.c (-static -DSTATIC) (rerun 18) output pattern test
FAIL: libmudflap.cth/pass37-frag.c (-static -DSTATIC) (rerun 19) execution test
FAIL: libmudflap.cth/pass37-frag.c (-static -DSTATIC) (rerun 19) output pattern test
FAIL: libmudflap.cth/pass39-frag.c (-static -DSTATIC) execution test
FAIL: libmudflap.cth/pass39-frag.c (-static -DSTATIC) output pattern test
FAIL: libmudflap.cth/pass39-frag.c (-static -DSTATIC) (rerun 1) execution test
FAIL: libmudflap.cth/pass39-frag.c (-static -DSTATIC) (rerun 1) output pattern test
FAIL: libmudflap.cth/pass39-frag.c (-static -DSTATIC) (rerun 2) execution test
FAIL: libmudflap.cth/pass39-frag.c (-static -DSTATIC) (rerun 2) output pattern test
FAIL: libmudflap.cth/pass39-frag.c (-static -DSTATIC) (rerun 3) execution test
FAIL: libmudflap.cth/pass39-frag.c (-static -DSTATIC) (rerun 3) output pattern test
FAIL: libmudflap.cth/pass39-frag.c (-static -DSTATIC) (rerun 4) execution test
FAIL: libmudflap.cth/pass39-frag.c (-static -DSTATIC) (rerun 4) output pattern test
FAIL: libmudflap.cth/pass39-frag.c (-static -DSTATIC) (rerun 5) execution test
FAIL: libmudflap.cth/pass39-frag.c (-static -DSTATIC) (rerun 5) output pattern test
FAIL: libmudflap.cth/pass39-frag.c (-static -DSTATIC) (rerun 6) execution test
FAIL: libmudflap.cth/pass39-frag.c (-static -DSTATIC) (rerun 6) output pattern test
FAIL: libmudflap.cth/pass39-frag.c (-static -DSTATIC) (rerun 7) execution test
FAIL: libmudflap.cth/pass39-frag.c (-static -DSTATIC) (rerun 7) output pattern test
FAIL: libmudflap.cth/pass39-frag.c (-static -DSTATIC) (rerun 8) execution test
FAIL: libmudflap.cth/pass39-frag.c (-static -DSTATIC) (rerun 8) output pattern test
FAIL: libmudflap.cth/pass39-frag.c (-static -DSTATIC) (rerun 9) execution test
FAIL: libmudflap.cth/pass39-frag.c (-static -DSTATIC) (rerun 9) output pattern test
FAIL: libmudflap.cth/pass39-frag.c (-static -DSTATIC) (rerun 10) execution test
FAIL: libmudflap.cth/pass39-frag.c (-static -DSTATIC) (rerun 10) output pattern test
FAIL: libmudflap.cth/pass39-frag.c (-static -DSTATIC) (rerun 11) execution test
FAIL: libmudflap.cth/pass39-frag.c (-static -DSTATIC) (rerun 11) output pattern test
FAIL: libmudflap.cth/pass39-frag.c (-static -DSTATIC) (rerun 12) execution test
FAIL: libmudflap.cth/pass39-frag.c (-static -DSTATIC) (rerun 12) output pattern test
FAIL: libmudflap.cth/pass39-frag.c (-static -DSTATIC) (rerun 13) execution test
FAIL: libmudflap.cth/pass39-frag.c (-static -DSTATIC) (rerun 13) output pattern test
FAIL: libmudflap.cth/pass39-frag.c (-static -DSTATIC) (rerun 14) execution test
FAIL: libmudflap.cth/pass39-frag.c (-static -DSTATIC) (rerun 14) output pattern test
FAIL: libmudflap.cth/pass39-frag.c (-static -DSTATIC) (rerun 15) execution test
FAIL: libmudflap.cth/pass39-frag.c (-static -DSTATIC) (rerun 15) output pattern test
FAIL: libmudflap.cth/pass39-frag.c (-static -DSTATIC) (rerun 16) execution test
FAIL: libmudflap.cth/pass39-frag.c (-static -DSTATIC) (rerun 16) output pattern test
FAIL: libmudflap.cth/pass39-frag.c (-static -DSTATIC) (rerun 17) execution test
FAIL: libmudflap.cth/pass39-frag.c (-static -DSTATIC) (rerun 17) output pattern test
FAIL: libmudflap.cth/pass39-frag.c (-static -DSTATIC) (rerun 18) execution test
FAIL: libmudflap.cth/pass39-frag.c (-static -DSTATIC) (rerun 18) output pattern test
FAIL: libmudflap.cth/pass39-frag.c (-static -DSTATIC) (rerun 19) execution test
FAIL: libmudflap.cth/pass39-frag.c (-static -DSTATIC) (rerun 19) output pattern test
FAIL: libmudflap.cth/pass40-frag.c (-static -DSTATIC) execution test
FAIL: libmudflap.cth/pass40-frag.c (-static -DSTATIC) output pattern test
FAIL: libmudflap.cth/pass59-frag.c (-static -DSTATIC) execution test
FAIL: libmudflap.cth/pass59-frag.c (-static -DSTATIC) output pattern test
=== libmudflap Summary for unix ===
# of expected passes 1798
# of unexpected failures 88
=== libmudflap Summary ===
# of expected passes 5378
# of unexpected failures 280
=== libstdc++ tests ===
Running target unix/-fPIC
FAIL: abi_check
FAIL: 22_locale/messages/members/char/1.cc execution test
FAIL: 22_locale/messages/members/char/2.cc execution test
FAIL: 22_locale/messages/members/char/wrapped_env.cc execution test
FAIL: 22_locale/messages/members/char/wrapped_locale.cc execution test
FAIL: 22_locale/messages_byname/named_equivalence.cc execution test
XPASS: 26_numerics/headers/cmath/c99_classification_macros_c.cc (test for excess errors)
=== libstdc++ Summary for unix/-fPIC ===
# of expected passes 6265
# of unexpected failures 6
# of unexpected successes 1
# of expected failures 72
# of unsupported tests 13
Running target unix/-fpic
FAIL: abi_check
FAIL: 22_locale/messages/members/char/1.cc execution test
FAIL: 22_locale/messages/members/char/2.cc execution test
FAIL: 22_locale/messages/members/char/wrapped_env.cc execution test
FAIL: 22_locale/messages/members/char/wrapped_locale.cc execution test
FAIL: 22_locale/messages_byname/named_equivalence.cc execution test
XPASS: 26_numerics/headers/cmath/c99_classification_macros_c.cc (test for excess errors)
=== libstdc++ Summary for unix/-fpic ===
# of expected passes 6265
# of unexpected failures 6
# of unexpected successes 1
# of expected failures 72
# of unsupported tests 13
Running target unix
FAIL: abi_check
FAIL: 22_locale/messages/members/char/1.cc execution test
FAIL: 22_locale/messages/members/char/2.cc execution test
FAIL: 22_locale/messages/members/char/wrapped_env.cc execution test
FAIL: 22_locale/messages/members/char/wrapped_locale.cc execution test
FAIL: 22_locale/messages_byname/named_equivalence.cc execution test
XPASS: 26_numerics/headers/cmath/c99_classification_macros_c.cc (test for excess errors)
=== libstdc++ Summary for unix ===
# of expected passes 6265
# of unexpected failures 6
# of unexpected successes 1
# of expected failures 72
# of unsupported tests 13
=== libstdc++ Summary ===
# of expected passes 18795
# of unexpected failures 18
# of unexpected successes 3
# of expected failures 216
# of unsupported tests 39
Compiler version: 4.4.0 20081018 (experimental) (GCC)
Platform: i686-pc-linux-gnu
configure flags: --enable-languages=c,c++,objc,f95,obj-c++,java --with-mpfr=/opt/cfarm/mpfr-2.3.2
More information about the Gcc-testresults
mailing list