Results for 4.4.0 20081016 (experimental) [trunk revision 141182] (GCC) testsuite on x86_64-unknown-linux-gnu
Joe Buck
Joe.Buck@synopsys.com
Fri Oct 17 08:02:00 GMT 2008
This is a Red Hat Enterprise (GNU/)Linux 4.0 U4 system
running on a dual 2.19 GHz AMD Opteron machine.
boot compiler: gcc 3.4.6 (Red Hat 3.4.6-3)
kernel: 2.6.9-55.ELsmp (from Red Hat)
glibc: 2.3.4-2-25 (from Red Hat)
binutils: 2.17 (FSF release)
MPFR: 2.3.1
Only C, C++, ObjC, and Fortran are tested (no Java).
LAST_UPDATED: Thu Oct 16 23:49:43 UTC 2008 (revision 141182)
Native configuration is x86_64-unknown-linux-gnu
=== gcc tests ===
Running target unix/
FAIL: gcc.dg/debug/dwarf2/dwarf-die3.c scan-assembler-not DW_AT_inline
FAIL: gcc.dg/pr33645-3.c scan-assembler-not var1_t
FAIL: gcc.dg/tree-prof/bb-reorg.c compilation, -fprofile-use -D_PROFILE_USE
UNRESOLVED: gcc.dg/tree-prof/bb-reorg.c execution, -fprofile-use -D_PROFILE_USE
FAIL: gcc.dg/tree-prof/pr34999.c compilation, -fprofile-use -D_PROFILE_USE
UNRESOLVED: gcc.dg/tree-prof/pr34999.c execution, -fprofile-use -D_PROFILE_USE
FAIL: gcc.dg/vect/vect-67.c scan-tree-dump-times vect "vectorized 1 loops" 1
FAIL: gcc.dg/vect/no-scevccp-outer-13.c scan-tree-dump-times vect "OUTER LOOP VECTORIZED." 1
FAIL: gcc.dg/vect/no-scevccp-outer-7.c scan-tree-dump-times vect "OUTER LOOP VECTORIZED." 1
FAIL: gcc.target/i386/pr34256.c scan-assembler-times mov 2
=== gcc Summary ===
# of expected passes 53815
# of unexpected failures 8
# of expected failures 186
# of unresolved testcases 2
# of unsupported tests 1265
/remote/atg5/jbuck/gcc-x86-64-build/gcc/xgcc version 4.4.0 20081016 (experimental) [trunk revision 141182] (GCC)
=== gfortran tests ===
Running target unix/
=== gfortran Summary ===
# of expected passes 28356
# of expected failures 10
# of unsupported tests 42
/remote/atg5/jbuck/gcc-x86-64-build/gcc/testsuite/gfortran/../../gfortran version 4.4.0 20081016 (experimental) [trunk revision 141182] (GCC)
=== g++ tests ===
Running target unix/
FAIL: g++.dg/other/PR23205.C scan-assembler .stabs.*foobar:c=i
FAIL: g++.old-deja/g++.mike/warn1.C (test for errors, line 12)
FAIL: g++.old-deja/g++.mike/warn1.C (test for excess errors)
=== g++ Summary ===
# of expected passes 18760
# of unexpected failures 3
# of expected failures 81
# of unsupported tests 247
/remote/atg5/jbuck/gcc-x86-64-build/gcc/testsuite/g++/../../g++ version 4.4.0 20081016 (experimental) [trunk revision 141182] (GCC)
=== objc tests ===
Running target unix/
=== objc Summary ===
# of expected passes 1814
# of expected failures 7
# of unsupported tests 24
/remote/atg5/jbuck/gcc-x86-64-build/gcc/xgcc version 4.4.0 20081016 (experimental) [trunk revision 141182] (GCC)
=== libgomp tests ===
Running target unix/
=== libgomp Summary ===
# of expected passes 2289
=== libmudflap tests ===
Running target unix/
FAIL: libmudflap.c++/pass41-frag.cxx execution test
FAIL: libmudflap.c++/pass41-frag.cxx (-static) execution test
FAIL: libmudflap.c++/pass41-frag.cxx (-O2) execution test
FAIL: libmudflap.c++/pass41-frag.cxx (-O3) execution test
=== libmudflap Summary ===
# of expected passes 1882
# of unexpected failures 4
=== libstdc++ tests ===
Running target unix/
XPASS: 26_numerics/headers/cmath/c99_classification_macros_c.cc (test for excess errors)
=== libstdc++ Summary ===
# of expected passes 6277
# of unexpected successes 1
# of expected failures 72
# of unsupported tests 10
Compiler version: 4.4.0 20081016 (experimental) [trunk revision 141182] (GCC)
Platform: x86_64-unknown-linux-gnu
configure flags: --prefix=/u/jbuck/cvs.x86_64/trunk --with-gnu-as --with-as=/u/jbuck/gnu.amd64/bin/as --with-gnu-ld --with-ld=/u/jbuck/gnu.amd64/bin/ld --enable-languages=c,c++,objc,fortran --with-mpfr=/remote/atg5/jbuck/mpfr-2.3.1-linux64
More information about the Gcc-testresults
mailing list