Results for 4.4.0 20081128 (experimental) (Debian 4.4-20081128-1) testsuite on mips-unknown-linux-gnu
Arthur Loiret
arthur.loiret@u-psud.fr
Sun Nov 30 14:40:00 GMT 2008
LAST_UPDATED: Obtained from SVN: trunk revision 142264
Target: mips-linux-gnu
gcc version 4.4.0 20081128 (experimental) (Debian 4.4-20081128-1)
Native configuration is mips-unknown-linux-gnu
=== g++ tests ===
Running target unix
FAIL: g++.dg/ipa/iinline-1.C scan-ipa-dump inline "String::funcOne[^\\n]*inline copy in int main"
=== g++ Summary ===
# of expected passes 18643
# of unexpected failures 1
# of expected failures 135
# of unsupported tests 151
/home/arthur/gcc-4.4/gcc-4.4-4.4-20081128/build/gcc/testsuite/g++/../../g++ version 4.4.0 20081128 (experimental) (Debian 4.4-20081128-1)
=== gcc tests ===
Running target unix
WARNING: program timed out.
FAIL: gcc.dg/20020425-1.c (test for excess errors)
FAIL: gcc.dg/ia64-sync-1.c execution test
FAIL: gcc.dg/ia64-sync-2.c execution test
FAIL: gcc.dg/pr35729.c scan-rtl-dump-times loop2_invariant "Decided to move invariant" 0
FAIL: gcc.dg/pr37106-1.c (internal compiler error)
FAIL: gcc.dg/pr37106-1.c (test for excess errors)
FAIL: gcc.dg/pr37908.c execution test
FAIL: gcc.dg/sync-2.c execution test
FAIL: gcc.dg/sync-3.c execution test
FAIL: gcc.dg/fixed-point/composite-type.c (test for errors, line 35)
FAIL: gcc.dg/fixed-point/composite-type.c (test for errors, line 36)
FAIL: gcc.dg/fixed-point/composite-type.c (test for errors, line 37)
FAIL: gcc.dg/fixed-point/composite-type.c (test for errors, line 38)
FAIL: gcc.dg/fixed-point/composite-type.c (test for errors, line 39)
FAIL: gcc.dg/fixed-point/composite-type.c (test for errors, line 40)
FAIL: gcc.dg/fixed-point/composite-type.c (test for errors, line 41)
FAIL: gcc.dg/fixed-point/composite-type.c (test for errors, line 42)
FAIL: gcc.dg/fixed-point/composite-type.c (test for errors, line 43)
FAIL: gcc.dg/fixed-point/composite-type.c (test for errors, line 44)
FAIL: gcc.dg/fixed-point/composite-type.c (test for errors, line 45)
FAIL: gcc.dg/fixed-point/composite-type.c (test for errors, line 46)
FAIL: gcc.dg/fixed-point/composite-type.c (test for errors, line 47)
FAIL: gcc.dg/fixed-point/composite-type.c (test for errors, line 48)
FAIL: gcc.dg/fixed-point/composite-type.c (test for errors, line 49)
FAIL: gcc.dg/fixed-point/composite-type.c (test for errors, line 50)
FAIL: gcc.dg/fixed-point/composite-type.c (test for errors, line 52)
FAIL: gcc.dg/fixed-point/composite-type.c (test for errors, line 53)
FAIL: gcc.dg/fixed-point/composite-type.c (test for errors, line 54)
FAIL: gcc.dg/fixed-point/composite-type.c (test for errors, line 55)
FAIL: gcc.dg/fixed-point/composite-type.c (test for errors, line 56)
FAIL: gcc.dg/fixed-point/composite-type.c (test for errors, line 57)
FAIL: gcc.dg/fixed-point/composite-type.c (test for errors, line 58)
FAIL: gcc.dg/fixed-point/composite-type.c (test for errors, line 59)
FAIL: gcc.dg/fixed-point/composite-type.c (test for errors, line 60)
FAIL: gcc.dg/fixed-point/composite-type.c (test for errors, line 61)
FAIL: gcc.dg/fixed-point/composite-type.c (test for errors, line 62)
FAIL: gcc.dg/fixed-point/composite-type.c (test for errors, line 63)
FAIL: gcc.dg/fixed-point/composite-type.c (test for errors, line 64)
FAIL: gcc.dg/fixed-point/composite-type.c (test for errors, line 65)
FAIL: gcc.dg/fixed-point/composite-type.c (test for errors, line 66)
FAIL: gcc.dg/fixed-point/composite-type.c (test for errors, line 67)
FAIL: gcc.dg/fixed-point/composite-type.c (test for excess errors)
FAIL: gcc.dg/pch/valid-1b.c -O0 -g -I. (test for excess errors)
FAIL: gcc.dg/pch/valid-1b.c -O0 -g assembly comparison
FAIL: gcc.dg/pch/valid-1b.c -O0 -I. (test for excess errors)
FAIL: gcc.dg/pch/valid-1b.c -O0 assembly comparison
FAIL: gcc.dg/pch/valid-1b.c -O1 -I. (test for excess errors)
FAIL: gcc.dg/pch/valid-1b.c -O1 assembly comparison
FAIL: gcc.dg/pch/valid-1b.c -O2 -I. (test for excess errors)
FAIL: gcc.dg/pch/valid-1b.c -O2 assembly comparison
FAIL: gcc.dg/pch/valid-1b.c -O3 -fomit-frame-pointer -I. (test for excess errors)
FAIL: gcc.dg/pch/valid-1b.c -O3 -fomit-frame-pointer assembly comparison
FAIL: gcc.dg/pch/valid-1b.c -O3 -g -I. (test for excess errors)
FAIL: gcc.dg/pch/valid-1b.c -O3 -g assembly comparison
FAIL: gcc.dg/pch/valid-1b.c -Os -I. (test for excess errors)
FAIL: gcc.dg/pch/valid-1b.c -Os assembly comparison
FAIL: gcc.dg/tree-ssa/ssa-store-ccp-3.c scan-tree-dump-times optimized "conststaticvariable" 1
FAIL: gcc.dg/tree-ssa/vrp47.c scan-tree-dump-times vrp1 "[xy][^ ]* !=" 0
FAIL: gcc.dg/tree-ssa/vrp47.c scan-tree-dump-times dom1 "x[^ ]* & y" 1
FAIL: gcc.dg/tree-ssa/vrp47.c scan-tree-dump-times vrp1 "x[^ ]* [|] y" 1
FAIL: gcc.target/mips/atomic-memory-1.c (test for excess errors)
FAIL: gcc.target/mips/cache-1.c scan-assembler \\tcache\\t0x14,0\\\\(\\\\\$4\\\\)
FAIL: gcc.target/mips/cache-1.c scan-assembler \\tcache\\t0x18,20\\\\(\\\\\$4\\\\)
FAIL: gcc.target/mips/cache-1.c scan-assembler \\tcache\\t0x0,0\\\\(\\\\\$.\\\\)
FAIL: gcc.target/mips/cache-1.c scan-assembler \\tcache\\t0x4,-80\\\\(\\\\\$4\\\\)
FAIL: gcc.target/mips/fix-r10000-12.c (test for excess errors)
FAIL: gcc.target/mips/fix-r10000-6.c (test for excess errors)
=== gcc Summary ===
# of expected passes 50362
# of unexpected failures 67
# of expected failures 128
# of unsupported tests 489
/home/arthur/gcc-4.4/gcc-4.4-4.4-20081128/build/gcc/xgcc version 4.4.0 20081128 (experimental) (Debian 4.4-20081128-1)
=== gfortran tests ===
Running target unix
=== gfortran Summary ===
# of expected passes 27902
# of expected failures 14
# of unsupported tests 254
/home/arthur/gcc-4.4/gcc-4.4-4.4-20081128/build/gcc/testsuite/gfortran/../../gfortran version 4.4.0 20081128 (experimental) (Debian 4.4-20081128-1)
=== obj-c++ tests ===
Running target unix
XPASS: obj-c++.dg/bitfield-1.mm (test for warnings, line 26)
XPASS: obj-c++.dg/comp-types-10.mm (test for excess errors)
UNRESOLVED: obj-c++.dg/lookup-2.mm compilation failed to produce executable
UNRESOLVED: obj-c++.dg/try-catch-2.mm compilation failed to produce executable
UNRESOLVED: obj-c++.dg/try-catch-9.mm compilation failed to produce executable
=== obj-c++ Summary ===
# of expected passes 435
# of unexpected successes 2
# of expected failures 9
# of unresolved testcases 3
# of unsupported tests 13
/home/arthur/gcc-4.4/gcc-4.4-4.4-20081128/build/gcc/testsuite/obj-c++/../../g++ version 4.4.0 20081128 (experimental) (Debian 4.4-20081128-1)
=== objc tests ===
Running target unix
=== objc Summary ===
# of expected passes 1814
# of expected failures 7
# of unsupported tests 24
/home/arthur/gcc-4.4/gcc-4.4-4.4-20081128/build/gcc/xgcc version 4.4.0 20081128 (experimental) (Debian 4.4-20081128-1)
=== libgomp tests ===
Running target unix
WARNING: program timed out.
FAIL: libgomp.c/appendix-a/a.18.1.c execution test
WARNING: program timed out.
FAIL: libgomp.fortran/appendix-a/a.18.1.f90 -O3 -fomit-frame-pointer -funroll-loops execution test
=== libgomp Summary ===
# of expected passes 2287
# of unexpected failures 2
=== libmudflap tests ===
Running target unix
FAIL: libmudflap.c++/pass41-frag.cxx execution test
FAIL: libmudflap.c++/pass41-frag.cxx (-static) execution test
FAIL: libmudflap.c++/pass41-frag.cxx (-O2) execution test
FAIL: libmudflap.c++/pass41-frag.cxx (-O3) execution test
FAIL: libmudflap.cth/pass39-frag.c (-O2) execution test
FAIL: libmudflap.cth/pass39-frag.c (-O2) output pattern test
FAIL: libmudflap.cth/pass39-frag.c (-O2) (rerun 1) execution test
FAIL: libmudflap.cth/pass39-frag.c (-O2) (rerun 1) output pattern test
FAIL: libmudflap.cth/pass39-frag.c (-O2) (rerun 2) execution test
FAIL: libmudflap.cth/pass39-frag.c (-O2) (rerun 2) output pattern test
FAIL: libmudflap.cth/pass39-frag.c (-O2) (rerun 3) execution test
FAIL: libmudflap.cth/pass39-frag.c (-O2) (rerun 3) output pattern test
FAIL: libmudflap.cth/pass39-frag.c (-O2) (rerun 4) execution test
FAIL: libmudflap.cth/pass39-frag.c (-O2) (rerun 4) output pattern test
FAIL: libmudflap.cth/pass39-frag.c (-O2) (rerun 5) execution test
FAIL: libmudflap.cth/pass39-frag.c (-O2) (rerun 5) output pattern test
FAIL: libmudflap.cth/pass39-frag.c (-O2) (rerun 6) execution test
FAIL: libmudflap.cth/pass39-frag.c (-O2) (rerun 6) output pattern test
FAIL: libmudflap.cth/pass39-frag.c (-O2) (rerun 7) execution test
FAIL: libmudflap.cth/pass39-frag.c (-O2) (rerun 7) output pattern test
FAIL: libmudflap.cth/pass39-frag.c (-O2) (rerun 9) execution test
FAIL: libmudflap.cth/pass39-frag.c (-O2) (rerun 9) output pattern test
FAIL: libmudflap.cth/pass39-frag.c (-O2) (rerun 10) execution test
FAIL: libmudflap.cth/pass39-frag.c (-O2) (rerun 10) output pattern test
FAIL: libmudflap.cth/pass39-frag.c (-O2) (rerun 11) execution test
FAIL: libmudflap.cth/pass39-frag.c (-O2) (rerun 11) output pattern test
FAIL: libmudflap.cth/pass39-frag.c (-O2) (rerun 12) execution test
FAIL: libmudflap.cth/pass39-frag.c (-O2) (rerun 12) output pattern test
FAIL: libmudflap.cth/pass39-frag.c (-O2) (rerun 13) execution test
FAIL: libmudflap.cth/pass39-frag.c (-O2) (rerun 13) output pattern test
FAIL: libmudflap.cth/pass39-frag.c (-O2) (rerun 14) execution test
FAIL: libmudflap.cth/pass39-frag.c (-O2) (rerun 14) output pattern test
FAIL: libmudflap.cth/pass39-frag.c (-O2) (rerun 15) execution test
FAIL: libmudflap.cth/pass39-frag.c (-O2) (rerun 15) output pattern test
FAIL: libmudflap.cth/pass39-frag.c (-O2) (rerun 16) execution test
FAIL: libmudflap.cth/pass39-frag.c (-O2) (rerun 16) output pattern test
FAIL: libmudflap.cth/pass39-frag.c (-O2) (rerun 17) execution test
FAIL: libmudflap.cth/pass39-frag.c (-O2) (rerun 17) output pattern test
FAIL: libmudflap.cth/pass39-frag.c (-O2) (rerun 18) execution test
FAIL: libmudflap.cth/pass39-frag.c (-O2) (rerun 18) output pattern test
FAIL: libmudflap.cth/pass39-frag.c (-O2) (rerun 19) execution test
FAIL: libmudflap.cth/pass39-frag.c (-O2) (rerun 19) output pattern test
FAIL: libmudflap.cth/pass39-frag.c (-O3) execution test
FAIL: libmudflap.cth/pass39-frag.c (-O3) output pattern test
FAIL: libmudflap.cth/pass39-frag.c (-O3) (rerun 1) execution test
FAIL: libmudflap.cth/pass39-frag.c (-O3) (rerun 1) output pattern test
FAIL: libmudflap.cth/pass39-frag.c (-O3) (rerun 2) execution test
FAIL: libmudflap.cth/pass39-frag.c (-O3) (rerun 2) output pattern test
FAIL: libmudflap.cth/pass39-frag.c (-O3) (rerun 3) execution test
FAIL: libmudflap.cth/pass39-frag.c (-O3) (rerun 3) output pattern test
FAIL: libmudflap.cth/pass39-frag.c (-O3) (rerun 4) execution test
FAIL: libmudflap.cth/pass39-frag.c (-O3) (rerun 4) output pattern test
FAIL: libmudflap.cth/pass39-frag.c (-O3) (rerun 5) execution test
FAIL: libmudflap.cth/pass39-frag.c (-O3) (rerun 5) output pattern test
FAIL: libmudflap.cth/pass39-frag.c (-O3) (rerun 6) execution test
FAIL: libmudflap.cth/pass39-frag.c (-O3) (rerun 6) output pattern test
FAIL: libmudflap.cth/pass39-frag.c (-O3) (rerun 7) execution test
FAIL: libmudflap.cth/pass39-frag.c (-O3) (rerun 7) output pattern test
FAIL: libmudflap.cth/pass39-frag.c (-O3) (rerun 8) execution test
FAIL: libmudflap.cth/pass39-frag.c (-O3) (rerun 8) output pattern test
FAIL: libmudflap.cth/pass39-frag.c (-O3) (rerun 9) execution test
FAIL: libmudflap.cth/pass39-frag.c (-O3) (rerun 9) output pattern test
FAIL: libmudflap.cth/pass39-frag.c (-O3) (rerun 10) execution test
FAIL: libmudflap.cth/pass39-frag.c (-O3) (rerun 10) output pattern test
FAIL: libmudflap.cth/pass39-frag.c (-O3) (rerun 11) execution test
FAIL: libmudflap.cth/pass39-frag.c (-O3) (rerun 11) output pattern test
FAIL: libmudflap.cth/pass39-frag.c (-O3) (rerun 12) execution test
FAIL: libmudflap.cth/pass39-frag.c (-O3) (rerun 12) output pattern test
FAIL: libmudflap.cth/pass39-frag.c (-O3) (rerun 13) execution test
FAIL: libmudflap.cth/pass39-frag.c (-O3) (rerun 13) output pattern test
FAIL: libmudflap.cth/pass39-frag.c (-O3) (rerun 14) execution test
FAIL: libmudflap.cth/pass39-frag.c (-O3) (rerun 14) output pattern test
FAIL: libmudflap.cth/pass39-frag.c (-O3) (rerun 15) execution test
FAIL: libmudflap.cth/pass39-frag.c (-O3) (rerun 15) output pattern test
FAIL: libmudflap.cth/pass39-frag.c (-O3) (rerun 16) execution test
FAIL: libmudflap.cth/pass39-frag.c (-O3) (rerun 16) output pattern test
FAIL: libmudflap.cth/pass39-frag.c (-O3) (rerun 17) execution test
FAIL: libmudflap.cth/pass39-frag.c (-O3) (rerun 17) output pattern test
FAIL: libmudflap.cth/pass39-frag.c (-O3) (rerun 18) execution test
FAIL: libmudflap.cth/pass39-frag.c (-O3) (rerun 18) output pattern test
FAIL: libmudflap.cth/pass39-frag.c (-O3) (rerun 19) execution test
FAIL: libmudflap.cth/pass39-frag.c (-O3) (rerun 19) output pattern test
=== libmudflap Summary ===
# of expected passes 1812
# of unexpected failures 82
=== libstdc++ tests ===
Running target unix
XPASS: 26_numerics/headers/cmath/c99_classification_macros_c.cc (test for excess errors)
=== libstdc++ Summary ===
# of expected passes 5713
# of unexpected successes 1
# of expected failures 74
# of unsupported tests 335
Compiler version: 4.4.0 20081128 (experimental) (Debian 4.4-20081128-1)
Platform: mips-unknown-linux-gnu
configure flags: -v --with-pkgversion='Debian 4.4-20081128-1' --with-bugurl=file:///usr/share/doc/gcc-4.4/README.Bugs --enable-languages=c,c++,fortran,objc,obj-c++ --prefix=/usr --enable-shared --with-system-zlib --libexecdir=/usr/lib --without-included-gettext --enable-threads=posix --with-gxx-include-dir=/usr/include/c++/4.4 --program-suffix=-4.4 --enable-nls --enable-clocale=gnu --enable-libstdcxx-debug --disable-libssp --enable-mpfr --enable-objc-gc --enable-checking=release --build=mips-linux-gnu --host=mips-linux-gnu --target=mips-linux-gnu
BOOT_CFLAGS=
Build Dependencies:
Desired=Unknown/Install/Remove/Purge/Hold
| Status=Not/Inst/Cfg-files/Unpacked/Failed-cfg/Half-inst/trig-aWait/Trig-pend
|/ Err?=(none)/Hold/Reinst-required/X=both-problems (Status,Err: uppercase=bad)
||/ Name Version Description
+++-=====================================-==========================-==============================================
ii binutils 2.18.1~cvs20080103-7 The GNU assembler, linker and binary utilities
ii libc6 2.7-16 GNU C Library: Shared libraries
Counting all warnings,
there are 0 warnings in stage3 of this bootstrap.
Number of warnings per file:
Number of warning types:
-------------- next part --------------
A non-text attachment was scrubbed...
Name: signature.asc
Type: application/pgp-signature
Size: 189 bytes
Desc: Digital signature
URL: <http://gcc.gnu.org/pipermail/gcc-testresults/attachments/20081130/c9a956fb/attachment.sig>
More information about the Gcc-testresults
mailing list