Results for 4.4.0 20081126 (GCC) testsuite on sparc-sun-solaris2.10
Eric Botcazou
botcazou@ACT-Europe.FR
Sat Nov 29 09:41:00 GMT 2008
LAST_UPDATED:
=== acats tests ===
=== acats Summary ===
# of expected passes 2315
# of unexpected failures 0
Native configuration is sparc-sun-solaris2.10
=== g++ tests ===
Running target unix
XPASS: g++.dg/other/ucnid-1.C (test for excess errors)
XPASS: g++.old-deja/g++.other/init19.C execution test
=== g++ Summary ===
# of expected passes 18439
# of unexpected successes 2
# of expected failures 136
# of unsupported tests 225
/nfs/nile/nile.build/botcazou/gcc-head/sparc-sun-solaris2.10/gcc/testsuite/g++/../../g++ version 4.4.0 20081126 (GCC)
=== gcc tests ===
Running target unix
WARNING: program timed out.
FAIL: gcc.dg/20020425-1.c (test for excess errors)
FAIL: gcc.dg/pr35729.c scan-rtl-dump-times loop2_invariant "Decided to move invariant" 0
XPASS: gcc.dg/ucnid-2.c (test for excess errors)
XPASS: gcc.dg/ucnid-3.c (test for excess errors)
XPASS: gcc.dg/ucnid-4.c (test for excess errors)
FAIL: gcc.dg/pch/valid-1b.c -O0 -g -I. (test for excess errors)
FAIL: gcc.dg/pch/valid-1b.c -O0 -g assembly comparison
FAIL: gcc.dg/pch/valid-1b.c -O0 -I. (test for excess errors)
FAIL: gcc.dg/pch/valid-1b.c -O0 assembly comparison
FAIL: gcc.dg/pch/valid-1b.c -O1 -I. (test for excess errors)
FAIL: gcc.dg/pch/valid-1b.c -O1 assembly comparison
FAIL: gcc.dg/pch/valid-1b.c -O2 -I. (test for excess errors)
FAIL: gcc.dg/pch/valid-1b.c -O2 assembly comparison
FAIL: gcc.dg/pch/valid-1b.c -O3 -fomit-frame-pointer -I. (test for excess errors)
FAIL: gcc.dg/pch/valid-1b.c -O3 -fomit-frame-pointer assembly comparison
FAIL: gcc.dg/pch/valid-1b.c -O3 -g -I. (test for excess errors)
FAIL: gcc.dg/pch/valid-1b.c -O3 -g assembly comparison
FAIL: gcc.dg/pch/valid-1b.c -Os -I. (test for excess errors)
FAIL: gcc.dg/pch/valid-1b.c -Os assembly comparison
FAIL: gcc.dg/torture/pr37868.c -O0 execution test
FAIL: gcc.dg/torture/pr37868.c -O1 execution test
FAIL: gcc.dg/torture/pr37868.c -O2 execution test
FAIL: gcc.dg/torture/pr37868.c -O3 -fomit-frame-pointer execution test
FAIL: gcc.dg/torture/pr37868.c -O3 -g execution test
FAIL: gcc.dg/torture/pr37868.c -Os execution test
FAIL: gcc.dg/vect/vect-35.c scan-tree-dump-times vect "vectorized 1 loops" 1
FAIL: gcc.dg/vect/vect-67.c scan-tree-dump-times vect "vectorized 1 loops" 1
FAIL: gcc.dg/vect/vect-multitypes-12.c scan-tree-dump-times vect "vectorized 1 loops" 1
FAIL: gcc.dg/vect/vect-multitypes-5.c scan-tree-dump-times vect "vectorized 1 loops" 1
FAIL: gcc.dg/vect/vect-multitypes-6.c scan-tree-dump-times vect "vectorized 1 loops" 1
FAIL: gcc.dg/vect/vect-outer-5.c scan-tree-dump-times vect "OUTER LOOP VECTORIZED" 1
FAIL: gcc.dg/vect/vect-outer-6.c scan-tree-dump-times vect "OUTER LOOP VECTORIZED" 1
FAIL: gcc.dg/vect/vect-outer-6.c scan-tree-dump-times vect "zero step in outer loop." 1
FAIL: gcc.dg/vect/slp-multitypes-2.c execution test
FAIL: gcc.dg/vect/slp-multitypes-3.c scan-tree-dump-times vect "vectorized 1 loops" 1
FAIL: gcc.dg/vect/slp-multitypes-3.c scan-tree-dump-times vect "vectorizing stmts using SLP" 2
FAIL: gcc.dg/weak/weak-1.c scan-assembler weak[^ \\t]*[ \\t]_?j
FAIL: gcc.dg/weak/weak-16.c scan-assembler weak[^ \\t]*[ \\t]_?kallsyms_token_index
=== gcc Summary ===
# of expected passes 49290
# of unexpected failures 35
# of unexpected successes 3
# of expected failures 233
# of unsupported tests 659
/nfs/nile/nile.build/botcazou/gcc-head/sparc-sun-solaris2.10/gcc/xgcc version 4.4.0 20081126 (GCC)
=== gfortran tests ===
Running target unix
=== gfortran Summary ===
# of expected passes 28674
# of expected failures 12
# of unsupported tests 134
/nfs/nile/nile.build/botcazou/gcc-head/sparc-sun-solaris2.10/gcc/testsuite/gfortran/../../gfortran version 4.4.0 20081126 (GCC)
=== gnat tests ===
Running target unix
=== gnat Summary ===
# of expected passes 600
# of expected failures 6
=== obj-c++ tests ===
Running target unix
XPASS: obj-c++.dg/bitfield-1.mm (test for warnings, line 26)
XPASS: obj-c++.dg/comp-types-10.mm (test for excess errors)
WARNING: obj-c++.dg/lookup-2.mm compilation failed to produce executable
WARNING: obj-c++.dg/try-catch-2.mm compilation failed to produce executable
WARNING: obj-c++.dg/try-catch-9.mm compilation failed to produce executable
=== obj-c++ Summary ===
# of expected passes 435
# of unexpected successes 2
# of expected failures 9
# of unsupported tests 13
/nfs/nile/nile.build/botcazou/gcc-head/sparc-sun-solaris2.10/gcc/testsuite/obj-c++/../../g++ version 4.4.0 20081126 (GCC)
=== objc tests ===
Running target unix
=== objc Summary ===
# of expected passes 1814
# of expected failures 7
# of unsupported tests 24
/nfs/nile/nile.build/botcazou/gcc-head/sparc-sun-solaris2.10/gcc/xgcc version 4.4.0 20081126 (GCC)
=== libgomp tests ===
Running target unix
=== libgomp Summary ===
# of expected passes 2271
# of unsupported tests 9
=== libstdc++ tests ===
Running target unix
XPASS: 27_io/basic_istream/extractors_arithmetic/char/12.cc execution test
XPASS: 27_io/basic_istream/extractors_arithmetic/wchar_t/12.cc execution test
=== libstdc++ Summary ===
# of expected passes 5430
# of unexpected successes 2
# of expected failures 73
# of unsupported tests 483
Compiler version: 4.4.0 20081126 (GCC)
Platform: sparc-sun-solaris2.10
configure flags: --prefix=/nile.build/botcazou/gcc-head/install_sparc --with-as=/nile.build/botcazou/gcc-head/install_sparc/bin/as --with-gmp=/nile.build/botcazou/gcc-head/install_sparc --with-mpfr=/nile.build/botcazou/gcc-head/install_sparc --enable-languages=c,c++,objc,obj-c++,fortran,ada --enable-checking=release --disable-nls
BOOT_CFLAGS=-g -O2
More information about the Gcc-testresults
mailing list