Results for 4.1.3 20080528 (prerelease) gcc testsuite on mips-unknown-elf
Mike Stein
mstein.lists@googlemail.com
Thu May 29 21:57:00 GMT 2008
Debian 4 on x86_64
cross tool versions:
GNU assembler (GNU Binutils) 2.18.50.20080419
GNU gdb 6.8.50.20080419-cvs
GNU ld (GNU Binutils) 2.18.50.20080419
GNU Make 3.81
expect version 5.43.0
host gcc version: gcc (GCC) 4.4.0 20080527 (experimental) [trunk revision 136056]
LAST_UPDATED: Wed May 28 22:07:49 UTC 2008 (revision 136131)
Target is mips-unknown-elf
Host is x86_64-unknown-linux-gnu
=== gcc tests ===
Running target mips-sim
FAIL: gcc.dg/attr-weakref-1.c (test for excess errors)
UNRESOLVED: gcc.dg/attr-weakref-1.c compilation failed to produce executable
FAIL: gcc.dg/intmax_t-1.c (test for errors, line )
FAIL: gcc.dg/tls/alias-1.c (test for excess errors)
XPASS: gcc.dg/tree-ssa/20040204-1.c scan-tree-dump-times link_error 0
FAIL: gcc.target/mips/memcpy-1.c scan-assembler-not \\tlbu\\t
=== gcc Summary ===
# of expected passes 38224
# of unexpected failures 4
# of unexpected successes 1
# of expected failures 76
# of unresolved testcases 1
# of untested testcases 28
# of unsupported tests 315
/home/mstein/sim/gcc-4_1-branch/mips-elf/build/gcc/xgcc version 4.1.3 20080528 (prerelease)
Compiler version: 4.1.3 20080528 (prerelease) gcc
Platform: mips-unknown-elf
configure flags: --target=mips-elf --prefix=/home/mstein/cross-local/mips-elf --disable-nls --disable-build-warnings --with-sysroot=/home/mstein/cross-local/mips-elf --with-build-sysroot=/home/mstein/cross-local/mips-elf --with-ld=/home/mstein/cross-local/mips-elf/usr/bin/ld --with-as=/home/mstein/cross-local/mips-elf/usr/bin/as --disable-libssp --with-mpfr=/opt/cfarm/mpfr-2.3.1 --enable-languages=c
More information about the Gcc-testresults
mailing list