Results for 4.0.4 testsuite on sparc-sun-solaris2.6
Tom G. Christensen
tgc@jupiterrise.com
Sun May 25 10:00:00 GMT 2008
Built with:
native as (108908-02)
native ld (107733-11)
gmp 4.2.2
mpfr 2.3.1
Bootstrap compiler:
Reading specs from /usr/tgcware/gcc-3.4.6/lib/gcc/sparc-sun-solaris2.6/3.4.6/specs
Configured with: ../gcc-3.4.6/configure --prefix=/usr/tgcware/gcc-3.4.6 --with-local-prefix=/usr/tgcware/gcc-3.4.6 --disable-nls --enable-shared --enable-languages=c,c++,f77,objc,ada
Thread model: posix
gcc version 3.4.6
LAST_UPDATED: Obtained from SVN: tags/gcc_4_0_4_release revision 121416
=== acats tests ===
=== acats Summary ===
# of expected passes 2320
# of unexpected failures 0
Native configuration is sparc-sun-solaris2.6
=== g++ tests ===
Running target unix
ERROR: g++.dg/abi/rtti1.C: error executing dg-final: couldn't execute "c++filt": no such file or directory
UNRESOLVED: g++.dg/abi/rtti1.C: error executing dg-final: couldn't execute "c++filt": no such file or directory
FAIL: g++.dg/pch/externc-1.C -g assembly comparison
FAIL: g++.dg/pch/externc-1.C -O2 -g assembly comparison
FAIL: g++.dg/pch/static-1.C -g assembly comparison
FAIL: g++.dg/pch/static-1.C -O2 -g assembly comparison
FAIL: g++.dg/pch/system-1.C -g assembly comparison
FAIL: g++.dg/pch/system-1.C -O2 -g assembly comparison
FAIL: g++.dg/pch/system-2.C -g assembly comparison
FAIL: g++.dg/pch/system-2.C -O2 -g assembly comparison
FAIL: g++.dg/pch/uninst.C -g assembly comparison
FAIL: g++.dg/pch/uninst.C -O2 -g assembly comparison
FAIL: g++.dg/pch/wchar-1.C -g assembly comparison
FAIL: g++.dg/pch/wchar-1.C -O2 -g assembly comparison
=== g++ Summary ===
# of expected passes 11248
# of unexpected failures 12
# of expected failures 70
# of unresolved testcases 1
# of unsupported tests 120
/export/home/tgc/buildpkg/gcc40/src/all_native/gcc/testsuite/g++/../../g++ version 4.0.4
=== gcc tests ===
Running target unix
=== gcc Summary ===
# of expected passes 34770
# of expected failures 94
# of untested testcases 28
# of unsupported tests 552
/export/home/tgc/buildpkg/gcc40/src/all_native/gcc/xgcc version 4.0.4
=== gfortran tests ===
Running target unix
=== gfortran Summary ===
# of expected passes 8821
# of expected failures 1
# of unsupported tests 17
/export/home/tgc/buildpkg/gcc40/src/all_native/gcc/testsuite/gfortran/../../gfortran version 4.0.4
=== objc tests ===
Running target unix
=== objc Summary ===
# of expected passes 1554
# of unsupported tests 10
/export/home/tgc/buildpkg/gcc40/src/all_native/gcc/xgcc version 4.0.4
=== libstdc++ tests ===
Running target unix
FAIL: 22_locale/ctype/is/char/1.cc execution test
FAIL: 27_io/basic_filebuf/sgetn/char/1-in.cc execution test
FAIL: 27_io/basic_filebuf/sgetn/char/1-io.cc execution test
FAIL: 27_io/basic_filebuf/sgetn/char/2-in.cc execution test
FAIL: 27_io/basic_filebuf/sgetn/char/2-io.cc execution test
FAIL: 27_io/basic_istream/readsome/char/6746-2.cc execution test
=== libstdc++ Summary ===
# of expected passes 2625
# of unexpected failures 6
# of expected failures 12
Compiler version: 4.0.4
Platform: sparc-sun-solaris2.6
configure flags: --prefix=/usr/tgcware/gcc-4.0.4 --with-local-prefix=/usr/tgcware/gcc-4.0.4 --with-libiconv-prefix=/usr/tgcware --with-gmp=/usr/tgcware --with-mpfr=/usr/tgcware --disable-nls --enable-shared --enable-threads=posix95 --enable-languages=c,ada,c++,f95,objc
More information about the Gcc-testresults
mailing list