Results for 4.4.0 20080523 (experimental) [trunk revision 135832] (GCC) gcc testsuite on mips-unknown-elf
Mike Stein
mstein.lists@googlemail.com
Sat May 24 21:56:00 GMT 2008
Debian 4 on x86_64
cross tool versions:
GNU assembler (GNU Binutils) 2.18.50.20080419
GNU gdb 6.8.50.20080419-cvs
GNU ld (GNU Binutils) 2.18.50.20080419
GNU Make 3.81
expect version 5.43.0
host gcc version: gcc (GCC) 4.4.0 20080523 (experimental) [trunk revision 135832]
LAST_UPDATED: Fri May 23 22:05:36 UTC 2008 (revision 135832)
Target is mips-unknown-elf
Host is x86_64-unknown-linux-gnu
=== gcc tests ===
Running target mips-sim
FAIL: gcc.c-torture/execute/20040709-2.c execution, -O1
FAIL: gcc.c-torture/execute/20040709-2.c execution, -O2
FAIL: gcc.c-torture/execute/20040709-2.c execution, -O3 -fomit-frame-pointer
FAIL: gcc.c-torture/execute/20040709-2.c execution, -O3 -fomit-frame-pointer -funroll-loops
FAIL: gcc.c-torture/execute/20040709-2.c execution, -O3 -fomit-frame-pointer -funroll-all-loops -finline-functions
FAIL: gcc.c-torture/execute/20040709-2.c execution, -O3 -g
FAIL: gcc.c-torture/execute/20040709-2.c execution, -Os
WARNING: Could not compile gcc.dg/compat/struct-layout-1 generator
FAIL: gcc.dg/20061124-1.c (test for excess errors)
UNRESOLVED: gcc.dg/20061124-1.c compilation failed to produce executable
FAIL: gcc.dg/ia64-sync-1.c (test for excess errors)
UNRESOLVED: gcc.dg/ia64-sync-1.c compilation failed to produce executable
FAIL: gcc.dg/ia64-sync-2.c (test for excess errors)
UNRESOLVED: gcc.dg/ia64-sync-2.c compilation failed to produce executable
FAIL: gcc.dg/ia64-sync-3.c (test for excess errors)
UNRESOLVED: gcc.dg/ia64-sync-3.c compilation failed to produce executable
FAIL: gcc.dg/sync-2.c (test for excess errors)
UNRESOLVED: gcc.dg/sync-2.c compilation failed to produce executable
FAIL: gcc.dg/sync-3.c (test for excess errors)
UNRESOLVED: gcc.dg/sync-3.c compilation failed to produce executable
FAIL: gcc.dg/torture/pr34330.c -O0 (test for excess errors)
FAIL: gcc.dg/torture/pr34330.c -O1 (test for excess errors)
FAIL: gcc.dg/torture/pr34330.c -O2 (test for excess errors)
FAIL: gcc.dg/torture/pr34330.c -O3 -fomit-frame-pointer (test for excess errors)
FAIL: gcc.dg/torture/pr34330.c -O3 -fomit-frame-pointer -funroll-loops (test for excess errors)
FAIL: gcc.dg/torture/pr34330.c -O3 -fomit-frame-pointer -funroll-all-loops -finline-functions (test for excess errors)
FAIL: gcc.dg/torture/pr34330.c -O3 -g (test for excess errors)
FAIL: gcc.dg/torture/pr34330.c -Os (test for excess errors)
FAIL: gcc.dg/torture/pr36244.c -O0 (test for excess errors)
FAIL: gcc.dg/torture/pr36244.c -O1 (test for excess errors)
FAIL: gcc.dg/torture/pr36244.c -O2 (test for excess errors)
FAIL: gcc.dg/torture/pr36244.c -O3 -fomit-frame-pointer (test for excess errors)
FAIL: gcc.dg/torture/pr36244.c -O3 -fomit-frame-pointer -funroll-loops (test for excess errors)
FAIL: gcc.dg/torture/pr36244.c -O3 -fomit-frame-pointer -funroll-all-loops -finline-functions (test for excess errors)
FAIL: gcc.dg/torture/pr36244.c -O3 -g (test for excess errors)
FAIL: gcc.dg/torture/pr36244.c -Os (test for excess errors)
XPASS: gcc.dg/tree-ssa/ltrans-3.c scan-tree-dump-times ltrans "transformed loop" 1
FAIL: gcc.dg/tree-ssa/pr36181.c (test for excess errors)
=== gcc Summary ===
# of expected passes 47195
# of unexpected failures 30
# of unexpected successes 1
# of expected failures 101
# of unresolved testcases 6
# of unsupported tests 491
/home/mstein/sim/trunk/mips-elf/build/gcc/xgcc version 4.4.0 20080523 (experimental) [trunk revision 135832] (GCC)
Compiler version: 4.4.0 20080523 (experimental) [trunk revision 135832] (GCC) gcc
Platform: mips-unknown-elf
configure flags: --target=mips-elf --prefix=/home/mstein/cross-local/mips-elf --enable-languages=c --disable-nls --disable-build-warnings --with-sysroot=/home/mstein/cross-local/mips-elf --with-build-sysroot=/home/mstein/cross-local/mips-elf --with-ld=/home/mstein/cross-local/mips-elf/usr/bin/ld --with-as=/home/mstein/cross-local/mips-elf/usr/bin/as --disable-libssp --with-mpfr=/opt/cfarm/mpfr-2.3.1
More information about the Gcc-testresults
mailing list