Results for 4.3.1 20080523 (prerelease) [gcc-4_3-branch revision 135832] (GCC) gcc testsuite on cris-axis-elf
Mike Stein
mstein.lists@googlemail.com
Sat May 24 21:56:00 GMT 2008
Debian 4 on x86_64
cross tool versions:
GNU assembler (GNU Binutils) 2.18.50.20080419
GNU gdb 6.8.50.20080419-cvs
GNU ld (GNU Binutils) 2.18.50.20080419
GNU Make 3.81
expect version 5.43.0
host gcc version: gcc (GCC) 4.4.0 20080523 (experimental) [trunk revision 135832]
LAST_UPDATED: Fri May 23 22:07:47 UTC 2008 (revision 135832)
Target is cris-axis-elf
Host is x86_64-unknown-linux-gnu
=== gcc tests ===
Running target cris-sim
WARNING: Could not compile gcc.dg/compat/struct-layout-1 generator
FAIL: gcc.dg/large-size-array-2.c (internal compiler error)
FAIL: gcc.dg/large-size-array-2.c (test for errors, line 6)
FAIL: gcc.dg/large-size-array-2.c (test for excess errors)
FAIL: gcc.dg/large-size-array-4.c (internal compiler error)
FAIL: gcc.dg/large-size-array-4.c (test for errors, line 6)
FAIL: gcc.dg/large-size-array-4.c (test for excess errors)
FAIL: gcc.dg/setjmp-1.c spurious clobbered warning (test for bogus messages, line 16)
FAIL: gcc.dg/trampoline-1.c execution test
FAIL: gcc.dg/torture/pr34330.c -O0 (test for excess errors)
FAIL: gcc.dg/torture/pr34330.c -O1 (test for excess errors)
FAIL: gcc.dg/torture/pr34330.c -O2 (test for excess errors)
FAIL: gcc.dg/torture/pr34330.c -O3 -fomit-frame-pointer (test for excess errors)
FAIL: gcc.dg/torture/pr34330.c -O3 -fomit-frame-pointer -funroll-loops (test for excess errors)
FAIL: gcc.dg/torture/pr34330.c -O3 -fomit-frame-pointer -funroll-all-loops -finline-functions (test for excess errors)
FAIL: gcc.dg/torture/pr34330.c -O3 -g (test for excess errors)
FAIL: gcc.dg/torture/pr34330.c -Os (test for excess errors)
FAIL: gcc.dg/torture/pr36244.c -O0 (test for excess errors)
FAIL: gcc.dg/torture/pr36244.c -O1 (test for excess errors)
FAIL: gcc.dg/torture/pr36244.c -O2 (test for excess errors)
FAIL: gcc.dg/torture/pr36244.c -O3 -fomit-frame-pointer (test for excess errors)
FAIL: gcc.dg/torture/pr36244.c -O3 -fomit-frame-pointer -funroll-loops (test for excess errors)
FAIL: gcc.dg/torture/pr36244.c -O3 -fomit-frame-pointer -funroll-all-loops -finline-functions (test for excess errors)
FAIL: gcc.dg/torture/pr36244.c -O3 -g (test for excess errors)
FAIL: gcc.dg/torture/pr36244.c -Os (test for excess errors)
FAIL: gcc.dg/tree-ssa/pr36181.c (test for excess errors)
=== gcc Summary ===
# of expected passes 44991
# of unexpected failures 25
# of expected failures 86
# of untested testcases 35
# of unsupported tests 423
/home/mstein/sim/gcc-4_3-branch/cris-elf/build/gcc/xgcc version 4.3.1 20080523 (prerelease) [gcc-4_3-branch revision 135832] (GCC)
Compiler version: 4.3.1 20080523 (prerelease) [gcc-4_3-branch revision 135832] (GCC) gcc
Platform: cris-axis-elf
configure flags: --target=cris-elf --prefix=/home/mstein/cross-local/cris-elf --enable-languages=c --disable-nls --disable-build-warnings --with-sysroot=/home/mstein/cross-local/cris-elf --with-build-sysroot=/home/mstein/cross-local/cris-elf --with-ld=/home/mstein/cross-local/cris-elf/usr/bin/ld --with-as=/home/mstein/cross-local/cris-elf/usr/bin/as --disable-libssp --with-mpfr=/opt/cfarm/mpfr-2.3.1
More information about the Gcc-testresults
mailing list