Results for 4.4.0 20080521 (experimental) [trunk revision 135723] (GCC) testsuite on i686-pc-linux-gnu
Joey Ye
jye2@shgcc-1.sh.intel.com
Wed May 21 20:50:00 GMT 2008
LAST_UPDATED: Wed May 21 17:02:55 UTC 2008 (revision 135723)
Native configuration is i686-pc-linux-gnu
=== g++ tests ===
Running target unix
FAIL: g++.dg/tree-ssa/pr19637.C scan-tree-dump-times dom1 "return 1;" 3
=== g++ Summary ===
# of expected passes 17723
# of unexpected failures 1
# of expected failures 82
# of unsupported tests 90
/home/jye2/gcc/build-daily/gcc/testsuite/g++/../../g++ version 4.4.0 20080521 (experimental) [trunk revision 135723] (GCC)
=== gcc tests ===
Running target unix
FAIL: gcc.c-torture/compile/pr36245.c -O1 (internal compiler error)
FAIL: gcc.c-torture/compile/pr36245.c -O1 (test for excess errors)
FAIL: gcc.c-torture/compile/pr36245.c -O2 (internal compiler error)
FAIL: gcc.c-torture/compile/pr36245.c -O2 (test for excess errors)
FAIL: gcc.c-torture/compile/pr36245.c -Os (internal compiler error)
FAIL: gcc.c-torture/compile/pr36245.c -Os (test for excess errors)
FAIL: gcc.dg/pch/counter-2.c -O0 -g
FAIL: gcc.dg/pch/counter-2.c -O0
FAIL: gcc.dg/pch/counter-2.c -O1
FAIL: gcc.dg/pch/counter-2.c -O2
FAIL: gcc.dg/pch/counter-2.c -O3 -fomit-frame-pointer
FAIL: gcc.dg/pch/counter-2.c -O3 -g
FAIL: gcc.dg/pch/counter-2.c -Os
FAIL: gcc.dg/pch/valid-1.c -O0 -g
FAIL: gcc.dg/pch/valid-1.c -O0
FAIL: gcc.dg/pch/valid-1.c -O1
FAIL: gcc.dg/pch/valid-1.c -O2
FAIL: gcc.dg/pch/valid-1.c -O3 -fomit-frame-pointer
FAIL: gcc.dg/pch/valid-1.c -O3 -g
FAIL: gcc.dg/pch/valid-1.c -Os
FAIL: gcc.dg/pch/valid-2.c -O0 -g
FAIL: gcc.dg/pch/valid-2.c -O0
FAIL: gcc.dg/pch/valid-2.c -O1
FAIL: gcc.dg/pch/valid-2.c -O2
FAIL: gcc.dg/pch/valid-2.c -O3 -fomit-frame-pointer
FAIL: gcc.dg/pch/valid-2.c -O3 -g
FAIL: gcc.dg/pch/valid-2.c -Os
FAIL: gcc.dg/pch/valid-3.c -O0 -g
FAIL: gcc.dg/pch/valid-3.c -O0
FAIL: gcc.dg/pch/valid-3.c -O1
FAIL: gcc.dg/pch/valid-3.c -O2
FAIL: gcc.dg/pch/valid-3.c -O3 -fomit-frame-pointer
FAIL: gcc.dg/pch/valid-3.c -O3 -g
FAIL: gcc.dg/pch/valid-3.c -Os
FAIL: gcc.dg/pch/warn-1.c -O0 -g
FAIL: gcc.dg/pch/warn-1.c -O0
FAIL: gcc.dg/pch/warn-1.c -O1
FAIL: gcc.dg/pch/warn-1.c -O2
FAIL: gcc.dg/pch/warn-1.c -O3 -fomit-frame-pointer
FAIL: gcc.dg/pch/warn-1.c -O3 -g
FAIL: gcc.dg/pch/warn-1.c -Os
XPASS: gcc.dg/tree-ssa/ltrans-3.c scan-tree-dump-times ltrans "transformed loop" 1
=== gcc Summary ===
# of expected passes 49940
# of unexpected failures 41
# of unexpected successes 1
# of expected failures 169
# of unsupported tests 432
/home/jye2/gcc/build-daily/gcc/xgcc version 4.4.0 20080521 (experimental) [trunk revision 135723] (GCC)
=== gfortran tests ===
Running target unix
=== gfortran Summary ===
# of expected passes 25974
# of expected failures 3
# of unsupported tests 73
/home/jye2/gcc/build-daily/gcc/testsuite/gfortran/../../gfortran version 4.4.0 20080521 (experimental) [trunk revision 135723] (GCC)
=== objc tests ===
Running target unix
=== objc Summary ===
# of expected passes 1814
# of expected failures 7
# of unsupported tests 24
/home/jye2/gcc/build-daily/gcc/xgcc version 4.4.0 20080521 (experimental) [trunk revision 135723] (GCC)
=== libffi tests ===
Running target unix
=== libffi Summary ===
# of expected passes 1389
# of unsupported tests 10
=== libgomp tests ===
Running target unix
=== libgomp Summary ===
# of expected passes 1729
=== libjava tests ===
Running target unix
=== libjava Summary ===
# of expected passes 2562
=== libmudflap tests ===
Running target unix
=== libmudflap Summary ===
# of expected passes 1865
=== libstdc++ tests ===
Running target unix
XPASS: 26_numerics/headers/cmath/c99_classification_macros_c.cc (test for excess errors)
=== libstdc++ Summary ===
# of expected passes 5739
# of unexpected successes 1
# of expected failures 75
# of unsupported tests 10
Compiler version: 4.4.0 20080521 (experimental) [trunk revision 135723] (GCC)
Platform: i686-pc-linux-gnu
configure flags: --enable-clocale=gnu --with-system-zlib --enable-decimal-float=bid --with-demangler-in-ld --enable-shared --enable-threads=posix --enable-haifa --enable-checking=assert
More information about the Gcc-testresults
mailing list