Results for 4.4.0 20080520 (experimental) [trunk revision 135599] (GCC) testsuite on x86_64-unknown-linux-gnu
guerby@gcc12.fsffrance.org
guerby@gcc12.fsffrance.org
Tue May 20 08:16:00 GMT 2008
LAST_UPDATED: Tue May 20 04:49:20 UTC 2008 (revision 135599)
=== acats tests ===
FAIL: c94001c
FAIL: c94008c
FAIL: c951002
=== acats Summary ===
# of expected passes 2311
# of unexpected failures 3
Native configuration is x86_64-unknown-linux-gnu
=== gcc tests ===
Running target unix
XPASS: gcc.dg/tree-ssa/ltrans-3.c scan-tree-dump-times ltrans "transformed loop" 1
=== gcc Summary ===
# of expected passes 49612
# of unexpected successes 1
# of expected failures 169
# of untested testcases 35
# of unsupported tests 631
/home/guerby/build/gcc/xgcc version 4.4.0 20080520 (experimental) [trunk revision 135599] (GCC)
=== gfortran tests ===
Running target unix
=== gfortran Summary ===
# of expected passes 26040
# of expected failures 3
# of unsupported tests 34
/home/guerby/build/gcc/testsuite/gfortran/../../gfortran version 4.4.0 20080520 (experimental) [trunk revision 135599] (GCC)
=== g++ tests ===
Running target unix
FAIL: g++.dg/tree-ssa/pr19637.C scan-tree-dump-times dom1 "return 1;" 3
=== g++ Summary ===
# of expected passes 17633
# of unexpected failures 1
# of expected failures 82
# of unsupported tests 121
/home/guerby/build/gcc/testsuite/g++/../../g++ version 4.4.0 20080520 (experimental) [trunk revision 135599] (GCC)
=== gnat tests ===
Running target unix
FAIL: gnat.dg/specs/tag2.ads (test for errors, line 13)
FAIL: gnat.dg/specs/tag2.ads (test for excess errors)
=== gnat Summary ===
# of expected passes 448
# of unexpected failures 2
# of expected failures 5
=== objc tests ===
Running target unix
=== objc Summary ===
# of expected passes 1814
# of expected failures 7
# of unsupported tests 24
/home/guerby/build/gcc/xgcc version 4.4.0 20080520 (experimental) [trunk revision 135599] (GCC)
=== libffi tests ===
Running target unix
=== libffi Summary ===
# of expected passes 1389
# of unsupported tests 10
=== libgomp tests ===
Running target unix
=== libgomp Summary ===
# of expected passes 1729
=== libjava tests ===
Running target unix
=== libjava Summary ===
# of expected passes 2550
=== libmudflap tests ===
Running target unix
=== libmudflap Summary ===
# of expected passes 1865
=== libstdc++ tests ===
Running target unix
FAIL: abi_check
XPASS: 26_numerics/headers/cmath/c99_classification_macros_c.cc (test for excess errors)
=== libstdc++ Summary ===
# of expected passes 5100
# of unexpected failures 1
# of unexpected successes 1
# of expected failures 75
# of unsupported tests 326
Compiler version: 4.4.0 20080520 (experimental) [trunk revision 135599] (GCC)
Platform: x86_64-unknown-linux-gnu
configure flags: --prefix=/n/04/guerby/install-trunk --enable-languages=all,ada --enable-__cxa_atexit --disable-nls --enable-threads=posix --disable-multilib --with-mpfr=/opt/cfarm/mpfr-2.3.1
More information about the Gcc-testresults
mailing list