Results for 4.4.0 20080518 (experimental) [trunk revision 135503] (GCC) testsuite on x86_64-unknown-linux-gnu
guerby@gcc12.fsffrance.org
guerby@gcc12.fsffrance.org
Sun May 18 19:18:00 GMT 2008
LAST_UPDATED: Sun May 18 15:46:30 UTC 2008 (revision 135503)
=== acats tests ===
=== acats Summary ===
# of expected passes 2314
# of unexpected failures 0
Native configuration is x86_64-unknown-linux-gnu
=== gcc tests ===
Running target unix
XPASS: gcc.dg/tree-ssa/ltrans-3.c scan-tree-dump-times ltrans "transformed loop" 1
=== gcc Summary ===
# of expected passes 49599
# of unexpected successes 1
# of expected failures 169
# of untested testcases 35
# of unsupported tests 631
/home/guerby/build/gcc/xgcc version 4.4.0 20080518 (experimental) [trunk revision 135503] (GCC)
=== gfortran tests ===
Running target unix
FAIL: gfortran.dg/bind_c_module.f90 -O (test for errors, line 13)
FAIL: gfortran.dg/bind_c_module.f90 -O (test for errors, line 20)
FAIL: gfortran.dg/bind_c_module.f90 -O (test for excess errors)
=== gfortran Summary ===
# of expected passes 25715
# of unexpected failures 3
# of expected failures 3
# of unsupported tests 34
/home/guerby/build/gcc/testsuite/gfortran/../../gfortran version 4.4.0 20080518 (experimental) [trunk revision 135503] (GCC)
=== g++ tests ===
Running target unix
FAIL: g++.dg/tree-ssa/pr19637.C scan-tree-dump-times dom1 "return 1;" 3
=== g++ Summary ===
# of expected passes 17633
# of unexpected failures 1
# of expected failures 82
# of unsupported tests 121
/home/guerby/build/gcc/testsuite/g++/../../g++ version 4.4.0 20080518 (experimental) [trunk revision 135503] (GCC)
=== gnat tests ===
Running target unix
FAIL: gnat.dg/specs/tag2.ads (test for errors, line 13)
FAIL: gnat.dg/specs/tag2.ads (test for excess errors)
=== gnat Summary ===
# of expected passes 447
# of unexpected failures 2
# of expected failures 5
=== objc tests ===
Running target unix
=== objc Summary ===
# of expected passes 1814
# of expected failures 7
# of unsupported tests 24
/home/guerby/build/gcc/xgcc version 4.4.0 20080518 (experimental) [trunk revision 135503] (GCC)
=== libffi tests ===
Running target unix
=== libffi Summary ===
# of expected passes 1389
# of unsupported tests 10
=== libgomp tests ===
Running target unix
=== libgomp Summary ===
# of expected passes 1729
=== libjava tests ===
Running target unix
=== libjava Summary ===
# of expected passes 2550
=== libmudflap tests ===
Running target unix
WARNING: program timed out.
FAIL: libmudflap.cth/pass37-frag.c (rerun 14) execution test
FAIL: libmudflap.cth/pass37-frag.c (rerun 14) output pattern test
WARNING: program timed out.
FAIL: libmudflap.cth/pass39-frag.c (rerun 7) execution test
FAIL: libmudflap.cth/pass39-frag.c (rerun 7) output pattern test
WARNING: program timed out.
FAIL: libmudflap.cth/pass40-frag.c execution test
FAIL: libmudflap.cth/pass40-frag.c output pattern test
WARNING: program timed out.
FAIL: libmudflap.cth/pass37-frag.c (-static -DSTATIC) (rerun 14) execution test
FAIL: libmudflap.cth/pass37-frag.c (-static -DSTATIC) (rerun 14) output pattern test
WARNING: program timed out.
FAIL: libmudflap.cth/pass39-frag.c (-static -DSTATIC) (rerun 4) execution test
FAIL: libmudflap.cth/pass39-frag.c (-static -DSTATIC) (rerun 4) output pattern test
WARNING: program timed out.
FAIL: libmudflap.cth/pass40-frag.c (-static -DSTATIC) execution test
FAIL: libmudflap.cth/pass40-frag.c (-static -DSTATIC) output pattern test
WARNING: program timed out.
FAIL: libmudflap.cth/pass37-frag.c (-O2) (rerun 5) execution test
FAIL: libmudflap.cth/pass37-frag.c (-O2) (rerun 5) output pattern test
WARNING: program timed out.
FAIL: libmudflap.cth/pass37-frag.c (-O2) (rerun 6) execution test
WARNING: program timed out.
FAIL: libmudflap.cth/pass39-frag.c (-O2) (rerun 1) execution test
FAIL: libmudflap.cth/pass39-frag.c (-O2) (rerun 1) output pattern test
WARNING: program timed out.
FAIL: libmudflap.cth/pass39-frag.c (-O2) (rerun 5) execution test
FAIL: libmudflap.cth/pass39-frag.c (-O2) (rerun 5) output pattern test
WARNING: program timed out.
FAIL: libmudflap.cth/pass39-frag.c (-O2) (rerun 6) execution test
FAIL: libmudflap.cth/pass39-frag.c (-O2) (rerun 6) output pattern test
WARNING: program timed out.
FAIL: libmudflap.cth/pass39-frag.c (-O2) (rerun 7) execution test
FAIL: libmudflap.cth/pass39-frag.c (-O2) (rerun 7) output pattern test
WARNING: program timed out.
FAIL: libmudflap.cth/pass39-frag.c (-O2) (rerun 11) execution test
FAIL: libmudflap.cth/pass39-frag.c (-O2) (rerun 11) output pattern test
WARNING: program timed out.
FAIL: libmudflap.cth/pass40-frag.c (-O2) execution test
FAIL: libmudflap.cth/pass40-frag.c (-O2) output pattern test
WARNING: program timed out.
FAIL: libmudflap.cth/pass37-frag.c (-O3) execution test
FAIL: libmudflap.cth/pass37-frag.c (-O3) output pattern test
WARNING: program timed out.
FAIL: libmudflap.cth/pass37-frag.c (-O3) (rerun 3) execution test
FAIL: libmudflap.cth/pass37-frag.c (-O3) (rerun 3) output pattern test
WARNING: program timed out.
FAIL: libmudflap.cth/pass37-frag.c (-O3) (rerun 6) execution test
FAIL: libmudflap.cth/pass37-frag.c (-O3) (rerun 6) output pattern test
WARNING: program timed out.
FAIL: libmudflap.cth/pass37-frag.c (-O3) (rerun 11) execution test
FAIL: libmudflap.cth/pass37-frag.c (-O3) (rerun 11) output pattern test
WARNING: program timed out.
FAIL: libmudflap.cth/pass37-frag.c (-O3) (rerun 15) execution test
FAIL: libmudflap.cth/pass37-frag.c (-O3) (rerun 15) output pattern test
WARNING: program timed out.
FAIL: libmudflap.cth/pass37-frag.c (-O3) (rerun 16) execution test
FAIL: libmudflap.cth/pass37-frag.c (-O3) (rerun 16) output pattern test
WARNING: program timed out.
FAIL: libmudflap.cth/pass39-frag.c (-O3) (rerun 11) execution test
FAIL: libmudflap.cth/pass39-frag.c (-O3) (rerun 11) output pattern test
WARNING: program timed out.
FAIL: libmudflap.cth/pass39-frag.c (-O3) (rerun 12) execution test
FAIL: libmudflap.cth/pass39-frag.c (-O3) (rerun 12) output pattern test
WARNING: program timed out.
FAIL: libmudflap.cth/pass39-frag.c (-O3) (rerun 13) execution test
FAIL: libmudflap.cth/pass39-frag.c (-O3) (rerun 13) output pattern test
WARNING: program timed out.
FAIL: libmudflap.cth/pass39-frag.c (-O3) (rerun 17) execution test
FAIL: libmudflap.cth/pass39-frag.c (-O3) (rerun 17) output pattern test
WARNING: program timed out.
FAIL: libmudflap.cth/pass39-frag.c (-O3) (rerun 18) execution test
FAIL: libmudflap.cth/pass39-frag.c (-O3) (rerun 18) output pattern test
WARNING: program timed out.
FAIL: libmudflap.cth/pass40-frag.c (-O3) execution test
FAIL: libmudflap.cth/pass40-frag.c (-O3) output pattern test
=== libmudflap Summary ===
# of expected passes 1814
# of unexpected failures 51
=== libstdc++ tests ===
Running target unix
FAIL: abi_check
XPASS: 26_numerics/headers/cmath/c99_classification_macros_c.cc (test for excess errors)
=== libstdc++ Summary ===
# of expected passes 5100
# of unexpected failures 1
# of unexpected successes 1
# of expected failures 75
# of unsupported tests 326
Compiler version: 4.4.0 20080518 (experimental) [trunk revision 135503] (GCC)
Platform: x86_64-unknown-linux-gnu
configure flags: --prefix=/n/04/guerby/install-trunk --enable-languages=all,ada --enable-__cxa_atexit --disable-nls --enable-threads=posix --disable-multilib --with-mpfr=/opt/cfarm/mpfr-2.3.1
More information about the Gcc-testresults
mailing list