Results for 4.3.1 20080516 (prerelease) [gcc-4_3-branch revision 135449] (GCC) gcc testsuite on arm-unknown-elf
Mike Stein
mstein.lists@googlemail.com
Sat May 17 21:50:00 GMT 2008
Debian 4 on x86_64
cross tool versions:
GNU assembler (GNU Binutils) 2.18.50.20080405
GNU gdb 6.8.50.20080405-cvs
GNU ld (GNU Binutils) 2.18.50.20080405
GNU Make 3.81
expect version 5.43.0
host gcc version: gcc (GCC) 4.4.0 20080516 (experimental) [trunk revision 135447]
LAST_UPDATED: Fri May 16 22:04:29 UTC 2008 (revision 135449)
Target is arm-unknown-elf
Host is x86_64-unknown-linux-gnu
=== gcc tests ===
Running target arm-sim
WARNING: Could not compile gcc.dg/compat/struct-layout-1 generator
FAIL: gcc.dg/cpp/_Pragma6.c (test for excess errors)
FAIL: gcc.dg/intmax_t-1.c (test for errors, line )
FAIL: gcc.dg/memcpy-1.c scan-tree-dump-times optimized "nasty_local" 0
FAIL: gcc.dg/struct/wo_prof_single_str_global.c execution test
FAIL: gcc.dg/struct/wo_prof_single_str_local.c execution test
FAIL: gcc.dg/struct/wo_prof_single_str_pointer.c execution test
FAIL: gcc.dg/tls/alias-1.c (test for excess errors)
FAIL: gcc.dg/tls/opt-2.c (test for excess errors)
=== gcc Summary ===
# of expected passes 45180
# of unexpected failures 8
# of expected failures 85
# of untested testcases 35
# of unsupported tests 2265
/home/mstein/sim/gcc-4_3-branch/arm-elf/build/gcc/xgcc version 4.3.1 20080516 (prerelease) [gcc-4_3-branch revision 135449] (GCC)
Compiler version: 4.3.1 20080516 (prerelease) [gcc-4_3-branch revision 135449] (GCC) gcc
Platform: arm-unknown-elf
configure flags: --target=arm-elf --prefix=/home/mstein/cross-local/arm-elf --enable-languages=c --disable-nls --disable-build-warnings --with-sysroot=/home/mstein/cross-local/arm-elf --with-build-sysroot=/home/mstein/cross-local/arm-elf --with-ld=/home/mstein/cross-local/arm-elf/usr/bin/ld --with-as=/home/mstein/cross-local/arm-elf/usr/bin/as --disable-libssp --with-mpfr=/opt/cfarm/mpfr-2.3.1
More information about the Gcc-testresults
mailing list