Results for 4.4.0 20080514 (experimental) [trunk revision 135297] (GCC) testsuite on powerpc64-unknown-linux-gnu
Janis Johnson
janis187@us.ibm.com
Thu May 15 05:52:00 GMT 2008
Linux 2.6.16.46-0.4-ppc64 ppc64
GNU C Library development release version 2.4 (20070330)
GNU ld (GNU Binutils) 2.18
GNU assembler (GNU Binutils) 2.18
GNU Make 3.80
DejaGnu:
Expect version is 5.43.0
Tcl version is 8.4
Framework version is 1.4.4
32-bit biarch default32
LAST_UPDATED: Wed May 14 15:15:59 UTC 2008 (revision 135297)
Native configuration is powerpc64-unknown-linux-gnu
=== g++ tests ===
Running target unix/-m32
FAIL: g++.dg/ext/vector14.C (test for excess errors)
FAIL: g++.dg/tree-ssa/pr19637.C scan-tree-dump-times dom1 "return 1;" 3
=== g++ Summary for unix/-m32 ===
# of expected passes 17733
# of unexpected failures 2
# of expected failures 82
# of unsupported tests 121
Running target unix/-m64
FAIL: g++.dg/tree-ssa/pr19637.C scan-tree-dump-times dom1 "return 1;" 3
=== g++ Summary for unix/-m64 ===
# of expected passes 17694
# of unexpected failures 1
# of expected failures 82
# of unsupported tests 124
=== g++ Summary ===
# of expected passes 35427
# of unexpected failures 3
# of expected failures 164
# of unsupported tests 245
/home/gccbuild/build/nightly/build-gcc-trunk/gcc/testsuite/g++/../../g++ version 4.4.0 20080514 (experimental) [trunk revision 135297] (GCC)
=== gcc tests ===
Running target unix/-m32
FAIL: gcc.dg/and-1.c scan-assembler-not nand
FAIL: gcc.dg/memcpy-1.c scan-tree-dump-times optimized "nasty_local" 0
FAIL: gcc.dg/pr35729.c scan-rtl-dump-times loop2_invariant "Decided to move invariant" 0
ERROR: gcc.dg/var-expand3.c: error executing dg-final: no files matched glob pattern "var-expand3.c.[0-9][0-9][0-9]r.loop2_unroll"
UNRESOLVED: gcc.dg/var-expand3.c: error executing dg-final: no files matched glob pattern "var-expand3.c.[0-9][0-9][0-9]r.loop2_unroll"
XPASS: gcc.dg/tree-ssa/ltrans-3.c scan-tree-dump-times ltrans "transformed loop" 1
FAIL: gcc.dg/vect/costmodel/ppc/costmodel-vect-31d.c scan-tree-dump-times vect "vectorization not profitable" 1
FAIL: gcc.dg/vect/costmodel/ppc/costmodel-vect-31d.c scan-tree-dump-times vect "vectorized 1 loops" 0
FAIL: gcc.dg/vect/costmodel/ppc/costmodel-vect-68d.c scan-tree-dump-times vect "vectorization not profitable" 1
FAIL: gcc.dg/vect/costmodel/ppc/costmodel-vect-68d.c scan-tree-dump-times vect "vectorized 1 loops" 0
FAIL: gcc.dg/vect/costmodel/ppc/costmodel-vect-76c.c scan-tree-dump-times vect "vectorized 1 loops" 1
FAIL: gcc.dg/vect/vect-strided-a-u8-i8-gap2.c (internal compiler error)
FAIL: gcc.dg/vect/vect-strided-a-u8-i8-gap2.c (test for excess errors)
WARNING: gcc.dg/vect/vect-strided-a-u8-i8-gap2.c compilation failed to produce executable
FAIL: gcc.dg/vect/vect-strided-a-u8-i8-gap2.c scan-tree-dump-times vect "vectorized 1 loops" 1
FAIL: gcc.dg/vect/vect-strided-store-u16-i4.c scan-tree-dump-times vect "vectorized 1 loops" 2
FAIL: gcc.dg/vect/vect-strided-u8-i8-gap2.c (internal compiler error)
FAIL: gcc.dg/vect/vect-strided-u8-i8-gap2.c (test for excess errors)
WARNING: gcc.dg/vect/vect-strided-u8-i8-gap2.c compilation failed to produce executable
FAIL: gcc.dg/vect/vect-strided-u8-i8-gap2.c scan-tree-dump-times vect "vectorized 1 loops" 1
FAIL: gcc.dg/vect/vect-strided-u8-i8-gap4.c execution test
FAIL: gcc.dg/vect/vect-vfa-03.c scan-tree-dump-times vect "vectorized 1 loops" 1
XPASS: gcc.dg/vect/vect-vfa-03.c scan-tree-dump-times vect "vectorized 1 loops" 0
FAIL: gcc.dg/vect/slp-21.c scan-tree-dump-times vect "vectorized 4 loops" 1
FAIL: gcc.dg/vect/slp-21.c scan-tree-dump-times vect "vectorizing stmts using SLP" 2
FAIL: gcc.dg/vect/slp-7.c scan-tree-dump-times vect "vectorized 3 loops" 1
FAIL: gcc.dg/vect/slp-7.c scan-tree-dump-times vect "vectorizing stmts using SLP" 3
=== gcc Summary for unix/-m32 ===
# of expected passes 50011
# of unexpected failures 21
# of unexpected successes 2
# of expected failures 185
# of unresolved testcases 1
# of untested testcases 35
# of unsupported tests 515
Running target unix/-m64
FAIL: gcc.dg/and-1.c scan-assembler-not nand
FAIL: gcc.dg/pr35729.c scan-rtl-dump-times loop2_invariant "Decided to move invariant" 0
ERROR: gcc.dg/var-expand3.c: error executing dg-final: no files matched glob pattern "var-expand3.c.[0-9][0-9][0-9]r.loop2_unroll"
UNRESOLVED: gcc.dg/var-expand3.c: error executing dg-final: no files matched glob pattern "var-expand3.c.[0-9][0-9][0-9]r.loop2_unroll"
XPASS: gcc.dg/tree-ssa/ltrans-3.c scan-tree-dump-times ltrans "transformed loop" 1
XPASS: gcc.dg/tree-ssa/sra-2.c scan-tree-dump-times optimized "link_error" 0
FAIL: gcc.dg/vect/costmodel/ppc/costmodel-vect-31d.c scan-tree-dump-times vect "vectorization not profitable" 1
FAIL: gcc.dg/vect/costmodel/ppc/costmodel-vect-31d.c scan-tree-dump-times vect "vectorized 1 loops" 0
FAIL: gcc.dg/vect/costmodel/ppc/costmodel-vect-68d.c scan-tree-dump-times vect "vectorization not profitable" 1
FAIL: gcc.dg/vect/costmodel/ppc/costmodel-vect-68d.c scan-tree-dump-times vect "vectorized 1 loops" 0
FAIL: gcc.dg/vect/costmodel/ppc/costmodel-vect-76c.c scan-tree-dump-times vect "vectorized 1 loops" 1
FAIL: gcc.dg/vect/vect-strided-a-u8-i8-gap2.c (internal compiler error)
FAIL: gcc.dg/vect/vect-strided-a-u8-i8-gap2.c (test for excess errors)
WARNING: gcc.dg/vect/vect-strided-a-u8-i8-gap2.c compilation failed to produce executable
FAIL: gcc.dg/vect/vect-strided-a-u8-i8-gap2.c scan-tree-dump-times vect "vectorized 1 loops" 1
FAIL: gcc.dg/vect/vect-strided-store-u16-i4.c scan-tree-dump-times vect "vectorized 1 loops" 2
FAIL: gcc.dg/vect/vect-strided-u8-i8-gap2.c (internal compiler error)
FAIL: gcc.dg/vect/vect-strided-u8-i8-gap2.c (test for excess errors)
WARNING: gcc.dg/vect/vect-strided-u8-i8-gap2.c compilation failed to produce executable
FAIL: gcc.dg/vect/vect-strided-u8-i8-gap2.c scan-tree-dump-times vect "vectorized 1 loops" 1
FAIL: gcc.dg/vect/vect-strided-u8-i8-gap4.c execution test
FAIL: gcc.dg/vect/vect-vfa-03.c scan-tree-dump-times vect "vectorized 1 loops" 1
XPASS: gcc.dg/vect/vect-vfa-03.c scan-tree-dump-times vect "vectorized 1 loops" 0
FAIL: gcc.dg/vect/slp-21.c scan-tree-dump-times vect "vectorized 4 loops" 1
FAIL: gcc.dg/vect/slp-21.c scan-tree-dump-times vect "vectorizing stmts using SLP" 2
FAIL: gcc.dg/vect/slp-7.c scan-tree-dump-times vect "vectorized 3 loops" 1
FAIL: gcc.dg/vect/slp-7.c scan-tree-dump-times vect "vectorizing stmts using SLP" 3
FAIL: gcc.target/powerpc/ppc-negeq0-1.c scan-assembler-not cntlzw
=== gcc Summary for unix/-m64 ===
# of expected passes 49844
# of unexpected failures 21
# of unexpected successes 3
# of expected failures 186
# of unresolved testcases 1
# of untested testcases 35
# of unsupported tests 586
=== gcc Summary ===
# of expected passes 99855
# of unexpected failures 42
# of unexpected successes 5
# of expected failures 371
# of unresolved testcases 2
# of untested testcases 70
# of unsupported tests 1101
/home/gccbuild/build/nightly/build-gcc-trunk/gcc/xgcc version 4.4.0 20080514 (experimental) [trunk revision 135297] (GCC)
=== gfortran tests ===
Running target unix/-m32
FAIL: gfortran.dg/argument_checking_11.f90 -O (test for errors, line 99)
FAIL: gfortran.dg/argument_checking_11.f90 -O (test for excess errors)
XPASS: gfortran.dg/default_format_denormal_2.f90 -O0 execution test
XPASS: gfortran.dg/default_format_denormal_2.f90 -O1 execution test
XPASS: gfortran.dg/default_format_denormal_2.f90 -O2 execution test
XPASS: gfortran.dg/default_format_denormal_2.f90 -O3 -fomit-frame-pointer execution test
XPASS: gfortran.dg/default_format_denormal_2.f90 -O3 -fomit-frame-pointer -funroll-loops execution test
XPASS: gfortran.dg/default_format_denormal_2.f90 -O3 -fomit-frame-pointer -funroll-all-loops -finline-functions execution test
XPASS: gfortran.dg/default_format_denormal_2.f90 -O3 -g execution test
XPASS: gfortran.dg/default_format_denormal_2.f90 -Os execution test
FAIL: gfortran.dg/io_constraints_2.f90 -O (test for errors, line 67)
FAIL: gfortran.dg/io_constraints_2.f90 -O (test for excess errors)
XPASS: gfortran.dg/nint_2.f90 -O1 execution test
XPASS: gfortran.dg/nint_2.f90 -O2 execution test
XPASS: gfortran.dg/nint_2.f90 -O3 -fomit-frame-pointer execution test
XPASS: gfortran.dg/nint_2.f90 -O3 -fomit-frame-pointer -funroll-loops execution test
XPASS: gfortran.dg/nint_2.f90 -O3 -fomit-frame-pointer -funroll-all-loops -finline-functions execution test
XPASS: gfortran.dg/nint_2.f90 -O3 -g execution test
XPASS: gfortran.dg/nint_2.f90 -Os execution test
=== gfortran Summary for unix/-m32 ===
# of expected passes 24571
# of unexpected failures 4
# of unexpected successes 15
# of expected failures 28
# of unsupported tests 85
Running target unix/-m64
FAIL: gfortran.dg/argument_checking_11.f90 -O (test for errors, line 99)
FAIL: gfortran.dg/argument_checking_11.f90 -O (test for excess errors)
XPASS: gfortran.dg/default_format_denormal_2.f90 -O0 execution test
XPASS: gfortran.dg/default_format_denormal_2.f90 -O1 execution test
XPASS: gfortran.dg/default_format_denormal_2.f90 -O2 execution test
XPASS: gfortran.dg/default_format_denormal_2.f90 -O3 -fomit-frame-pointer execution test
XPASS: gfortran.dg/default_format_denormal_2.f90 -O3 -fomit-frame-pointer -funroll-loops execution test
XPASS: gfortran.dg/default_format_denormal_2.f90 -O3 -fomit-frame-pointer -funroll-all-loops -finline-functions execution test
XPASS: gfortran.dg/default_format_denormal_2.f90 -O3 -g execution test
XPASS: gfortran.dg/default_format_denormal_2.f90 -Os execution test
XPASS: gfortran.dg/nint_2.f90 -O1 execution test
XPASS: gfortran.dg/nint_2.f90 -O2 execution test
XPASS: gfortran.dg/nint_2.f90 -O3 -fomit-frame-pointer execution test
XPASS: gfortran.dg/nint_2.f90 -O3 -fomit-frame-pointer -funroll-loops execution test
XPASS: gfortran.dg/nint_2.f90 -O3 -fomit-frame-pointer -funroll-all-loops -finline-functions execution test
XPASS: gfortran.dg/nint_2.f90 -O3 -g execution test
XPASS: gfortran.dg/nint_2.f90 -Os execution test
=== gfortran Summary for unix/-m64 ===
# of expected passes 24669
# of unexpected failures 2
# of unexpected successes 15
# of expected failures 28
# of unsupported tests 37
=== gfortran Summary ===
# of expected passes 49240
# of unexpected failures 6
# of unexpected successes 30
# of expected failures 56
# of unsupported tests 122
/home/gccbuild/build/nightly/build-gcc-trunk/gcc/testsuite/gfortran/../../gfortran version 4.4.0 20080514 (experimental) [trunk revision 135297] (GCC)
=== obj-c++ tests ===
Running target unix/-m32
FAIL: obj-c++.dg/bitfield-1.mm (internal compiler error)
FAIL: obj-c++.dg/bitfield-1.mm (test for excess errors)
WARNING: obj-c++.dg/bitfield-1.mm compilation failed to produce executable
FAIL: obj-c++.dg/comp-types-10.mm (internal compiler error)
FAIL: obj-c++.dg/comp-types-10.mm (test for excess errors)
WARNING: obj-c++.dg/lookup-2.mm compilation failed to produce executable
WARNING: obj-c++.dg/try-catch-2.mm compilation failed to produce executable
FAIL: obj-c++.dg/try-catch-9.mm (test for excess errors)
WARNING: obj-c++.dg/try-catch-9.mm compilation failed to produce executable
=== obj-c++ Summary for unix/-m32 ===
# of expected passes 434
# of unexpected failures 5
# of expected failures 9
# of unsupported tests 13
Running target unix/-m64
FAIL: obj-c++.dg/bitfield-1.mm (internal compiler error)
WARNING: obj-c++.dg/bitfield-1.mm compilation failed to produce executable
XPASS: obj-c++.dg/bitfield-4.mm (test for excess errors)
FAIL: obj-c++.dg/comp-types-10.mm (internal compiler error)
FAIL: obj-c++.dg/comp-types-10.mm (test for excess errors)
XPASS: obj-c++.dg/layout-1.mm (test for excess errors)
WARNING: obj-c++.dg/lookup-2.mm compilation failed to produce executable
WARNING: obj-c++.dg/try-catch-2.mm compilation failed to produce executable
FAIL: obj-c++.dg/try-catch-9.mm (test for excess errors)
WARNING: obj-c++.dg/try-catch-9.mm compilation failed to produce executable
=== obj-c++ Summary for unix/-m64 ===
# of expected passes 421
# of unexpected failures 4
# of unexpected successes 2
# of expected failures 21
# of unsupported tests 13
=== obj-c++ Summary ===
# of expected passes 855
# of unexpected failures 9
# of unexpected successes 2
# of expected failures 30
# of unsupported tests 26
/home/gccbuild/build/nightly/build-gcc-trunk/gcc/testsuite/obj-c++/../../g++ version 4.4.0 20080514 (experimental) [trunk revision 135297] (GCC)
=== objc tests ===
Running target unix/-m32
=== objc Summary for unix/-m32 ===
# of expected passes 1814
# of expected failures 7
# of unsupported tests 24
Running target unix/-m64
=== objc Summary for unix/-m64 ===
# of expected passes 1814
# of expected failures 7
# of unsupported tests 24
=== objc Summary ===
# of expected passes 3628
# of expected failures 14
# of unsupported tests 48
/home/gccbuild/build/nightly/build-gcc-trunk/gcc/xgcc version 4.4.0 20080514 (experimental) [trunk revision 135297] (GCC)
=== libffi tests ===
Running target unix/-m32
=== libffi Summary for unix/-m32 ===
# of expected passes 1389
# of unsupported tests 10
Running target unix/-m64
=== libffi Summary for unix/-m64 ===
# of expected passes 1389
# of unsupported tests 10
=== libffi Summary ===
# of expected passes 2778
# of unsupported tests 20
=== libgomp tests ===
Running target unix/-m32
=== libgomp Summary for unix/-m32 ===
# of expected passes 1729
Running target unix/-m64
=== libgomp Summary for unix/-m64 ===
# of expected passes 1729
=== libgomp Summary ===
# of expected passes 3458
=== libjava tests ===
Running target unix/-m32
=== libjava Summary for unix/-m32 ===
# of expected passes 2550
Running target unix/-m64
FAIL: getlocalvartable output
=== libjava Summary for unix/-m64 ===
# of expected passes 2549
# of unexpected failures 1
=== libjava Summary ===
# of expected passes 5099
# of unexpected failures 1
=== libmudflap tests ===
Running target unix/-m32
=== libmudflap Summary for unix/-m32 ===
# of expected passes 1865
Running target unix/-m64
FAIL: libmudflap.c/fail27-frag.c output pattern test
FAIL: libmudflap.c/fail27-frag.c (-static) output pattern test
FAIL: libmudflap.c/fail27-frag.c (-O2) output pattern test
FAIL: libmudflap.c/fail27-frag.c (-O3) output pattern test
=== libmudflap Summary for unix/-m64 ===
# of expected passes 1861
# of unexpected failures 4
=== libmudflap Summary ===
# of expected passes 3726
# of unexpected failures 4
=== libstdc++ tests ===
Running target unix/-m32
FAIL: abi_check
XPASS: 26_numerics/headers/cmath/c99_classification_macros_c.cc (test for excess errors)
=== libstdc++ Summary for unix/-m32 ===
# of expected passes 5732
# of unexpected failures 1
# of unexpected successes 1
# of expected failures 75
# of unsupported tests 10
Running target unix/-m64
FAIL: abi_check
XPASS: 26_numerics/complex/13450.cc execution test
XPASS: 26_numerics/complex/complex_value.cc execution test
XPASS: 26_numerics/complex/pow.cc execution test
XPASS: 26_numerics/headers/cmath/c99_classification_macros_c.cc (test for excess errors)
=== libstdc++ Summary for unix/-m64 ===
# of expected passes 5729
# of unexpected failures 1
# of unexpected successes 4
# of expected failures 75
# of unsupported tests 10
=== libstdc++ Summary ===
# of expected passes 11461
# of unexpected failures 2
# of unexpected successes 5
# of expected failures 150
# of unsupported tests 20
Compiler version: 4.4.0 20080514 (experimental) [trunk revision 135297] (GCC)
Platform: powerpc64-unknown-linux-gnu
configure flags: --prefix=/opt/gcc-nightly/trunk-20080514 --build=powerpc64-linux --host=powerpc64-linux --target=powerpc64-linux --with-cpu=default32 --with-as=/opt/gcc-nightly/binutils-2.18/bin/as --with-ld=/opt/gcc-nightly/binutils-2.18/bin/ld --enable-threads=posix --enable-shared --enable-__cxa_atexit --enable-languages=c,c++,fortran,objc,obj-c++,java --enable-checking --disable-alsa --with-gmp=/opt/gcc-nightly/gmp-mpfr --with-mpfr=/opt/gcc-nightly/gmp-mpfr
=== Test Framework Summary ===
# of expected passes 2510
More information about the Gcc-testresults
mailing list