Results for 4.2.4 20080514 (prerelease) testsuite on hppa2.0w-hp-hpux11.11
John David Anglin
dave@hiauly3.hia.nrc.ca
Thu May 15 00:30:00 GMT 2008
LAST_UPDATED: Wed May 14 02:30:40 UTC 2008 (revision 135280)
=== acats tests ===
FAIL: c380004
FAIL: c954a01
=== acats Summary ===
# of expected passes 2312
# of unexpected failures 2
Native configuration is hppa2.0w-hp-hpux11.11
=== g++ tests ===
Running target unix
=== g++ Summary ===
# of expected passes 12973
# of expected failures 70
# of unsupported tests 188
/mnt/gnu/gcc/objdir/gcc/testsuite/g++/../../g++ version 4.2.4 20080514 (prerelease)
=== gcc tests ===
Running target unix
WARNING: program timed out.
FAIL: gcc.c-torture/compile/20001226-1.c -O2 (test for excess errors)
WARNING: program timed out.
FAIL: gcc.c-torture/compile/20001226-1.c -O3 -fomit-frame-pointer (test for excess errors)
WARNING: program timed out.
FAIL: gcc.c-torture/compile/20001226-1.c -O3 -g (test for excess errors)
WARNING: program timed out.
FAIL: gcc.c-torture/compile/20001226-1.c -Os (test for excess errors)
XPASS: gcc.c-torture/execute/mayalias-2.c compilation, -O3 -g
XPASS: gcc.dg/cpp/cmdlne-dI-M.c scan-file (^|\\\\n)cmdlne-dI-M.*:[^\\\\n]*cmdlne-dI-M.c
XPASS: gcc.dg/cpp/cmdlne-dM-M.c scan-file (^|\\\\n)cmdlne-dM-M[^\\\\n]*:[^\\\\n]*cmdlne-dM-M.c
=== gcc Summary ===
# of expected passes 40414
# of unexpected failures 4
# of unexpected successes 3
# of expected failures 82
# of untested testcases 28
# of unsupported tests 502
/mnt/gnu/gcc/objdir/gcc/xgcc version 4.2.4 20080514 (prerelease)
=== gfortran tests ===
Running target unix
=== gfortran Summary ===
# of expected passes 16042
# of expected failures 6
# of unsupported tests 105
/mnt/gnu/gcc/objdir/gcc/testsuite/gfortran/../../gfortran version 4.2.4 20080514 (prerelease)
=== gnat tests ===
Running target unix
=== gnat Summary ===
# of expected passes 42
=== obj-c++ tests ===
Running target unix
WARNING: obj-c++.dg/lookup-2.mm compilation failed to produce executable
WARNING: obj-c++.dg/try-catch-2.mm compilation failed to produce executable
WARNING: obj-c++.dg/try-catch-9.mm compilation failed to produce executable
=== obj-c++ Summary ===
# of expected passes 441
# of expected failures 6
# of unsupported tests 14
/mnt/gnu/gcc/objdir/gcc/testsuite/obj-c++/../../g++ version 4.2.4 20080514 (prerelease)
=== objc tests ===
Running target unix
=== objc Summary ===
# of expected passes 1800
# of expected failures 7
# of unsupported tests 27
/mnt/gnu/gcc/objdir/gcc/xgcc version 4.2.4 20080514 (prerelease)
=== libgomp tests ===
Running target unix
FAIL: libgomp.fortran/vla6.f90 -O1 execution test
=== libgomp Summary ===
# of expected passes 1339
# of unexpected failures 1
# of unsupported tests 118
=== libstdc++ tests ===
Running target unix
=== libstdc++ Summary ===
# of expected passes 3821
# of expected failures 14
# of unsupported tests 332
Compiler version: 4.2.4 20080514 (prerelease)
Platform: hppa2.0w-hp-hpux11.11
configure flags: --with-gnu-as --with-as=/opt/gnu/bin/as --enable-shared --with-local-prefix=/opt/gnu --prefix=/opt/gnu/gcc/gcc-4.2.4 --with-gmp=/opt/gnu/gcc/gcc-4.2.4 --enable-threads=posix --enable-debug=no --disable-nls --enable-languages=c,ada,c++,fortran,objc,obj-c++
More information about the Gcc-testresults
mailing list