Results for 4.4.0 20080507 (experimental) [stack revision 135057] (GCC) testsuite on x86_64-unknown-linux-gnu
H.J. Lu
hjl.tools@gmail.com
Wed May 7 23:18:00 GMT 2008
LAST_UPDATED: Wed May 7 21:12:29 UTC 2008 (revision 135057)
Native configuration is x86_64-unknown-linux-gnu
=== gcc tests ===
Running target unix/-m32
FAIL: gcc.c-torture/compile/limits-exprparen.c -O0 (test for excess errors)
FAIL: gcc.c-torture/compile/limits-exprparen.c -O1 (test for excess errors)
FAIL: gcc.c-torture/compile/limits-exprparen.c -O2 (test for excess errors)
FAIL: gcc.c-torture/compile/limits-exprparen.c -O3 -fomit-frame-pointer (test for excess errors)
FAIL: gcc.c-torture/compile/limits-exprparen.c -O3 -g (test for excess errors)
FAIL: gcc.c-torture/compile/limits-exprparen.c -Os (test for excess errors)
XPASS: gcc.dg/tree-ssa/ltrans-3.c scan-tree-dump-times ltrans "transformed loop" 1
=== gcc Summary for unix/-m32 ===
# of expected passes 51459
# of unexpected failures 6
# of unexpected successes 1
# of expected failures 167
# of untested testcases 35
# of unsupported tests 404
Running target unix
FAIL: gcc.c-torture/compile/limits-exprparen.c -O0 (test for excess errors)
FAIL: gcc.c-torture/compile/limits-exprparen.c -O1 (test for excess errors)
FAIL: gcc.c-torture/compile/limits-exprparen.c -O2 (test for excess errors)
FAIL: gcc.c-torture/compile/limits-exprparen.c -O3 -fomit-frame-pointer (test for excess errors)
FAIL: gcc.c-torture/compile/limits-exprparen.c -O3 -g (test for excess errors)
FAIL: gcc.c-torture/compile/limits-exprparen.c -Os (test for excess errors)
FAIL: gcc.dg/tree-prof/pr34999.c compilation, -fprofile-use -D_PROFILE_USE
UNRESOLVED: gcc.dg/tree-prof/pr34999.c execution, -fprofile-use -D_PROFILE_USE
XPASS: gcc.dg/tree-ssa/ltrans-3.c scan-tree-dump-times ltrans "transformed loop" 1
=== gcc Summary for unix ===
# of expected passes 51199
# of unexpected failures 7
# of unexpected successes 1
# of expected failures 167
# of unresolved testcases 1
# of untested testcases 35
# of unsupported tests 580
=== gcc Summary ===
# of expected passes 102658
# of unexpected failures 13
# of unexpected successes 2
# of expected failures 334
# of unresolved testcases 1
# of untested testcases 70
# of unsupported tests 984
/export/build/gnu/gcc-stack/build-x86_64-linux/gcc/xgcc version 4.4.0 20080507 (experimental) [stack revision 135057] (GCC)
=== gfortran tests ===
Running target unix/-m32
=== gfortran Summary for unix/-m32 ===
# of expected passes 24600
# of expected failures 11
# of unsupported tests 64
Running target unix
=== gfortran Summary for unix ===
# of expected passes 24662
# of expected failures 11
# of unsupported tests 34
=== gfortran Summary ===
# of expected passes 49262
# of expected failures 22
# of unsupported tests 98
/export/build/gnu/gcc-stack/build-x86_64-linux/gcc/testsuite/gfortran/../../gfortran version 4.4.0 20080507 (experimental) [stack revision 135057] (GCC)
=== g++ tests ===
Running target unix/-m32
FAIL: g++.dg/tree-ssa/pr19637.C scan-tree-dump-times dom1 "return 1;" 3
=== g++ Summary for unix/-m32 ===
# of expected passes 18220
# of unexpected failures 1
# of expected failures 82
# of unsupported tests 90
Running target unix
FAIL: g++.dg/tree-ssa/pr19637.C scan-tree-dump-times dom1 "return 1;" 3
=== g++ Summary for unix ===
# of expected passes 17913
# of unexpected failures 1
# of expected failures 82
# of unsupported tests 237
=== g++ Summary ===
# of expected passes 36133
# of unexpected failures 2
# of expected failures 164
# of unsupported tests 327
/export/build/gnu/gcc-stack/build-x86_64-linux/gcc/testsuite/g++/../../g++ version 4.4.0 20080507 (experimental) [stack revision 135057] (GCC)
=== objc tests ===
Running target unix/-m32
=== objc Summary for unix/-m32 ===
# of expected passes 1814
# of expected failures 7
# of unsupported tests 24
Running target unix
=== objc Summary for unix ===
# of expected passes 1814
# of expected failures 7
# of unsupported tests 24
=== objc Summary ===
# of expected passes 3628
# of expected failures 14
# of unsupported tests 48
/export/build/gnu/gcc-stack/build-x86_64-linux/gcc/xgcc version 4.4.0 20080507 (experimental) [stack revision 135057] (GCC)
=== libffi tests ===
Running target unix/-m32
=== libffi Summary for unix/-m32 ===
# of expected passes 1389
# of unsupported tests 10
Running target unix
=== libffi Summary for unix ===
# of expected passes 1389
# of unsupported tests 10
=== libffi Summary ===
# of expected passes 2778
# of unsupported tests 20
=== libgomp tests ===
Running target unix/-m32
=== libgomp Summary for unix/-m32 ===
# of expected passes 1729
Running target unix
=== libgomp Summary for unix ===
# of expected passes 1729
=== libgomp Summary ===
# of expected passes 3458
=== libjava tests ===
Running target unix/-m32
FAIL: events output
=== libjava Summary for unix/-m32 ===
# of expected passes 2549
# of unexpected failures 1
Running target unix
=== libjava Summary for unix ===
# of expected passes 2550
=== libjava Summary ===
# of expected passes 5099
# of unexpected failures 1
=== libmudflap tests ===
Running target unix/-m32
FAIL: libmudflap.cth/pass39-frag.c (rerun 15) execution test
FAIL: libmudflap.cth/pass39-frag.c (rerun 15) output pattern test
FAIL: libmudflap.cth/pass39-frag.c (-O2) (rerun 10) execution test
FAIL: libmudflap.cth/pass39-frag.c (-O2) (rerun 10) output pattern test
=== libmudflap Summary for unix/-m32 ===
# of expected passes 1861
# of unexpected failures 4
Running target unix
=== libmudflap Summary for unix ===
# of expected passes 1865
=== libmudflap Summary ===
# of expected passes 3726
# of unexpected failures 4
=== libstdc++ tests ===
Running target unix/-m32
XPASS: 26_numerics/headers/cmath/c99_classification_macros_c.cc (test for excess errors)
=== libstdc++ Summary for unix/-m32 ===
# of expected passes 5729
# of unexpected successes 1
# of expected failures 75
# of unsupported tests 10
Running target unix
XPASS: 26_numerics/headers/cmath/c99_classification_macros_c.cc (test for excess errors)
=== libstdc++ Summary for unix ===
# of expected passes 5729
# of unexpected successes 1
# of expected failures 75
# of unsupported tests 10
=== libstdc++ Summary ===
# of expected passes 11458
# of unexpected successes 2
# of expected failures 150
# of unsupported tests 20
Compiler version: 4.4.0 20080507 (experimental) [stack revision 135057] (GCC)
Platform: x86_64-unknown-linux-gnu
configure flags: --enable-clocale=gnu --with-system-zlib --with-demangler-in-ld --enable-shared --enable-threads=posix --enable-haifa --prefix=/usr/gcc-4.4-stack --with-local-prefix=/usr/local
More information about the Gcc-testresults
mailing list