Results for 4.4.0 20080502 (experimental) [trunk revision 134891] (GCC) testsuite on hppa-unknown-linux-gnu
John David Anglin
dave@gsyprf11.external.hp.com
Sun May 4 16:57:00 GMT 2008
LAST_UPDATED: Sat May 3 00:08:43 UTC 2008 (revision 134891)
=== acats tests ===
FAIL: cxf3a01
=== acats Summary ===
# of expected passes 2314
# of unexpected failures 1
Native configuration is hppa-unknown-linux-gnu
=== g++ tests ===
Running target unix
WARNING: program timed out.
FAIL: g++.dg/eh/cleanup1.C (test for excess errors)
FAIL: g++.dg/opt/pr30965.C scan-tree-dump-times optimized ";; Function" 2
WARNING: program timed out.
FAIL: g++.dg/torture/pr31863.C -O1 (test for excess errors)
WARNING: program timed out.
FAIL: g++.dg/torture/pr31863.C -O2 (test for excess errors)
WARNING: program timed out.
FAIL: g++.dg/torture/pr31863.C -O3 -fomit-frame-pointer (test for excess errors)
WARNING: program timed out.
FAIL: g++.dg/torture/pr31863.C -O3 -g (test for excess errors)
WARNING: program timed out.
FAIL: g++.dg/torture/pr31863.C -Os (test for excess errors)
=== g++ Summary ===
# of expected passes 17613
# of unexpected failures 7
# of expected failures 82
# of unsupported tests 140
/home/dave/gcc-4.4/objdir/gcc/testsuite/g++/../../g++ version 4.4.0 20080502 (experimental) [trunk revision 134891] (GCC)
=== gcc tests ===
Running target unix
WARNING: program timed out.
FAIL: gcc.c-torture/compile/20001226-1.c -O1 (test for excess errors)
WARNING: program timed out.
FAIL: gcc.c-torture/compile/20001226-1.c -O2 (test for excess errors)
WARNING: program timed out.
FAIL: gcc.c-torture/compile/20001226-1.c -O3 -fomit-frame-pointer (test for excess errors)
WARNING: program timed out.
FAIL: gcc.c-torture/compile/20001226-1.c -O3 -g (test for excess errors)
WARNING: program timed out.
FAIL: gcc.c-torture/compile/20001226-1.c -Os (test for excess errors)
FAIL: gcc.c-torture/compile/pr11832.c -O0 (internal compiler error)
FAIL: gcc.c-torture/compile/pr11832.c -O0 (test for excess errors)
FAIL: gcc.c-torture/compile/pr11832.c -O1 (internal compiler error)
FAIL: gcc.c-torture/compile/pr11832.c -O1 (test for excess errors)
FAIL: gcc.c-torture/compile/pr11832.c -O2 (internal compiler error)
FAIL: gcc.c-torture/compile/pr11832.c -O2 (test for excess errors)
FAIL: gcc.c-torture/compile/pr11832.c -O3 -fomit-frame-pointer (internal compiler error)
FAIL: gcc.c-torture/compile/pr11832.c -O3 -fomit-frame-pointer (test for excess errors)
FAIL: gcc.c-torture/compile/pr11832.c -O3 -g (internal compiler error)
FAIL: gcc.c-torture/compile/pr11832.c -O3 -g (test for excess errors)
FAIL: gcc.c-torture/compile/pr11832.c -Os (internal compiler error)
FAIL: gcc.c-torture/compile/pr11832.c -Os (test for excess errors)
FAIL: gcc.c-torture/compile/pr33009.c -O0 (internal compiler error)
FAIL: gcc.c-torture/compile/pr33009.c -O0 (test for excess errors)
FAIL: gcc.c-torture/compile/pr33009.c -O1 (internal compiler error)
FAIL: gcc.c-torture/compile/pr33009.c -O1 (test for excess errors)
FAIL: gcc.c-torture/compile/pr33009.c -O2 (internal compiler error)
FAIL: gcc.c-torture/compile/pr33009.c -O2 (test for excess errors)
FAIL: gcc.c-torture/compile/pr33009.c -O3 -fomit-frame-pointer (internal compiler error)
FAIL: gcc.c-torture/compile/pr33009.c -O3 -fomit-frame-pointer (test for excess errors)
FAIL: gcc.c-torture/compile/pr33009.c -O3 -fomit-frame-pointer -funroll-loops (internal compiler error)
FAIL: gcc.c-torture/compile/pr33009.c -O3 -fomit-frame-pointer -funroll-loops (test for excess errors)
FAIL: gcc.c-torture/compile/pr33009.c -O3 -fomit-frame-pointer -funroll-all-loops -finline-functions (internal compiler error)
FAIL: gcc.c-torture/compile/pr33009.c -O3 -fomit-frame-pointer -funroll-all-loops -finline-functions (test for excess errors)
FAIL: gcc.c-torture/compile/pr33009.c -O3 -g (internal compiler error)
FAIL: gcc.c-torture/compile/pr33009.c -O3 -g (test for excess errors)
FAIL: gcc.c-torture/compile/pr33009.c -Os (internal compiler error)
FAIL: gcc.c-torture/compile/pr33009.c -Os (test for excess errors)
FAIL: gcc.c-torture/execute/20040709-1.c execution, -O2
FAIL: gcc.c-torture/execute/20040709-1.c execution, -O3 -fomit-frame-pointer
FAIL: gcc.c-torture/execute/20040709-1.c execution, -O3 -fomit-frame-pointer -funroll-loops
FAIL: gcc.c-torture/execute/20040709-1.c execution, -O3 -fomit-frame-pointer -funroll-all-loops -finline-functions
FAIL: gcc.c-torture/execute/20040709-1.c execution, -O3 -g
FAIL: gcc.c-torture/execute/20040709-1.c execution, -Os
FAIL: gcc.c-torture/execute/20040709-2.c execution, -O1
FAIL: gcc.c-torture/execute/20040709-2.c execution, -O2
FAIL: gcc.c-torture/execute/20040709-2.c execution, -O3 -fomit-frame-pointer
FAIL: gcc.c-torture/execute/20040709-2.c execution, -O3 -fomit-frame-pointer -funroll-loops
FAIL: gcc.c-torture/execute/20040709-2.c execution, -O3 -fomit-frame-pointer -funroll-all-loops -finline-functions
FAIL: gcc.c-torture/execute/20040709-2.c execution, -O3 -g
FAIL: gcc.c-torture/execute/20040709-2.c execution, -Os
FAIL: gcc.c-torture/execute/va-arg-pack-1.c compilation, -O0
UNRESOLVED: gcc.c-torture/execute/va-arg-pack-1.c execution, -O0
FAIL: gcc.dg/attr-alwaysinline.c scan-assembler-not sabrina
FAIL: gcc.dg/pr35729.c scan-rtl-dump-times loop2_invariant "Decided to move invariant" 0
FAIL: gcc.dg/winline-4.c (test for warnings, line 4)
FAIL: gcc.dg/winline-4.c (test for warnings, line 7)
FAIL: gcc.dg/torture/nested-fn-1.c -O0 scan-assembler-not should_not_appear
XPASS: gcc.dg/tree-ssa/loop-1.c scan-assembler-times foo 5
XPASS: gcc.dg/tree-ssa/ltrans-3.c scan-tree-dump-times ltrans "transformed loop" 1
=== gcc Summary ===
# of expected passes 46153
# of unexpected failures 52
# of unexpected successes 2
# of expected failures 92
# of unresolved testcases 1
# of untested testcases 35
# of unsupported tests 482
/home/dave/gcc-4.4/objdir/gcc/xgcc version 4.4.0 20080502 (experimental) [trunk revision 134891] (GCC)
=== gfortran tests ===
Running target unix
FAIL: gfortran.dg/ldist-1.f90 -O scan-tree-dump-times ldist "distributed: split to 4 loops" 1
FAIL: gfortran.dg/use_only_1.f90 -O0 (internal compiler error)
FAIL: gfortran.dg/use_only_1.f90 -O0 (test for excess errors)
UNRESOLVED: gfortran.dg/use_only_1.f90 -O0 compilation failed to produce executable
FAIL: gfortran.dg/use_only_1.f90 -O1 (internal compiler error)
FAIL: gfortran.dg/use_only_1.f90 -O1 (test for excess errors)
UNRESOLVED: gfortran.dg/use_only_1.f90 -O1 compilation failed to produce executable
FAIL: gfortran.dg/use_only_1.f90 -O2 (internal compiler error)
FAIL: gfortran.dg/use_only_1.f90 -O2 (test for excess errors)
UNRESOLVED: gfortran.dg/use_only_1.f90 -O2 compilation failed to produce executable
FAIL: gfortran.dg/use_only_1.f90 -O3 -fomit-frame-pointer (internal compiler error)
FAIL: gfortran.dg/use_only_1.f90 -O3 -fomit-frame-pointer (test for excess errors)
UNRESOLVED: gfortran.dg/use_only_1.f90 -O3 -fomit-frame-pointer compilation failed to produce executable
FAIL: gfortran.dg/use_only_1.f90 -O3 -fomit-frame-pointer -funroll-loops (internal compiler error)
FAIL: gfortran.dg/use_only_1.f90 -O3 -fomit-frame-pointer -funroll-loops (test for excess errors)
UNRESOLVED: gfortran.dg/use_only_1.f90 -O3 -fomit-frame-pointer -funroll-loops compilation failed to produce executable
FAIL: gfortran.dg/use_only_1.f90 -O3 -fomit-frame-pointer -funroll-all-loops -finline-functions (internal compiler error)
FAIL: gfortran.dg/use_only_1.f90 -O3 -fomit-frame-pointer -funroll-all-loops -finline-functions (test for excess errors)
UNRESOLVED: gfortran.dg/use_only_1.f90 -O3 -fomit-frame-pointer -funroll-all-loops -finline-functions compilation failed to produce executable
FAIL: gfortran.dg/use_only_1.f90 -O3 -g (internal compiler error)
FAIL: gfortran.dg/use_only_1.f90 -O3 -g (test for excess errors)
UNRESOLVED: gfortran.dg/use_only_1.f90 -O3 -g compilation failed to produce executable
FAIL: gfortran.dg/use_only_1.f90 -Os (internal compiler error)
FAIL: gfortran.dg/use_only_1.f90 -Os (test for excess errors)
UNRESOLVED: gfortran.dg/use_only_1.f90 -Os compilation failed to produce executable
=== gfortran Summary ===
# of expected passes 24199
# of unexpected failures 17
# of expected failures 3
# of unresolved testcases 8
# of unsupported tests 221
/home/dave/gcc-4.4/objdir/gcc/testsuite/gfortran/../../gfortran version 4.4.0 20080502 (experimental) [trunk revision 134891] (GCC)
=== gnat tests ===
Running target unix
FAIL: gnat.dg/derived_aggregate.adb execution test
FAIL: gnat.dg/specs/tag2.ads (test for errors, line 13)
FAIL: gnat.dg/specs/tag2.ads (test for excess errors)
=== gnat Summary ===
# of expected passes 428
# of unexpected failures 3
# of expected failures 4
=== obj-c++ tests ===
Running target unix
FAIL: obj-c++.dg/bitfield-1.mm (internal compiler error)
FAIL: obj-c++.dg/bitfield-1.mm (test for excess errors)
UNRESOLVED: obj-c++.dg/bitfield-1.mm compilation failed to produce executable
FAIL: obj-c++.dg/comp-types-10.mm (internal compiler error)
FAIL: obj-c++.dg/comp-types-10.mm (test for excess errors)
UNRESOLVED: obj-c++.dg/lookup-2.mm compilation failed to produce executable
UNRESOLVED: obj-c++.dg/try-catch-2.mm compilation failed to produce executable
FAIL: obj-c++.dg/try-catch-9.mm (test for excess errors)
UNRESOLVED: obj-c++.dg/try-catch-9.mm compilation failed to produce executable
=== obj-c++ Summary ===
# of expected passes 434
# of unexpected failures 5
# of expected failures 9
# of unresolved testcases 4
# of unsupported tests 13
/home/dave/gcc-4.4/objdir/gcc/testsuite/obj-c++/../../g++ version 4.4.0 20080502 (experimental) [trunk revision 134891] (GCC)
=== objc tests ===
Running target unix
=== objc Summary ===
# of expected passes 1814
# of expected failures 7
# of unsupported tests 24
/home/dave/gcc-4.4/objdir/gcc/xgcc version 4.4.0 20080502 (experimental) [trunk revision 134891] (GCC)
=== libffi tests ===
Running target unix
=== libffi Summary ===
# of expected passes 1389
# of unsupported tests 10
=== libgomp tests ===
Running target unix
=== libgomp Summary ===
# of expected passes 1709
# of unsupported tests 7
=== libjava tests ===
Running target unix
FAIL: /home/dave/gcc-4.4/gcc/libjava/testsuite/libjava.jar/TestClosureGC.jar output - gij test
FAIL: /home/dave/gcc-4.4/gcc/libjava/testsuite/libjava.jar/simple.jar output - gij test
FAIL: PR15133 output - gij test
FAIL: PR18116 output - gij test
FAIL: PR28178 output - gij test
FAIL: bytebuffer output - gij test
FAIL: calls output - gij test
FAIL: cxxtest output - gij test
FAIL: directbuffer output - gij test
FAIL: field output - gij test
FAIL: final_method output - gij test
FAIL: findclass output - gij test
FAIL: findclass2 output - gij test
FAIL: iface output - gij test
FAIL: init output - gij test
FAIL: invoke output - gij test
FAIL: jniutf output - gij test
FAIL: martin output - gij test
FAIL: noclass output - gij test
FAIL: overload output - gij test
FAIL: pr11951 output - gij test
FAIL: pr18278 output - gij test
FAIL: pr23739 output - gij test
FAIL: register output - gij test
FAIL: register2 output - gij test
FAIL: simple_int output - gij test
FAIL: throwit output - gij test
FAIL: virtual output - gij test
FAIL: pr29812 output - gij test
FAIL: getargssize output
FAIL: getlocalvartable output
FAIL: getstacktrace output
WARNING: program timed out.
FAIL: Process_3 -O3 execution - source compiled test
=== libjava Summary ===
# of expected passes 2516
# of unexpected failures 33
# of untested testcases 1
=== libmudflap tests ===
Running target unix
=== libmudflap Summary ===
# of expected passes 1865
=== libstdc++ tests ===
Running target unix
FAIL: abi_check
XPASS: 26_numerics/headers/cmath/c99_classification_macros_c.cc (test for excess errors)
=== libstdc++ Summary ===
# of expected passes 5053
# of unexpected failures 1
# of unexpected successes 1
# of expected failures 73
# of unsupported tests 326
Compiler version: 4.4.0 20080502 (experimental) [trunk revision 134891] (GCC)
Platform: hppa-unknown-linux-gnu
configure flags: --with-gnu-as --with-gnu-ld --enable-shared --enable-nls --prefix=/home/dave/opt/gnu/gcc/gcc-4.4.0 --with-local-prefix=/home/dave/opt/gnu --enable-threads=posix --enable-__cxa_atexit --build=hppa-linux --enable-clocale=gnu --enable-java-gc=boehm --enable-java-awt=xlib --enable-languages=c,c++,objc,fortran,obj-c++,java,ada
More information about the Gcc-testresults
mailing list