Results for 4.4.0 20080330 (experimental) [trunk revision 133740] (GCC) testsuite on hppa64-hp-hpux11.11
John David Anglin
dave@hiauly3.hia.nrc.ca
Mon Mar 31 22:37:00 GMT 2008
LAST_UPDATED: Mon Mar 31 00:09:09 UTC 2008 (revision 133740)
Native configuration is hppa64-hp-hpux11.11
=== g++ tests ===
Running target unix
XPASS: g++.dg/eh/weak1.C execution test
XPASS: g++.old-deja/g++.pt/static6.C (test for excess errors)
=== g++ Summary ===
# of expected passes 16562
# of unexpected successes 2
# of expected failures 84
# of unsupported tests 181
/test/gnu/gcc/objdir/gcc/testsuite/g++/../../g++ version 4.4.0 20080330 (experimental) [trunk revision 133740] (GCC)
=== gcc tests ===
Running target unix
FAIL: gcc.c-torture/compile/20010226-1.c -O0 (internal compiler error)
FAIL: gcc.c-torture/compile/20010226-1.c -O0 (test for excess errors)
FAIL: gcc.c-torture/compile/20010226-1.c -O1 (internal compiler error)
FAIL: gcc.c-torture/compile/20010226-1.c -O1 (test for excess errors)
FAIL: gcc.c-torture/compile/20010226-1.c -O2 (internal compiler error)
FAIL: gcc.c-torture/compile/20010226-1.c -O2 (test for excess errors)
FAIL: gcc.c-torture/compile/20010226-1.c -O3 -fomit-frame-pointer (internal compiler error)
FAIL: gcc.c-torture/compile/20010226-1.c -O3 -fomit-frame-pointer (test for excess errors)
FAIL: gcc.c-torture/compile/20010226-1.c -O3 -g (internal compiler error)
FAIL: gcc.c-torture/compile/20010226-1.c -O3 -g (test for excess errors)
FAIL: gcc.c-torture/compile/20010226-1.c -Os (internal compiler error)
FAIL: gcc.c-torture/compile/20010226-1.c -Os (test for excess errors)
FAIL: gcc.c-torture/compile/20050122-2.c -O0 (internal compiler error)
FAIL: gcc.c-torture/compile/20050122-2.c -O0 (test for excess errors)
FAIL: gcc.c-torture/compile/20050122-2.c -O1 (internal compiler error)
FAIL: gcc.c-torture/compile/20050122-2.c -O1 (test for excess errors)
FAIL: gcc.c-torture/compile/20050122-2.c -O2 (internal compiler error)
FAIL: gcc.c-torture/compile/20050122-2.c -O2 (test for excess errors)
FAIL: gcc.c-torture/compile/20050122-2.c -O3 -fomit-frame-pointer (internal compiler error)
FAIL: gcc.c-torture/compile/20050122-2.c -O3 -fomit-frame-pointer (test for excess errors)
FAIL: gcc.c-torture/compile/20050122-2.c -O3 -g (internal compiler error)
FAIL: gcc.c-torture/compile/20050122-2.c -O3 -g (test for excess errors)
FAIL: gcc.c-torture/compile/20050122-2.c -Os (internal compiler error)
FAIL: gcc.c-torture/compile/20050122-2.c -Os (test for excess errors)
FAIL: gcc.c-torture/compile/930506-2.c -O0 (internal compiler error)
FAIL: gcc.c-torture/compile/930506-2.c -O0 (test for excess errors)
FAIL: gcc.c-torture/compile/930506-2.c -O1 (internal compiler error)
FAIL: gcc.c-torture/compile/930506-2.c -O1 (test for excess errors)
FAIL: gcc.c-torture/compile/930506-2.c -O2 (internal compiler error)
FAIL: gcc.c-torture/compile/930506-2.c -O2 (test for excess errors)
FAIL: gcc.c-torture/compile/930506-2.c -O3 -fomit-frame-pointer (internal compiler error)
FAIL: gcc.c-torture/compile/930506-2.c -O3 -fomit-frame-pointer (test for excess errors)
FAIL: gcc.c-torture/compile/930506-2.c -O3 -g (internal compiler error)
FAIL: gcc.c-torture/compile/930506-2.c -O3 -g (test for excess errors)
FAIL: gcc.c-torture/compile/930506-2.c -Os (internal compiler error)
FAIL: gcc.c-torture/compile/930506-2.c -Os (test for excess errors)
FAIL: gcc.c-torture/compile/nested-1.c -O0 (internal compiler error)
FAIL: gcc.c-torture/compile/nested-1.c -O0 (test for excess errors)
FAIL: gcc.c-torture/compile/nested-1.c -O1 (internal compiler error)
FAIL: gcc.c-torture/compile/nested-1.c -O1 (test for excess errors)
FAIL: gcc.c-torture/compile/nested-1.c -O2 (internal compiler error)
FAIL: gcc.c-torture/compile/nested-1.c -O2 (test for excess errors)
FAIL: gcc.c-torture/compile/nested-1.c -O3 -fomit-frame-pointer (internal compiler error)
FAIL: gcc.c-torture/compile/nested-1.c -O3 -fomit-frame-pointer (test for excess errors)
FAIL: gcc.c-torture/compile/nested-1.c -O3 -g (internal compiler error)
FAIL: gcc.c-torture/compile/nested-1.c -O3 -g (test for excess errors)
FAIL: gcc.c-torture/compile/nested-1.c -Os (internal compiler error)
FAIL: gcc.c-torture/compile/nested-1.c -Os (test for excess errors)
FAIL: gcc.c-torture/compile/pr11832.c -O0 (internal compiler error)
FAIL: gcc.c-torture/compile/pr11832.c -O0 (test for excess errors)
FAIL: gcc.c-torture/compile/pr11832.c -O1 (internal compiler error)
FAIL: gcc.c-torture/compile/pr11832.c -O1 (test for excess errors)
FAIL: gcc.c-torture/compile/pr11832.c -O2 (internal compiler error)
FAIL: gcc.c-torture/compile/pr11832.c -O2 (test for excess errors)
FAIL: gcc.c-torture/compile/pr11832.c -O3 -fomit-frame-pointer (internal compiler error)
FAIL: gcc.c-torture/compile/pr11832.c -O3 -fomit-frame-pointer (test for excess errors)
FAIL: gcc.c-torture/compile/pr11832.c -O3 -g (internal compiler error)
FAIL: gcc.c-torture/compile/pr11832.c -O3 -g (test for excess errors)
FAIL: gcc.c-torture/compile/pr11832.c -Os (internal compiler error)
FAIL: gcc.c-torture/compile/pr11832.c -Os (test for excess errors)
FAIL: gcc.c-torture/compile/pr27889.c -O0 (internal compiler error)
FAIL: gcc.c-torture/compile/pr27889.c -O0 (test for excess errors)
FAIL: gcc.c-torture/compile/pr27889.c -O1 (internal compiler error)
FAIL: gcc.c-torture/compile/pr27889.c -O1 (test for excess errors)
FAIL: gcc.c-torture/compile/pr27889.c -O2 (internal compiler error)
FAIL: gcc.c-torture/compile/pr27889.c -O2 (test for excess errors)
FAIL: gcc.c-torture/compile/pr27889.c -O3 -fomit-frame-pointer (internal compiler error)
FAIL: gcc.c-torture/compile/pr27889.c -O3 -fomit-frame-pointer (test for excess errors)
FAIL: gcc.c-torture/compile/pr27889.c -O3 -g (internal compiler error)
FAIL: gcc.c-torture/compile/pr27889.c -O3 -g (test for excess errors)
FAIL: gcc.c-torture/compile/pr27889.c -Os (internal compiler error)
FAIL: gcc.c-torture/compile/pr27889.c -Os (test for excess errors)
FAIL: gcc.c-torture/compile/pr33009.c -O0 (internal compiler error)
FAIL: gcc.c-torture/compile/pr33009.c -O0 (test for excess errors)
FAIL: gcc.c-torture/compile/pr33009.c -O1 (internal compiler error)
FAIL: gcc.c-torture/compile/pr33009.c -O1 (test for excess errors)
FAIL: gcc.c-torture/compile/pr33009.c -O2 (internal compiler error)
FAIL: gcc.c-torture/compile/pr33009.c -O2 (test for excess errors)
FAIL: gcc.c-torture/compile/pr33009.c -O3 -fomit-frame-pointer (internal compiler error)
FAIL: gcc.c-torture/compile/pr33009.c -O3 -fomit-frame-pointer (test for excess errors)
FAIL: gcc.c-torture/compile/pr33009.c -O3 -fomit-frame-pointer -funroll-loops (internal compiler error)
FAIL: gcc.c-torture/compile/pr33009.c -O3 -fomit-frame-pointer -funroll-loops (test for excess errors)
FAIL: gcc.c-torture/compile/pr33009.c -O3 -fomit-frame-pointer -funroll-all-loops -finline-functions (internal compiler error)
FAIL: gcc.c-torture/compile/pr33009.c -O3 -fomit-frame-pointer -funroll-all-loops -finline-functions (test for excess errors)
FAIL: gcc.c-torture/compile/pr33009.c -O3 -g (internal compiler error)
FAIL: gcc.c-torture/compile/pr33009.c -O3 -g (test for excess errors)
FAIL: gcc.c-torture/compile/pr33009.c -Os (internal compiler error)
FAIL: gcc.c-torture/compile/pr33009.c -Os (test for excess errors)
FAIL: gcc.c-torture/execute/20000822-1.c compilation, -O0 (internal compiler error)
UNRESOLVED: gcc.c-torture/execute/20000822-1.c execution, -O0
FAIL: gcc.c-torture/execute/20000822-1.c compilation, -O1 (internal compiler error)
UNRESOLVED: gcc.c-torture/execute/20000822-1.c execution, -O1
FAIL: gcc.c-torture/execute/20000822-1.c compilation, -O2 (internal compiler error)
UNRESOLVED: gcc.c-torture/execute/20000822-1.c execution, -O2
FAIL: gcc.c-torture/execute/20000822-1.c compilation, -O3 -fomit-frame-pointer (internal compiler error)
UNRESOLVED: gcc.c-torture/execute/20000822-1.c execution, -O3 -fomit-frame-pointer
FAIL: gcc.c-torture/execute/20000822-1.c compilation, -O3 -g (internal compiler error)
UNRESOLVED: gcc.c-torture/execute/20000822-1.c execution, -O3 -g
FAIL: gcc.c-torture/execute/20000822-1.c compilation, -Os (internal compiler error)
UNRESOLVED: gcc.c-torture/execute/20000822-1.c execution, -Os
FAIL: gcc.c-torture/execute/20040709-2.c execution, -O1
FAIL: gcc.c-torture/execute/20040709-2.c execution, -O2
FAIL: gcc.c-torture/execute/20040709-2.c execution, -O3 -fomit-frame-pointer
FAIL: gcc.c-torture/execute/20040709-2.c execution, -O3 -fomit-frame-pointer -funroll-loops
FAIL: gcc.c-torture/execute/20040709-2.c execution, -O3 -fomit-frame-pointer -funroll-all-loops -finline-functions
FAIL: gcc.c-torture/execute/20040709-2.c execution, -O3 -g
FAIL: gcc.c-torture/execute/20040709-2.c execution, -Os
FAIL: gcc.c-torture/execute/nestfunc-3.c compilation, -O0 (internal compiler error)
UNRESOLVED: gcc.c-torture/execute/nestfunc-3.c execution, -O0
FAIL: gcc.c-torture/execute/nestfunc-3.c compilation, -O1 (internal compiler error)
UNRESOLVED: gcc.c-torture/execute/nestfunc-3.c execution, -O1
FAIL: gcc.c-torture/execute/nestfunc-3.c compilation, -O2 (internal compiler error)
UNRESOLVED: gcc.c-torture/execute/nestfunc-3.c execution, -O2
FAIL: gcc.c-torture/execute/nestfunc-3.c compilation, -O3 -fomit-frame-pointer (internal compiler error)
UNRESOLVED: gcc.c-torture/execute/nestfunc-3.c execution, -O3 -fomit-frame-pointer
FAIL: gcc.c-torture/execute/nestfunc-3.c compilation, -O3 -fomit-frame-pointer -funroll-loops (internal compiler error)
UNRESOLVED: gcc.c-torture/execute/nestfunc-3.c execution, -O3 -fomit-frame-pointer -funroll-loops
FAIL: gcc.c-torture/execute/nestfunc-3.c compilation, -O3 -fomit-frame-pointer -funroll-all-loops -finline-functions (internal compiler error)
UNRESOLVED: gcc.c-torture/execute/nestfunc-3.c execution, -O3 -fomit-frame-pointer -funroll-all-loops -finline-functions
FAIL: gcc.c-torture/execute/nestfunc-3.c compilation, -O3 -g (internal compiler error)
UNRESOLVED: gcc.c-torture/execute/nestfunc-3.c execution, -O3 -g
FAIL: gcc.c-torture/execute/nestfunc-3.c compilation, -Os (internal compiler error)
UNRESOLVED: gcc.c-torture/execute/nestfunc-3.c execution, -Os
FAIL: gcc.c-torture/execute/nestfunc-5.c compilation, -O0 (internal compiler error)
UNRESOLVED: gcc.c-torture/execute/nestfunc-5.c execution, -O0
FAIL: gcc.c-torture/execute/nestfunc-5.c compilation, -O1 (internal compiler error)
UNRESOLVED: gcc.c-torture/execute/nestfunc-5.c execution, -O1
FAIL: gcc.c-torture/execute/nestfunc-5.c compilation, -O2 (internal compiler error)
UNRESOLVED: gcc.c-torture/execute/nestfunc-5.c execution, -O2
FAIL: gcc.c-torture/execute/nestfunc-5.c compilation, -O3 -fomit-frame-pointer (internal compiler error)
UNRESOLVED: gcc.c-torture/execute/nestfunc-5.c execution, -O3 -fomit-frame-pointer
FAIL: gcc.c-torture/execute/nestfunc-5.c compilation, -O3 -g (internal compiler error)
UNRESOLVED: gcc.c-torture/execute/nestfunc-5.c execution, -O3 -g
FAIL: gcc.c-torture/execute/nestfunc-5.c compilation, -Os (internal compiler error)
UNRESOLVED: gcc.c-torture/execute/nestfunc-5.c execution, -Os
FAIL: gcc.c-torture/execute/nestfunc-6.c compilation, -O0 (internal compiler error)
UNRESOLVED: gcc.c-torture/execute/nestfunc-6.c execution, -O0
FAIL: gcc.c-torture/execute/nestfunc-6.c compilation, -O1 (internal compiler error)
UNRESOLVED: gcc.c-torture/execute/nestfunc-6.c execution, -O1
FAIL: gcc.c-torture/execute/nestfunc-6.c compilation, -O2 (internal compiler error)
UNRESOLVED: gcc.c-torture/execute/nestfunc-6.c execution, -O2
FAIL: gcc.c-torture/execute/nestfunc-6.c compilation, -O3 -fomit-frame-pointer (internal compiler error)
UNRESOLVED: gcc.c-torture/execute/nestfunc-6.c execution, -O3 -fomit-frame-pointer
FAIL: gcc.c-torture/execute/nestfunc-6.c compilation, -O3 -g (internal compiler error)
UNRESOLVED: gcc.c-torture/execute/nestfunc-6.c execution, -O3 -g
FAIL: gcc.c-torture/execute/nestfunc-6.c compilation, -Os (internal compiler error)
UNRESOLVED: gcc.c-torture/execute/nestfunc-6.c execution, -Os
FAIL: gcc.dg/debug/debug-3.c -gdwarf-21 (internal compiler error)
FAIL: gcc.dg/debug/debug-3.c -gdwarf-21 (test for excess errors)
FAIL: gcc.dg/debug/debug-3.c -gdwarf-21 -O (internal compiler error)
FAIL: gcc.dg/debug/debug-3.c -gdwarf-21 -O (test for excess errors)
FAIL: gcc.dg/debug/debug-3.c -gdwarf-21 -O3 (internal compiler error)
FAIL: gcc.dg/debug/debug-3.c -gdwarf-21 -O3 (test for excess errors)
FAIL: gcc.dg/debug/debug-3.c -gdwarf-2 (internal compiler error)
FAIL: gcc.dg/debug/debug-3.c -gdwarf-2 (test for excess errors)
FAIL: gcc.dg/debug/debug-3.c -gdwarf-2 -O (internal compiler error)
FAIL: gcc.dg/debug/debug-3.c -gdwarf-2 -O (test for excess errors)
FAIL: gcc.dg/debug/debug-3.c -gdwarf-2 -O3 (internal compiler error)
FAIL: gcc.dg/debug/debug-3.c -gdwarf-2 -O3 (test for excess errors)
FAIL: gcc.dg/debug/debug-3.c -gdwarf-23 (internal compiler error)
FAIL: gcc.dg/debug/debug-3.c -gdwarf-23 (test for excess errors)
FAIL: gcc.dg/debug/debug-3.c -gdwarf-23 -O (internal compiler error)
FAIL: gcc.dg/debug/debug-3.c -gdwarf-23 -O (test for excess errors)
FAIL: gcc.dg/debug/debug-3.c -gdwarf-23 -O3 (internal compiler error)
FAIL: gcc.dg/debug/debug-3.c -gdwarf-23 -O3 (test for excess errors)
FAIL: gcc.dg/debug/debug-5.c -gdwarf-21 (internal compiler error)
FAIL: gcc.dg/debug/debug-5.c -gdwarf-21 (test for excess errors)
FAIL: gcc.dg/debug/debug-5.c -gdwarf-21 -O (internal compiler error)
FAIL: gcc.dg/debug/debug-5.c -gdwarf-21 -O (test for excess errors)
FAIL: gcc.dg/debug/debug-5.c -gdwarf-21 -O3 (internal compiler error)
FAIL: gcc.dg/debug/debug-5.c -gdwarf-21 -O3 (test for excess errors)
FAIL: gcc.dg/debug/debug-5.c -gdwarf-2 (internal compiler error)
FAIL: gcc.dg/debug/debug-5.c -gdwarf-2 (test for excess errors)
FAIL: gcc.dg/debug/debug-5.c -gdwarf-2 -O (internal compiler error)
FAIL: gcc.dg/debug/debug-5.c -gdwarf-2 -O (test for excess errors)
FAIL: gcc.dg/debug/debug-5.c -gdwarf-2 -O3 (internal compiler error)
FAIL: gcc.dg/debug/debug-5.c -gdwarf-2 -O3 (test for excess errors)
FAIL: gcc.dg/debug/debug-5.c -gdwarf-23 (internal compiler error)
FAIL: gcc.dg/debug/debug-5.c -gdwarf-23 (test for excess errors)
FAIL: gcc.dg/debug/debug-5.c -gdwarf-23 -O (internal compiler error)
FAIL: gcc.dg/debug/debug-5.c -gdwarf-23 -O (test for excess errors)
FAIL: gcc.dg/debug/debug-5.c -gdwarf-23 -O3 (internal compiler error)
FAIL: gcc.dg/debug/debug-5.c -gdwarf-23 -O3 (test for excess errors)
FAIL: gcc.dg/20050607-1.c (internal compiler error)
FAIL: gcc.dg/20050607-1.c (test for excess errors)
XPASS: gcc.dg/funcorder.c scan-assembler-not link_error,%r
FAIL: gcc.dg/nested-func-5.c (internal compiler error)
FAIL: gcc.dg/nested-func-5.c (test for excess errors)
FAIL: gcc.dg/pr34457-1.c (internal compiler error)
FAIL: gcc.dg/pr34457-1.c (test for excess errors)
FAIL: gcc.dg/trampoline-1.c (internal compiler error)
FAIL: gcc.dg/trampoline-1.c (test for excess errors)
WARNING: gcc.dg/trampoline-1.c compilation failed to produce executable
FAIL: gcc.dg/torture/nested-fn-1.c -O0 (internal compiler error)
FAIL: gcc.dg/torture/nested-fn-1.c -O0 (test for excess errors)
ERROR: gcc.dg/torture/nested-fn-1.c -O0 : error executing dg-final: couldn't open "nested-fn-1.s": no such file or directory
UNRESOLVED: gcc.dg/torture/nested-fn-1.c -O0 : error executing dg-final: couldn't open "nested-fn-1.s": no such file or directory
FAIL: gcc.dg/torture/nested-fn-1.c -O1 (internal compiler error)
FAIL: gcc.dg/torture/nested-fn-1.c -O1 (test for excess errors)
ERROR: gcc.dg/torture/nested-fn-1.c -O1 : error executing dg-final: couldn't open "nested-fn-1.s": no such file or directory
UNRESOLVED: gcc.dg/torture/nested-fn-1.c -O1 : error executing dg-final: couldn't open "nested-fn-1.s": no such file or directory
FAIL: gcc.dg/torture/nested-fn-1.c -O2 (internal compiler error)
FAIL: gcc.dg/torture/nested-fn-1.c -O2 (test for excess errors)
ERROR: gcc.dg/torture/nested-fn-1.c -O2 : error executing dg-final: couldn't open "nested-fn-1.s": no such file or directory
UNRESOLVED: gcc.dg/torture/nested-fn-1.c -O2 : error executing dg-final: couldn't open "nested-fn-1.s": no such file or directory
FAIL: gcc.dg/torture/nested-fn-1.c -O3 -fomit-frame-pointer (internal compiler error)
FAIL: gcc.dg/torture/nested-fn-1.c -O3 -fomit-frame-pointer (test for excess errors)
ERROR: gcc.dg/torture/nested-fn-1.c -O3 -fomit-frame-pointer : error executing dg-final: couldn't open "nested-fn-1.s": no such file or directory
UNRESOLVED: gcc.dg/torture/nested-fn-1.c -O3 -fomit-frame-pointer : error executing dg-final: couldn't open "nested-fn-1.s": no such file or directory
FAIL: gcc.dg/torture/nested-fn-1.c -O3 -g (internal compiler error)
FAIL: gcc.dg/torture/nested-fn-1.c -O3 -g (test for excess errors)
ERROR: gcc.dg/torture/nested-fn-1.c -O3 -g : error executing dg-final: couldn't open "nested-fn-1.s": no such file or directory
UNRESOLVED: gcc.dg/torture/nested-fn-1.c -O3 -g : error executing dg-final: couldn't open "nested-fn-1.s": no such file or directory
FAIL: gcc.dg/torture/nested-fn-1.c -Os (internal compiler error)
FAIL: gcc.dg/torture/nested-fn-1.c -Os (test for excess errors)
ERROR: gcc.dg/torture/nested-fn-1.c -Os : error executing dg-final: couldn't open "nested-fn-1.s": no such file or directory
UNRESOLVED: gcc.dg/torture/nested-fn-1.c -Os : error executing dg-final: couldn't open "nested-fn-1.s": no such file or directory
FAIL: gcc.dg/tree-prof/pr34999.c compilation, -fprofile-use -D_PROFILE_USE
UNRESOLVED: gcc.dg/tree-prof/pr34999.c execution, -fprofile-use -D_PROFILE_USE
FAIL: gcc.dg/tree-ssa/loop-25.c scan-tree-dump-times profile "Found latch edge" 5
FAIL: gcc.dg/tree-ssa/loop-25.c scan-tree-dump-times profile "Merged latch edges" 2
FAIL: gcc.dg/tree-ssa/loop-25.c scan-tree-dump-times profile "4 loops found" 2
FAIL: gcc.dg/tree-ssa/loop-25.c scan-tree-dump-times profile "3 loops found" 2
FAIL: gcc.dg/tree-ssa/loop-25.c scan-tree-dump-times profile "2 loops found" 1
FAIL: gcc.dg/tree-ssa/ssa-store-ccp-3.c scan-tree-dump-times optimized "conststaticvariable" 1
=== gcc Summary ===
# of expected passes 44698
# of unexpected failures 184
# of unexpected successes 1
# of expected failures 91
# of unresolved testcases 33
# of untested testcases 35
# of unsupported tests 524
/test/gnu/gcc/objdir/gcc/xgcc version 4.4.0 20080330 (experimental) [trunk revision 133740] (GCC)
=== gfortran tests ===
Running target unix
FAIL: gfortran.dg/integer_exponentiation_2.f90 -O1 execution test
FAIL: gfortran.dg/integer_exponentiation_2.f90 -O2 execution test
FAIL: gfortran.dg/integer_exponentiation_2.f90 -O3 -fomit-frame-pointer execution test
FAIL: gfortran.dg/integer_exponentiation_2.f90 -O3 -fomit-frame-pointer -funroll-loops execution test
FAIL: gfortran.dg/integer_exponentiation_2.f90 -O3 -fomit-frame-pointer -funroll-all-loops -finline-functions execution test
FAIL: gfortran.dg/integer_exponentiation_2.f90 -O3 -g execution test
FAIL: gfortran.dg/integer_exponentiation_2.f90 -Os execution test
FAIL: gfortran.dg/nint_2.f90 -O0 execution test
FAIL: gfortran.dg/parameter_array_init_3.f90 -O (internal compiler error)
FAIL: gfortran.dg/parameter_array_init_3.f90 -O (test for excess errors)
=== gfortran Summary ===
# of expected passes 23722
# of unexpected failures 10
# of expected failures 3
# of unsupported tests 210
/test/gnu/gcc/objdir/gcc/testsuite/gfortran/../../gfortran version 4.4.0 20080330 (experimental) [trunk revision 133740] (GCC)
=== obj-c++ tests ===
Running target unix
FAIL: obj-c++.dg/bitfield-1.mm (internal compiler error)
WARNING: obj-c++.dg/bitfield-1.mm compilation failed to produce executable
XPASS: obj-c++.dg/bitfield-4.mm (test for excess errors)
FAIL: obj-c++.dg/comp-types-10.mm (internal compiler error)
FAIL: obj-c++.dg/comp-types-10.mm (test for excess errors)
XPASS: obj-c++.dg/layout-1.mm (test for excess errors)
WARNING: obj-c++.dg/lookup-2.mm compilation failed to produce executable
WARNING: obj-c++.dg/try-catch-2.mm compilation failed to produce executable
FAIL: obj-c++.dg/try-catch-9.mm (test for excess errors)
WARNING: obj-c++.dg/try-catch-9.mm compilation failed to produce executable
=== obj-c++ Summary ===
# of expected passes 421
# of unexpected failures 4
# of unexpected successes 2
# of expected failures 21
# of unsupported tests 13
/test/gnu/gcc/objdir/gcc/testsuite/obj-c++/../../g++ version 4.4.0 20080330 (experimental) [trunk revision 133740] (GCC)
=== objc tests ===
Running target unix
=== objc Summary ===
# of expected passes 1812
# of expected failures 7
# of unsupported tests 25
/test/gnu/gcc/objdir/gcc/xgcc version 4.4.0 20080330 (experimental) [trunk revision 133740] (GCC)
=== libgomp tests ===
Running target unix
FAIL: libgomp.c++/ctor-8.C -O0 execution test
FAIL: libgomp.c++/ctor-8.C -O1 execution test
FAIL: libgomp.c++/ctor-8.C -O2 execution test
FAIL: libgomp.c++/ctor-8.C -O3 -fomit-frame-pointer execution test
FAIL: libgomp.c++/ctor-8.C -O3 -fomit-frame-pointer -funroll-loops execution test
FAIL: libgomp.c++/ctor-8.C -O3 -fomit-frame-pointer -funroll-all-loops -finline-functions execution test
FAIL: libgomp.c++/ctor-8.C -O3 -g execution test
FAIL: libgomp.c++/ctor-8.C -Os execution test
FAIL: libgomp.c++/ctor-9.C -O0 execution test
FAIL: libgomp.fortran/crayptr2.f90 -O1 execution test
FAIL: libgomp.fortran/threadprivate1.f90 -O0 execution test
FAIL: libgomp.fortran/threadprivate1.f90 -O1 execution test
FAIL: libgomp.fortran/threadprivate1.f90 -O2 execution test
FAIL: libgomp.fortran/threadprivate1.f90 -O3 -fomit-frame-pointer execution test
FAIL: libgomp.fortran/threadprivate1.f90 -O3 -fomit-frame-pointer -funroll-loops execution test
FAIL: libgomp.fortran/threadprivate1.f90 -O3 -fomit-frame-pointer -funroll-all-loops -finline-functions execution test
FAIL: libgomp.fortran/threadprivate1.f90 -O3 -g execution test
FAIL: libgomp.fortran/threadprivate1.f90 -Os execution test
FAIL: libgomp.fortran/threadprivate2.f90 -O1 execution test
FAIL: libgomp.fortran/threadprivate2.f90 -O2 execution test
FAIL: libgomp.fortran/threadprivate2.f90 -O3 -fomit-frame-pointer execution test
FAIL: libgomp.fortran/threadprivate2.f90 -O3 -fomit-frame-pointer -funroll-all-loops -finline-functions execution test
FAIL: libgomp.fortran/threadprivate2.f90 -O3 -g execution test
FAIL: libgomp.fortran/threadprivate3.f90 -O1 execution test
FAIL: libgomp.fortran/threadprivate3.f90 -O2 execution test
FAIL: libgomp.fortran/threadprivate3.f90 -O3 -fomit-frame-pointer execution test
FAIL: libgomp.fortran/threadprivate3.f90 -O3 -fomit-frame-pointer -funroll-loops execution test
FAIL: libgomp.fortran/threadprivate3.f90 -O3 -fomit-frame-pointer -funroll-all-loops -finline-functions execution test
FAIL: libgomp.fortran/threadprivate3.f90 -O3 -g execution test
=== libgomp Summary ===
# of expected passes 1680
# of unexpected failures 29
# of unsupported tests 7
=== libstdc++ tests ===
Running target unix
=== libstdc++ Summary ===
# of expected passes 4935
# of expected failures 65
# of unsupported tests 345
Compiler version: 4.4.0 20080330 (experimental) [trunk revision 133740] (GCC)
Platform: hppa64-hp-hpux11.11
configure flags: --with-gnu-as --with-as=/opt/gnu64/bin/as --with-ld=/usr/ccs/bin/ld --enable-shared --disable-nls --with-local-prefix=/opt/gnu64 --prefix=/opt/gnu64/gcc/gcc-4.4.0 --build=hppa64-hp-hpux11.11 --enable-threads=posix --disable-libmudflap --with-gmp=/opt/gnu64/gcc/gcc-4.4.0 --enable-languages=c,c++,fortran,objc,obj-c++
More information about the Gcc-testresults
mailing list