Results for 4.3.1 20080330 (prerelease) [gcc-4_3-branch revision 133731] (GCC) testsuite on hppa2.0w-hp-hpux11.11
John David Anglin
dave@hiauly3.hia.nrc.ca
Mon Mar 31 15:49:00 GMT 2008
LAST_UPDATED: Sun Mar 30 15:15:28 UTC 2008 (revision 133731)
=== acats tests ===
FAIL: c954a01
FAIL: cxf3a01
=== acats Summary ===
# of expected passes 2313
# of unexpected failures 2
Native configuration is hppa2.0w-hp-hpux11.11
=== g++ tests ===
Running target unix
XPASS: g++.old-deja/g++.pt/static6.C (test for excess errors)
=== g++ Summary ===
# of expected passes 16389
# of unexpected successes 1
# of expected failures 84
# of unsupported tests 223
/mnt/gnu/gcc/objdir/gcc/testsuite/g++/../../g++ version 4.3.1 20080330 (prerelease) [gcc-4_3-branch revision 133731] (GCC)
=== gcc tests ===
Running target unix
XPASS: gcc.dg/cpp/cmdlne-dI-M.c scan-file (^|\\\\n)cmdlne-dI-M.*:[^\\\\n]*cmdlne-dI-M.c
XPASS: gcc.dg/cpp/cmdlne-dM-M.c scan-file (^|\\\\n)cmdlne-dM-M[^\\\\n]*:[^\\\\n]*cmdlne-dM-M.c
FAIL: gcc.dg/struct/wo_prof_global_var.c execution test
FAIL: gcc.dg/struct/wo_prof_local_var.c execution test
FAIL: gcc.dg/struct/wo_prof_malloc_size_var.c execution test
FAIL: gcc.dg/struct/w_prof_global_var.c execution, -O3 -fwhole-program -combine -fipa-type-escape -fprofile-use -fipa-struct-reorg -fdump-ipa-all
FAIL: gcc.dg/struct/w_prof_local_var.c execution, -O3 -fwhole-program -combine -fipa-type-escape -fprofile-use -fipa-struct-reorg -fdump-ipa-all
=== gcc Summary ===
# of expected passes 44545
# of unexpected failures 5
# of unexpected successes 2
# of expected failures 90
# of untested testcases 35
# of unsupported tests 468
/mnt/gnu/gcc/objdir/gcc/xgcc version 4.3.1 20080330 (prerelease) [gcc-4_3-branch revision 133731] (GCC)
=== gfortran tests ===
Running target unix
FAIL: gfortran.dg/nint_2.f90 -O0 execution test
=== gfortran Summary ===
# of expected passes 23474
# of unexpected failures 1
# of expected failures 3
# of unsupported tests 146
/mnt/gnu/gcc/objdir/gcc/testsuite/gfortran/../../gfortran version 4.3.1 20080330 (prerelease) [gcc-4_3-branch revision 133731] (GCC)
=== gnat tests ===
Running target unix
=== gnat Summary ===
# of expected passes 348
=== obj-c++ tests ===
Running target unix
WARNING: obj-c++.dg/lookup-2.mm compilation failed to produce executable
WARNING: obj-c++.dg/try-catch-2.mm compilation failed to produce executable
WARNING: obj-c++.dg/try-catch-9.mm compilation failed to produce executable
=== obj-c++ Summary ===
# of expected passes 435
# of expected failures 9
# of unsupported tests 14
/mnt/gnu/gcc/objdir/gcc/testsuite/obj-c++/../../g++ version 4.3.1 20080330 (prerelease) [gcc-4_3-branch revision 133731] (GCC)
=== objc tests ===
Running target unix
=== objc Summary ===
# of expected passes 1806
# of expected failures 7
# of unsupported tests 27
/mnt/gnu/gcc/objdir/gcc/xgcc version 4.3.1 20080330 (prerelease) [gcc-4_3-branch revision 133731] (GCC)
=== libffi tests ===
Running target unix
=== libffi Summary ===
# of expected passes 1389
# of unsupported tests 10
=== libgomp tests ===
Running target unix
FAIL: libgomp.fortran/threadprivate2.f90 -O3 -fomit-frame-pointer execution test
FAIL: libgomp.fortran/vla6.f90 -O1 execution test
FAIL: libgomp.fortran/vla6.f90 -O3 -fomit-frame-pointer -funroll-loops execution test
=== libgomp Summary ===
# of expected passes 1706
# of unexpected failures 3
# of unsupported tests 7
=== libjava tests ===
Running target unix
FAIL: getallthreads run
FAIL: LargeFile execution - source compiled test
FAIL: LargeFile -findirect-dispatch execution - source compiled test
FAIL: LargeFile -O3 execution - source compiled test
FAIL: LargeFile -O3 -findirect-dispatch execution - source compiled test
FAIL: PR27908 -O3 execution - source compiled test
FAIL: Thread_Monitor -findirect-dispatch execution - source compiled test
FAIL: Thread_Wait_Interrupt execution - source compiled test
FAIL: Thread_Wait_Interrupt -findirect-dispatch execution - source compiled test
FAIL: Thread_Wait_Interrupt -O3 execution - source compiled test
FAIL: Thread_Wait_Interrupt -O3 -findirect-dispatch execution - source compiled test
=== libjava Summary ===
# of expected passes 2529
# of unexpected failures 11
# of untested testcases 11
=== libstdc++ tests ===
Running target unix
=== libstdc++ Summary ===
# of expected passes 4889
# of expected failures 59
# of unsupported tests 345
Compiler version: 4.3.1 20080330 (prerelease) [gcc-4_3-branch revision 133731] (GCC)
Platform: hppa2.0w-hp-hpux11.11
configure flags: --with-gnu-as --with-as=/opt/gnu/bin/as --enable-shared --with-local-prefix=/opt/gnu --prefix=/opt/gnu/gcc/gcc-4.3.1 --with-gmp=/opt/gnu/gcc/gcc-4.3.1 --enable-threads=posix --enable-debug=no --disable-nls --enable-languages=c,c++,objc,fortran,java,ada,obj-c++
More information about the Gcc-testresults
mailing list