Results for 4.4.0 20080328 (experimental) (GCC) testsuite on i686-pc-cygwin
Timothy C Prince
tprince@myrealbox.com
Mon Mar 31 15:46:00 GMT 2008
LAST_UPDATED: Obtained from SVN: trunk revision 133700
Native configuration is i686-pc-cygwin
=== g++ tests ===
Running target unix
FAIL: tmpdir-g++.dg-struct-layout-1/t024 cp_compat_x_tst.o-cp_compat_y_tst.o execute
FAIL: tmpdir-g++.dg-struct-layout-1/t026 cp_compat_x_tst.o-cp_compat_y_tst.o execute
FAIL: tmpdir-g++.dg-struct-layout-1/t027 cp_compat_x_tst.o-cp_compat_y_tst.o execute
FAIL: tmpdir-g++.dg-struct-layout-1/t028 cp_compat_x_tst.o-cp_compat_y_tst.o execute
FAIL: tmpdir-g++.dg-struct-layout-1/t029 cp_compat_x_tst.o-cp_compat_y_tst.o execute
FAIL: tmpdir-g++.dg-struct-layout-1/t030 cp_compat_x_tst.o-cp_compat_y_tst.o execute
FAIL: g++.dg/abi/local1.C execution test
FAIL: g++.dg/abi/rtti3.C scan-assembler .weak[ \\t]_?_ZTSPP1A
FAIL: g++.dg/abi/thunk4.C scan-assembler .weak[ \\t]_?_ZThn._N7Derived3FooEv
FAIL: g++.dg/eh/weak1.C execution test
FAIL: g++.dg/ext/dllimport7.C C++ specific error (test for errors, line 24)
FAIL: g++.dg/ext/selectany1.C scan-assembler-dem
FAIL: g++.dg/init/cleanup3.C scan-assembler-not _tcf
FAIL: g++.dg/opt/vt1.C scan-assembler-not section[^\\n\\r]*_ZTV1S[^\\n\\r]*"[^w"\\n\\r]*"
FAIL: g++.dg/other/pr35504.C (test for excess errors)
WARNING: g++.dg/other/pr35504.C compilation failed to produce executable
FAIL: g++.dg/template/spec35.C scan-assembler .weak(_definition)?[\\t ]*_?_Z2f2IiEvT_
FAIL: g++.dg/tree-ssa/ssa-store-ccp-1.C scan-tree-dump-times optimized "conststaticvariable" 1
FAIL: g++.old-deja/g++.eh/badalloc1.C execution test
XPASS: g++.old-deja/g++.ext/attrib5.C execution test
FAIL: g++.old-deja/g++.other/init18.C execution test
FAIL: g++.old-deja/g++.other/init19.C execution test
FAIL: g++.old-deja/g++.other/init5.C execution test
=== g++ Summary ===
# of expected passes 18153
# of unexpected failures 21
# of unexpected successes 1
# of expected failures 83
# of unsupported tests 214
/cygdrive/e/gnu/gcc-4.4-20080328/xp/gcc/testsuite/g++/../../g++ version 4.4.0 20080328 (experimental) (GCC)
=== gcc tests ===
Running target unix
FAIL: gcc.c-torture/compile/20001226-1.c (internal compiler error)
FAIL: gcc.c-torture/compile/20001226-1.c (test for excess errors)
FAIL: gcc.c-torture/compile/20001226-1.c (internal compiler error)
FAIL: gcc.c-torture/compile/20001226-1.c (test for excess errors)
FAIL: gcc.c-torture/compile/20001226-1.c (internal compiler error)
FAIL: gcc.c-torture/compile/20001226-1.c (test for excess errors)
FAIL: gcc.c-torture/compile/20001226-1.c (internal compiler error)
FAIL: gcc.c-torture/compile/20001226-1.c (test for excess errors)
FAIL: gcc.c-torture/compile/limits-declparen.c (internal compiler error)
FAIL: gcc.c-torture/compile/limits-declparen.c (test for excess errors)
FAIL: gcc.c-torture/compile/limits-exprparen.c (internal compiler error)
FAIL: gcc.c-torture/compile/limits-exprparen.c (test for excess errors)
FAIL: gcc.c-torture/compile/limits-exprparen.c (internal compiler error)
FAIL: gcc.c-torture/compile/limits-exprparen.c (test for excess errors)
FAIL: gcc.c-torture/compile/limits-exprparen.c (internal compiler error)
FAIL: gcc.c-torture/compile/limits-exprparen.c (test for excess errors)
FAIL: gcc.c-torture/compile/limits-exprparen.c (internal compiler error)
FAIL: gcc.c-torture/compile/limits-exprparen.c (test for excess errors)
FAIL: gcc.c-torture/compile/limits-exprparen.c (internal compiler error)
FAIL: gcc.c-torture/compile/limits-exprparen.c (test for excess errors)
FAIL: gcc.c-torture/compile/limits-exprparen.c (internal compiler error)
FAIL: gcc.c-torture/compile/limits-exprparen.c (test for excess errors)
FAIL: gcc.c-torture/compile/limits-pointer.c (internal compiler error)
FAIL: gcc.c-torture/compile/limits-pointer.c (test for excess errors)
FAIL: tmpdir-gcc.dg-struct-layout-1/t025 c_compat_x_tst.o-c_compat_y_tst.o execute
FAIL: tmpdir-gcc.dg-struct-layout-1/t027 c_compat_x_tst.o-c_compat_y_tst.o execute
FAIL: tmpdir-gcc.dg-struct-layout-1/t028 c_compat_x_tst.o-c_compat_y_tst.o execute
FAIL: gcc.dg/20020425-1.c (internal compiler error)
FAIL: gcc.dg/20020425-1.c (test for excess errors)
FAIL: gcc.dg/20021014-1.c (test for excess errors)
WARNING: gcc.dg/20021014-1.c compilation failed to produce executable
FAIL: gcc.dg/alias-7.c execution test
FAIL: gcc.dg/ssp-2.c (test for excess errors)
WARNING: gcc.dg/ssp-2.c compilation failed to produce executable
FAIL: largefile.c (test for excess errors)
FAIL: gcc.dg/pch/largefile.c -O0 -g assembly comparison
FAIL: largefile.c (test for excess errors)
FAIL: gcc.dg/pch/largefile.c -O0 assembly comparison
FAIL: largefile.c (test for excess errors)
FAIL: gcc.dg/pch/largefile.c -O1 assembly comparison
FAIL: largefile.c (test for excess errors)
FAIL: gcc.dg/pch/largefile.c -O2 assembly comparison
FAIL: largefile.c (test for excess errors)
FAIL: gcc.dg/pch/largefile.c -O3 -fomit-frame-pointer assembly comparison
FAIL: largefile.c (test for excess errors)
FAIL: gcc.dg/pch/largefile.c -O3 -g assembly comparison
FAIL: largefile.c (test for excess errors)
FAIL: gcc.dg/pch/largefile.c -Os assembly comparison
FAIL: gcc.dg/tree-ssa/loop-25.c scan-tree-dump-times profile "Found latch edge" 5
FAIL: gcc.dg/tree-ssa/loop-25.c scan-tree-dump-times profile "Merged latch edges" 2
FAIL: gcc.dg/tree-ssa/loop-25.c scan-tree-dump-times profile "4 loops found" 2
FAIL: gcc.dg/tree-ssa/loop-25.c scan-tree-dump-times profile "3 loops found" 2
FAIL: gcc.dg/tree-ssa/loop-25.c scan-tree-dump-times profile "2 loops found" 1
FAIL: gcc.dg/tree-ssa/pr27781.c scan-tree-dump optimized "func \\(\\);"
FAIL: gcc.dg/tree-ssa/ssa-store-ccp-2.c scan-tree-dump-times optimized "conststaticvariable" 1
FAIL: gcc.dg/tree-ssa/ssa-store-ccp-4.c scan-tree-dump-times optimized "conststaticvariable" 1
FAIL: gcc.dg/vect/pr25413.c scan-tree-dump-times vect "vectorized 1 loops" 0
FAIL: gcc.dg/vect/pr25413.c scan-tree-dump-times vect "vector alignment may not be reachable" 1
FAIL: gcc.dg/vect/pr25413.c scan-tree-dump-times vect "not vectorized: unsupported unaligned store" 1
FAIL: gcc.target/i386/pic-1.c (test for errors, line 11)
FAIL: gcc.target/i386/pr25993.c (test for excess errors)
=== gcc Summary ===
# of expected passes 50140
# of unexpected failures 59
# of expected failures 164
# of untested testcases 35
# of unsupported tests 520
/cygdrive/e/gnu/gcc-4.4-20080328/xp/gcc/xgcc version 4.4.0 20080328 (experimental) (GCC)
=== gfortran tests ===
Running target unix
FAIL: gfortran.dg/default_format_denormal_1.f90 execution test
FAIL: gfortran.dg/default_format_denormal_1.f90 execution test
FAIL: gfortran.dg/default_format_denormal_1.f90 execution test
FAIL: gfortran.dg/default_format_denormal_1.f90 execution test
FAIL: gfortran.dg/default_format_denormal_1.f90 execution test
FAIL: gfortran.dg/default_format_denormal_1.f90 execution test
FAIL: gfortran.dg/default_format_denormal_1.f90 execution test
FAIL: gfortran.dg/default_format_denormal_1.f90 execution test
FAIL: gfortran.dg/nint_2.f90 execution test
FAIL: gfortran.fortran-torture/execute/intrinsic_integer.f90 execution, -O0
FAIL: gfortran.fortran-torture/execute/intrinsic_integer.f90 execution, -O1
FAIL: gfortran.fortran-torture/execute/intrinsic_integer.f90 execution, -O2
FAIL: gfortran.fortran-torture/execute/intrinsic_integer.f90 execution, -Os
=== gfortran Summary ===
# of expected passes 23756
# of unexpected failures 13
# of expected failures 3
# of unsupported tests 166
/cygdrive/e/gnu/gcc-4.4-20080328/xp/gcc/testsuite/gfortran/../../gfortran version 4.4.0 20080328 (experimental) (GCC)
=== objc tests ===
Running target unix
=== objc Summary ===
# of expected passes 1894
# of expected failures 7
# of unsupported tests 24
/cygdrive/e/gnu/gcc-4.4-20080328/xp/gcc/xgcc version 4.4.0 20080328 (experimental) (GCC)
=== libstdc++ tests ===
Running target unix
FAIL: 20_util/shared_ptr/thread/default_weaktoshared.cc execution test
FAIL: 20_util/shared_ptr/thread/mutex_weaktoshared.cc execution test
FAIL: 22_locale/locale/cons/unicode.cc (test for excess errors)
WARNING: 22_locale/locale/cons/unicode.cc compilation failed to produce executable
FAIL: 22_locale/locale/cons/unicode.cc (test for excess errors)
WARNING: 22_locale/locale/cons/unicode.cc compilation failed to produce executable
XPASS: 26_numerics/headers/cmath/c99_classification_macros_c.cc (test for excess errors)
XPASS: 26_numerics/headers/cmath/c99_classification_macros_c.cc (test for excess errors)
FAIL: 27_io/basic_filebuf/seekoff/char/1-io.cc execution test
FAIL: 27_io/basic_filebuf/seekoff/char/1-io.cc execution test
FAIL: 27_io/basic_filebuf/seekoff/char/2-io.cc execution test
FAIL: 27_io/basic_filebuf/seekoff/char/2-io.cc execution test
FAIL: 27_io/basic_filebuf/seekpos/char/1-io.cc execution test
FAIL: 27_io/basic_filebuf/seekpos/char/1-io.cc execution test
FAIL: 27_io/basic_filebuf/seekpos/char/2-io.cc execution test
FAIL: 27_io/basic_filebuf/seekpos/char/2-io.cc execution test
FAIL: 27_io/basic_filebuf/sgetn/char/1-in.cc execution test
FAIL: 27_io/basic_filebuf/sgetn/char/1-in.cc execution test
FAIL: 27_io/basic_filebuf/sgetn/char/1-in.cc execution test
FAIL: 27_io/basic_filebuf/sgetn/char/1-io.cc execution test
FAIL: 27_io/basic_filebuf/sgetn/char/1-io.cc execution test
FAIL: 27_io/basic_filebuf/sgetn/char/1-io.cc execution test
FAIL: 27_io/basic_filebuf/sgetn/char/2-in.cc execution test
FAIL: 27_io/basic_filebuf/sgetn/char/2-in.cc execution test
FAIL: 27_io/basic_filebuf/sgetn/char/2-in.cc execution test
FAIL: 27_io/basic_filebuf/sgetn/char/2-io.cc execution test
FAIL: 27_io/basic_filebuf/sgetn/char/2-io.cc execution test
FAIL: 27_io/basic_filebuf/sgetn/char/2-io.cc execution test
FAIL: 27_io/basic_istream/readsome/char/6746-2.cc execution test
FAIL: 27_io/basic_istream/readsome/char/6746-2.cc execution test
FAIL: 27_io/basic_istream/readsome/char/6746-2.cc execution test
FAIL: ext/bitmap_allocator/variadic_construct.cc execution test
FAIL: ext/codecvt/1.cc (test for excess errors)
WARNING: ext/codecvt/1.cc compilation failed to produce executable
FAIL: ext/codecvt/char-1.cc (test for excess errors)
WARNING: ext/codecvt/char-1.cc compilation failed to produce executable
FAIL: ext/codecvt/char-2.cc (test for excess errors)
WARNING: ext/codecvt/char-2.cc compilation failed to produce executable
FAIL: ext/enc_filebuf/char/13189.cc (test for excess errors)
WARNING: ext/enc_filebuf/char/13189.cc compilation failed to produce executable
FAIL: ext/enc_filebuf/char/13189.cc (test for excess errors)
WARNING: ext/enc_filebuf/char/13189.cc compilation failed to produce executable
FAIL: ext/enc_filebuf/char/13598.cc (test for excess errors)
WARNING: ext/enc_filebuf/char/13598.cc compilation failed to produce executable
FAIL: ext/enc_filebuf/char/13598.cc (test for excess errors)
WARNING: ext/enc_filebuf/char/13598.cc compilation failed to produce executable
FAIL: ext/mt_allocator/deallocate_local_thread-5.cc execution test
FAIL: ext/mt_allocator/deallocate_local_thread-7.cc execution test
FAIL: tr1/2_general_utilities/shared_ptr/thread/mutex_weaktoshared.cc execution test
FAIL: tr1/5_numerical_facilities/random/exponential_distribution/requirements/typedefs.cc (test for excess errors)
FAIL: tr1/5_numerical_facilities/special_functions/22_sph_legendre/check_value.cc (test for excess errors)
WARNING: tr1/5_numerical_facilities/special_functions/22_sph_legendre/check_value.cc compilation failed to produce executable
FAIL: tr1/6_containers/unordered_map/insert/24061-map.cc (test for excess errors)
WARNING: tr1/6_containers/unordered_map/insert/24061-map.cc compilation failed to produce executable
=== libstdc++ Summary ===
# of expected passes 9319
# of unexpected failures 41
# of unexpected successes 2
# of expected failures 133
# of unsupported tests 556
Compiler version: 4.4.0 20080328 (experimental) (GCC)
Platform: i686-pc-cygwin
configure flags: --prefix=/usr/local/gcc44 --enable-languages='c c++ fortran objc' --enable-threads=posix --enable-sjlj-exceptions --enable-maintainer-mode --disable-shared --disable-libmudflap
BOOT_CFLAGS=-O2 -march=pentium-m -pipe
Tim Prince
More information about the Gcc-testresults
mailing list