Results for 3.4.6 (Debian 3.4.6-7) gcc testsuite on i486-pc-linux-gnu
Matthias Klose
doko@debian.org
Sat Mar 29 23:58:00 GMT 2008
LAST_UPDATED: Obtained from SVN: tags/gcc_3_4_6_release revision 111785
Native configuration is i486-pc-linux-gnu
=== gcc tests ===
Running target unix
FAIL: gcc.c-torture/execute/va-arg-25.c execution, -Os
=== gcc Summary for unix ===
# of expected passes 25378
# of unexpected failures 1
# of expected failures 70
# of untested testcases 7
# of unsupported tests 211
Running target unix/-m64
XPASS: gcc.c-torture/execute/loop-2e.c execution, -Os
FAIL: gcc.dg/compat/vector-1 c_compat_x_tst.o compile
FAIL: gcc.dg/compat/vector-1 c_compat_y_tst.o compile
UNRESOLVED: gcc.dg/compat/vector-1 c_compat_x_tst.o-c_compat_y_tst.o link
UNRESOLVED: gcc.dg/compat/vector-1 c_compat_x_tst.o-c_compat_y_tst.o execute
FAIL: gcc.dg/compat/vector-2 c_compat_x_tst.o compile
FAIL: gcc.dg/compat/vector-2 c_compat_y_tst.o compile
UNRESOLVED: gcc.dg/compat/vector-2 c_compat_x_tst.o-c_compat_y_tst.o link
UNRESOLVED: gcc.dg/compat/vector-2 c_compat_x_tst.o-c_compat_y_tst.o execute
FAIL: gcc.dg/i386-sse-2.c (test for excess errors)
FAIL: gcc.dg/titype-1.c (test for excess errors)
UNRESOLVED: gcc.dg/titype-1.c compilation failed to produce executable
FAIL: linkage.c
=== gcc Summary for unix/-m64 ===
# of expected passes 25133
# of unexpected failures 7
# of unexpected successes 1
# of expected failures 69
# of unresolved testcases 5
# of untested testcases 7
# of unsupported tests 291
=== gcc Summary ===
# of expected passes 50511
# of unexpected failures 8
# of unexpected successes 1
# of expected failures 139
# of unresolved testcases 5
# of untested testcases 14
# of unsupported tests 502
/home/packages/gcc/3.4/gcc-3.4-3.4.6ds1/build/gcc/xgcc version 3.4.6 (Debian 3.4.6-7)
Compiler version: 3.4.6 (Debian 3.4.6-7) gcc
Platform: i486-pc-linux-gnu
configure flags: -v --enable-languages=c --prefix=/usr --libexecdir=/usr/lib --with-gxx-include-dir=/usr/include/c++/3.4 --enable-shared --with-system-zlib --enable-nls --without-included-gettext --program-suffix=-3.4 --enable-__cxa_atexit --with-tune=i686 i486-linux-gnu
BOOT_CFLAGS=-O2
Build Dependencies:
Desired=Unknown/Install/Remove/Purge/Hold
| Status=Not/Installed/Config-files/Unpacked/Failed-config/Half-installed
|/ Err?=(none)/Hold/Reinst-required/X=both-problems (Status,Err: uppercase=bad)
||/ Name Version Description
+++-=======================================================-===========================-==============================================
ii binutils 2.18.1~cvs20080103-2 The GNU assembler, linker and binary utilities
Patches that Debian applied in this version:
gcc-textdomain:
Set gettext's domain and textdomain to the versioned package name.
libstdc++-pic:
Build and install libstdc++_pic.a library.
libstdc++-doclink:
adjust hrefs to point to the local documentation
libstdc++-doxygen-syntax:
fix doxygen syntax error in header that causes segfaults with some
versions
amd64-specs:
On x86-64 use 64bits mode assembly except with -m32.
gccbug:
Use sensible-editor instead of vi as fallback editor
gccbug-posix:
Make gccbug POSIX compliant (patch by David Weinehall)
http://www.opengroup.org/onlinepubs/009695399/utilities/test.html
hppa-toplevel:
For hppa-linux enable libgcj and dependent libs in the toplevel directory
hppa-libffi:
libffi support for hppa
hppa-libjava:
Enable libjava support for hppa
hppa-libjava-update:
MD_FALLBACK_FRAME_STATE_FOR definition for pa32-linux
fastjar-update:
Implement fastjar -u (PR 7854).
fastjar-version:
Append GCC version to the fastjar version string.
boehm-gc-nocheck:
Disable the boehm-gc testsuite. Hangs forever on this architecture
libltdl:
* libltdl.dpatch: Search the versioned extension, when loading a shared
library (i.e. gij looks for .so.5 for loading additional libraries
like the GTK based AWT peers.
m68k-update:
Add two m68k specfic patches backported from 4.0 concerning wrong code
generation (Richard Zidlicky).
libf2c-mxunit:
libf2c/libI77/fio.c: Set MXUNIT to 1000.
arm-bigendian:
cpu-default-i486:
set default 32bit ix86 architecture to i486
tool-version-checks:
Backpart version checks for makeinfo and ld.
fastjar-doc:
fastjar.texi: Directly define the gcctabopt and gccoptlist macros.
libffi-soversion:
Install libffi with soversion 3.
libffi-mips:
libffi mips update
libjava-mips:
libjava-mips patch from Thiemo Seufer <ica2_ts@csv.ica.uni-stuttgart.de>
libstdc++-mips-atomic:
Fix libstdc++ atomic ops for mips/mipsel
biarch-include:
biarch-include.dpatch
Adds biarch include directories
/usr/include/c++/<ver>/<arch>-linux-gnu
/usr/local/include/<arch>-linux-gnu
/usr/include/<arch>-linux-gnu
to the system include paths, depending on 32/64 bit mode.
config-ml:
disable some biarch libraries for biarch builds
i386-biarch:
biarch patches for i386/x86_64
link-libs:
reporting:
Add Debian URL for bug reporting isntructions.
gcc-version:
Add package identification to the gcc version string
configure-deplibs_check_method:
In all configure scripts for libraries, generated with autoconf2.13, use
deplibs_check_method=pass_all unconditionally for all linux architectures.
Counting all warnings,
there are 59 warnings in stage3 of this bootstrap.
Number of warnings per file:
16 ./auto-host.h
12 gcc/cppdefault.c
8 gcc/tsystem.h
8 gcc/defaults.h
4 gcc/config/i386/i386.md
3 insn-conditions.c
3 gengtype-lex.c
3 gcc/gcc.c
2 gcc/libgcc2.c
Number of warning types:
16 this is the location of the previous definition
8 `HAVE_DECL_GETOPT' redefined
8 `DEFAULT_USE_CXA_ATEXIT' redefined
6 string length `???' is greater than the length `???' ISO C89 compilers are required to support
6 missing initializer
6 (near initialization for `???')
3 old-style parameter declaration
2 source missing a mode?
2 operand 1 missing mode?
2 no previous prototype for '__enable_execute_stack'
More information about the Gcc-testresults
mailing list