Results for 4.1.3 20080326 (prerelease) gcc testsuite on mips-unknown-elf
Mike Stein
mstein.lists@googlemail.com
Thu Mar 27 22:50:00 GMT 2008
Debian 4 on x86_64
cross tool versions:
GNU assembler (GNU Binutils) 2.18.50.20080323
GNU gdb 6.8.50.20080322-cvs
GNU ld (GNU Binutils) 2.18.50.20080323
GNU Make 3.81
expect version 5.43.0
host gcc version: gcc (GCC) 4.1.2 20061115 (prerelease) (Debian 4.1.1-21)
LAST_UPDATED: Wed Mar 26 23:06:10 UTC 2008 (revision 133621)
Target is mips-unknown-elf
Host is x86_64-unknown-linux-gnu
=== gcc tests ===
Running target mips-sim
FAIL: gcc.dg/attr-weakref-1.c (test for excess errors)
UNRESOLVED: gcc.dg/attr-weakref-1.c compilation failed to produce executable
FAIL: gcc.dg/intmax_t-1.c (test for errors, line )
FAIL: gcc.dg/tls/alias-1.c (test for excess errors)
XPASS: gcc.dg/tree-ssa/20040204-1.c scan-tree-dump-times link_error 0
FAIL: gcc.target/mips/memcpy-1.c scan-assembler-not \\tlbu\\t
=== gcc Summary ===
# of expected passes 38212
# of unexpected failures 4
# of unexpected successes 1
# of expected failures 76
# of unresolved testcases 1
# of untested testcases 28
# of unsupported tests 315
/home/mstein/sim/gcc-4_1-branch/mips-elf/build/gcc/xgcc version 4.1.3 20080326 (prerelease)
Compiler version: 4.1.3 20080326 (prerelease) gcc
Platform: mips-unknown-elf
configure flags: --target=mips-elf --prefix=/home/mstein/cross-local/mips-elf --disable-nls --disable-build-warnings --with-ld=/home/mstein/cross-local/mips-elf/bin/mips-elf-ld --with-as=/home/mstein/cross-local/mips-elf/bin/mips-elf-as --disable-libssp --enable-languages=c
More information about the Gcc-testresults
mailing list