Results for 4.3.1 20080321 (prerelease) (Debian 4.3.0-2) testsuite on arm-unknown-linux-gnueabi
Matthias Klose
doko@debian.org
Tue Mar 25 23:57:00 GMT 2008
LAST_UPDATED:
Native configuration is arm-unknown-linux-gnueabi
=== libffi tests ===
Running target unix
=== libffi Summary ===
# of expected passes 1389
# of unsupported tests 10
=== libgomp tests ===
Running target unix
FAIL: libgomp.fortran/character1.f90 -O0 execution test
FAIL: libgomp.fortran/nestedfn1.f90 -O0 execution test
FAIL: libgomp.fortran/nestedfn3.f90 -O0 execution test
FAIL: libgomp.fortran/reduction3.f90 -O0 execution test
FAIL: libgomp.fortran/reduction3.f90 -O1 execution test
FAIL: libgomp.fortran/reduction3.f90 -O2 execution test
FAIL: libgomp.fortran/reduction3.f90 -O3 -fomit-frame-pointer execution test
FAIL: libgomp.fortran/reduction3.f90 -O3 -fomit-frame-pointer -funroll-loops execution test
FAIL: libgomp.fortran/reduction3.f90 -O3 -fomit-frame-pointer -funroll-all-loops -finline-functions execution test
FAIL: libgomp.fortran/reduction3.f90 -O3 -g execution test
FAIL: libgomp.fortran/reduction3.f90 -Os execution test
FAIL: libgomp.fortran/retval2.f90 -O0 execution test
FAIL: libgomp.fortran/vla1.f90 -O1 execution test
FAIL: libgomp.fortran/vla1.f90 -O2 execution test
FAIL: libgomp.fortran/vla1.f90 -O3 -fomit-frame-pointer execution test
FAIL: libgomp.fortran/vla1.f90 -O3 -fomit-frame-pointer -funroll-loops execution test
FAIL: libgomp.fortran/vla1.f90 -O3 -fomit-frame-pointer -funroll-all-loops -finline-functions execution test
FAIL: libgomp.fortran/vla1.f90 -O3 -g execution test
FAIL: libgomp.fortran/vla1.f90 -Os execution test
FAIL: libgomp.fortran/vla2.f90 -O1 execution test
FAIL: libgomp.fortran/vla2.f90 -O2 execution test
FAIL: libgomp.fortran/vla2.f90 -O3 -fomit-frame-pointer execution test
FAIL: libgomp.fortran/vla2.f90 -O3 -fomit-frame-pointer -funroll-loops execution test
FAIL: libgomp.fortran/vla2.f90 -O3 -fomit-frame-pointer -funroll-all-loops -finline-functions execution test
FAIL: libgomp.fortran/vla2.f90 -O3 -g execution test
FAIL: libgomp.fortran/vla2.f90 -Os execution test
FAIL: libgomp.fortran/vla3.f90 -O1 execution test
FAIL: libgomp.fortran/vla3.f90 -O2 execution test
FAIL: libgomp.fortran/vla3.f90 -O3 -fomit-frame-pointer execution test
FAIL: libgomp.fortran/vla3.f90 -O3 -fomit-frame-pointer -funroll-loops execution test
FAIL: libgomp.fortran/vla3.f90 -O3 -fomit-frame-pointer -funroll-all-loops -finline-functions execution test
FAIL: libgomp.fortran/vla3.f90 -O3 -g execution test
FAIL: libgomp.fortran/vla3.f90 -Os execution test
FAIL: libgomp.fortran/vla4.f90 -O1 execution test
FAIL: libgomp.fortran/vla4.f90 -O2 execution test
FAIL: libgomp.fortran/vla4.f90 -O3 -fomit-frame-pointer execution test
FAIL: libgomp.fortran/vla4.f90 -O3 -fomit-frame-pointer -funroll-loops execution test
FAIL: libgomp.fortran/vla4.f90 -O3 -fomit-frame-pointer -funroll-all-loops -finline-functions execution test
FAIL: libgomp.fortran/vla4.f90 -O3 -g execution test
FAIL: libgomp.fortran/vla4.f90 -Os execution test
FAIL: libgomp.fortran/vla5.f90 -O1 execution test
FAIL: libgomp.fortran/vla5.f90 -O2 execution test
FAIL: libgomp.fortran/vla5.f90 -O3 -fomit-frame-pointer execution test
FAIL: libgomp.fortran/vla5.f90 -O3 -fomit-frame-pointer -funroll-loops execution test
FAIL: libgomp.fortran/vla5.f90 -O3 -fomit-frame-pointer -funroll-all-loops -finline-functions execution test
FAIL: libgomp.fortran/vla5.f90 -O3 -g execution test
FAIL: libgomp.fortran/vla5.f90 -Os execution test
FAIL: libgomp.fortran/vla6.f90 -O1 execution test
FAIL: libgomp.fortran/vla6.f90 -O2 execution test
FAIL: libgomp.fortran/vla6.f90 -O3 -fomit-frame-pointer execution test
FAIL: libgomp.fortran/vla6.f90 -O3 -fomit-frame-pointer -funroll-loops execution test
FAIL: libgomp.fortran/vla6.f90 -O3 -fomit-frame-pointer -funroll-all-loops -finline-functions execution test
FAIL: libgomp.fortran/vla6.f90 -O3 -g execution test
FAIL: libgomp.fortran/vla6.f90 -Os execution test
=== libgomp Summary ===
# of expected passes 1655
# of unexpected failures 54
# of unsupported tests 7
=== libmudflap tests ===
Running target unix
FAIL: libmudflap.c++/pass41-frag.cxx execution test
FAIL: libmudflap.c++/pass41-frag.cxx (-static) execution test
FAIL: libmudflap.c++/pass41-frag.cxx ( -O) execution test
FAIL: libmudflap.c++/pass41-frag.cxx (-O2) execution test
FAIL: libmudflap.c++/pass41-frag.cxx (-O3) execution test
=== libmudflap Summary ===
# of expected passes 1844
# of unexpected failures 5
=== libstdc++ tests ===
Running target unix
FAIL: 20_util/make_signed/requirements/typedefs-2.cc (test for excess errors)
FAIL: 20_util/make_unsigned/requirements/typedefs-2.cc (test for excess errors)
WARNING: program timed out.
FAIL: 23_containers/vector/bool/modifiers/insert/31370.cc execution test
XPASS: 26_numerics/headers/cmath/c99_classification_macros_c.cc (test for excess errors)
WARNING: program timed out.
FAIL: ext/pb_ds/regression/hash_data_map_rand.cc (test for excess errors)
UNRESOLVED: ext/pb_ds/regression/hash_data_map_rand.cc compilation failed to produce executable
WARNING: program timed out.
FAIL: ext/pb_ds/regression/tree_data_map_rand.cc (test for excess errors)
UNRESOLVED: ext/pb_ds/regression/tree_data_map_rand.cc compilation failed to produce executable
WARNING: program timed out.
FAIL: ext/pb_ds/regression/tree_no_data_map_rand.cc (test for excess errors)
UNRESOLVED: ext/pb_ds/regression/tree_no_data_map_rand.cc compilation failed to produce executable
WARNING: program timed out.
FAIL: ext/pb_ds/regression/trie_data_map_rand.cc (test for excess errors)
UNRESOLVED: ext/pb_ds/regression/trie_data_map_rand.cc compilation failed to produce executable
WARNING: program timed out.
FAIL: ext/pb_ds/regression/trie_no_data_map_rand.cc (test for excess errors)
UNRESOLVED: ext/pb_ds/regression/trie_no_data_map_rand.cc compilation failed to produce executable
=== libstdc++ Summary ===
# of expected passes 4919
# of unexpected failures 8
# of unexpected successes 1
# of expected failures 59
# of unresolved testcases 5
# of unsupported tests 326
Target: arm-linux-gnueabi
gcc version 4.3.1 20080321 (prerelease) (Debian 4.3.0-2)
=== g++ tests ===
Running target unix
WARNING: Could not compile g++.dg/compat/struct-layout-1 generator
FAIL: g++.dg/abi/forced.C execution test
FAIL: g++.dg/ext/java-1.C (test for excess errors)
FAIL: g++.dg/ext/java-2.C (test for excess errors)
FAIL: g++.dg/ext/visibility/arm3.C scan-not-hidden hidden[ \\t_]*_ZTI1A
FAIL: g++.dg/ext/visibility/arm3.C scan-not-hidden hidden[ \\t_]*_ZTS1A
FAIL: g++.dg/ext/visibility/arm3.C scan-not-hidden hidden[ \\t_]*_ZTI1B
FAIL: g++.dg/ext/visibility/arm3.C scan-not-hidden hidden[ \\t_]*_ZTS1B
FAIL: g++.dg/other/anon5.C (test for errors, line 19)
FAIL: g++.dg/other/anon5.C (test for excess errors)
XPASS: g++.dg/other/packed1.C execution test
FAIL: g++.old-deja/g++.jason/enum6.C (test for excess errors)
FAIL: g++.old-deja/g++.law/enum9.C (test for excess errors)
FAIL: g++.old-deja/g++.other/enum4.C (test for excess errors)
=== g++ Summary ===
# of expected passes 17282
# of unexpected failures 12
# of unexpected successes 1
# of expected failures 82
# of unsupported tests 131
/build/buildd/gcc-4.3-4.3.0/build/gcc/testsuite/g++/../../g++ version 4.3.1 20080321 (prerelease) (Debian 4.3.0-2)
=== gcc tests ===
Running target unix
WARNING: Could not compile gcc.dg/compat/struct-layout-1 generator
FAIL: gcc.dg/fshort-wchar.c (test for excess errors)
UNRESOLVED: gcc.dg/fshort-wchar.c compilation failed to produce executable
FAIL: gcc.dg/memcpy-1.c scan-tree-dump-times optimized "nasty_local" 0
FAIL: gcc.dg/uninit-13.c unconditional (test for warnings, line 8)
FAIL: gcc.dg/uninit-13.c (test for excess errors)
FAIL: gcc.dg/tree-prof/bb-reorg.c compilation, -fprofile-use -D_PROFILE_USE
UNRESOLVED: gcc.dg/tree-prof/bb-reorg.c execution, -fprofile-use -D_PROFILE_USE
=== gcc Summary ===
# of expected passes 45717
# of unexpected failures 5
# of expected failures 90
# of unresolved testcases 2
# of untested testcases 35
# of unsupported tests 2210
/build/buildd/gcc-4.3-4.3.0/build/gcc/xgcc version 4.3.1 20080321 (prerelease) (Debian 4.3.0-2)
=== gfortran tests ===
Running target unix
FAIL: gfortran.dg/enum_10.f90 -O0 (test for excess errors)
FAIL: gfortran.dg/enum_10.f90 -O1 (test for excess errors)
FAIL: gfortran.dg/enum_10.f90 -O2 (test for excess errors)
FAIL: gfortran.dg/enum_10.f90 -O3 -fomit-frame-pointer (test for excess errors)
FAIL: gfortran.dg/enum_10.f90 -O3 -fomit-frame-pointer -funroll-loops (test for excess errors)
FAIL: gfortran.dg/enum_10.f90 -O3 -fomit-frame-pointer -funroll-all-loops -finline-functions (test for excess errors)
FAIL: gfortran.dg/enum_10.f90 -O3 -g (test for excess errors)
FAIL: gfortran.dg/enum_10.f90 -Os (test for excess errors)
FAIL: gfortran.dg/namelist_14.f90 -O0 execution test
FAIL: gfortran.dg/ret_array_1.f90 -O3 -fomit-frame-pointer -funroll-loops (internal compiler error)
FAIL: gfortran.dg/ret_array_1.f90 -O3 -fomit-frame-pointer -funroll-loops (test for excess errors)
UNRESOLVED: gfortran.dg/ret_array_1.f90 -O3 -fomit-frame-pointer -funroll-loops compilation failed to produce executable
FAIL: gfortran.dg/ret_array_1.f90 -O3 -fomit-frame-pointer -funroll-all-loops -finline-functions (internal compiler error)
FAIL: gfortran.dg/ret_array_1.f90 -O3 -fomit-frame-pointer -funroll-all-loops -finline-functions (test for excess errors)
UNRESOLVED: gfortran.dg/ret_array_1.f90 -O3 -fomit-frame-pointer -funroll-all-loops -finline-functions compilation failed to produce executable
FAIL: gfortran.dg/zero_sized_1.f90 -O3 -fomit-frame-pointer -funroll-loops (internal compiler error)
FAIL: gfortran.dg/zero_sized_1.f90 -O3 -fomit-frame-pointer -funroll-loops (test for excess errors)
UNRESOLVED: gfortran.dg/zero_sized_1.f90 -O3 -fomit-frame-pointer -funroll-loops compilation failed to produce executable
FAIL: gfortran.dg/zero_sized_1.f90 -O3 -fomit-frame-pointer -funroll-all-loops -finline-functions (internal compiler error)
FAIL: gfortran.dg/zero_sized_1.f90 -O3 -fomit-frame-pointer -funroll-all-loops -finline-functions (test for excess errors)
UNRESOLVED: gfortran.dg/zero_sized_1.f90 -O3 -fomit-frame-pointer -funroll-all-loops -finline-functions compilation failed to produce executable
=== gfortran Summary ===
# of expected passes 23490
# of unexpected failures 17
# of expected failures 3
# of unresolved testcases 4
# of unsupported tests 124
/build/buildd/gcc-4.3-4.3.0/build/gcc/testsuite/gfortran/../../gfortran version 4.3.1 20080321 (prerelease) (Debian 4.3.0-2)
=== obj-c++ tests ===
Running target unix
FAIL: obj-c++.dg/basic.mm (test for excess errors)
UNRESOLVED: obj-c++.dg/basic.mm compilation failed to produce executable
FAIL: obj-c++.dg/bitfield-1.mm (test for excess errors)
UNRESOLVED: obj-c++.dg/bitfield-1.mm compilation failed to produce executable
FAIL: obj-c++.dg/bitfield-2.mm (test for excess errors)
UNRESOLVED: obj-c++.dg/bitfield-2.mm compilation failed to produce executable
FAIL: obj-c++.dg/bitfield-4.mm (test for excess errors)
UNRESOLVED: obj-c++.dg/bitfield-4.mm compilation failed to produce executable
FAIL: obj-c++.dg/class-protocol-1.mm (test for excess errors)
FAIL: obj-c++.dg/comp-types-11.mm (test for warnings, line 19)
FAIL: obj-c++.dg/comp-types-11.mm (test for warnings, line 25)
FAIL: obj-c++.dg/comp-types-11.mm (test for excess errors)
FAIL: obj-c++.dg/comp-types-12.mm (test for warnings, line 10)
FAIL: obj-c++.dg/comp-types-12.mm (test for excess errors)
FAIL: obj-c++.dg/comp-types-2.mm (test for excess errors)
FAIL: obj-c++.dg/comp-types-3.mm (test for excess errors)
FAIL: obj-c++.dg/comp-types-4.mm (test for excess errors)
FAIL: obj-c++.dg/comp-types-5.mm (test for excess errors)
FAIL: obj-c++.dg/comp-types-6.mm (test for excess errors)
FAIL: obj-c++.dg/comp-types-7.mm (test for excess errors)
FAIL: obj-c++.dg/comp-types-9.mm (test for excess errors)
FAIL: obj-c++.dg/cxx-ivars-1.mm (test for excess errors)
UNRESOLVED: obj-c++.dg/cxx-ivars-1.mm compilation failed to produce executable
FAIL: obj-c++.dg/cxx-ivars-2.mm (test for excess errors)
UNRESOLVED: obj-c++.dg/cxx-ivars-2.mm compilation failed to produce executable
FAIL: obj-c++.dg/cxx-scope-1.mm (test for excess errors)
UNRESOLVED: obj-c++.dg/cxx-scope-1.mm compilation failed to produce executable
FAIL: obj-c++.dg/cxx-scope-2.mm (test for excess errors)
FAIL: obj-c++.dg/defs.mm (test for excess errors)
UNRESOLVED: obj-c++.dg/defs.mm compilation failed to produce executable
FAIL: obj-c++.dg/encode-3.mm (test for excess errors)
UNRESOLVED: obj-c++.dg/encode-3.mm compilation failed to produce executable
FAIL: obj-c++.dg/encode-4.mm (test for excess errors)
UNRESOLVED: obj-c++.dg/encode-4.mm compilation failed to produce executable
FAIL: obj-c++.dg/encode-5.mm (test for excess errors)
UNRESOLVED: obj-c++.dg/encode-5.mm compilation failed to produce executable
FAIL: obj-c++.dg/encode-6.mm (test for excess errors)
UNRESOLVED: obj-c++.dg/encode-6.mm compilation failed to produce executable
FAIL: obj-c++.dg/encode-7.mm (test for excess errors)
FAIL: obj-c++.dg/encode-8.mm (test for excess errors)
UNRESOLVED: obj-c++.dg/encode-8.mm compilation failed to produce executable
FAIL: obj-c++.dg/except-1.mm (test for excess errors)
UNRESOLVED: obj-c++.dg/except-1.mm compilation failed to produce executable
FAIL: obj-c++.dg/extern-c-1.mm (test for excess errors)
FAIL: obj-c++.dg/gnu-runtime-1.mm (test for excess errors)
FAIL: obj-c++.dg/gnu-runtime-2.mm (test for excess errors)
FAIL: obj-c++.dg/gnu-runtime-3.mm (test for excess errors)
UNRESOLVED: obj-c++.dg/gnu-runtime-3.mm compilation failed to produce executable
FAIL: obj-c++.dg/ivar-list-semi.mm (test for excess errors)
FAIL: obj-c++.dg/layout-1.mm (test for excess errors)
FAIL: obj-c++.dg/local-decl-1.mm (test for excess errors)
UNRESOLVED: obj-c++.dg/lookup-2.mm compilation failed to produce executable
FAIL: obj-c++.dg/method-1.mm (test for excess errors)
FAIL: obj-c++.dg/method-10.mm (test for excess errors)
UNRESOLVED: obj-c++.dg/method-10.mm compilation failed to produce executable
FAIL: obj-c++.dg/method-11.mm (test for excess errors)
ERROR: obj-c++.dg/method-11.mm: error executing dg-final: couldn't open "method-11.s": no such file or directory
UNRESOLVED: obj-c++.dg/method-11.mm: error executing dg-final: couldn't open "method-11.s": no such file or directory
FAIL: obj-c++.dg/method-12.mm (test for excess errors)
FAIL: obj-c++.dg/method-13.mm (test for warnings, line 18)
FAIL: obj-c++.dg/method-13.mm (test for warnings, line 18)
FAIL: obj-c++.dg/method-13.mm (test for warnings, line 18)
FAIL: obj-c++.dg/method-13.mm (test for warnings, line 18)
FAIL: obj-c++.dg/method-13.mm (test for warnings, line 22)
FAIL: obj-c++.dg/method-13.mm (test for warnings, line 8)
FAIL: obj-c++.dg/method-13.mm (test for warnings, line 12)
FAIL: obj-c++.dg/method-13.mm (test for excess errors)
FAIL: obj-c++.dg/method-15.mm (test for warnings, line 9)
FAIL: obj-c++.dg/method-15.mm (test for warnings, line 17)
FAIL: obj-c++.dg/method-15.mm (test for warnings, line 13)
FAIL: obj-c++.dg/method-15.mm (test for warnings, line 33)
FAIL: obj-c++.dg/method-15.mm (test for excess errors)
FAIL: obj-c++.dg/method-16.mm (test for excess errors)
FAIL: obj-c++.dg/method-17.mm (test for excess errors)
UNRESOLVED: obj-c++.dg/method-17.mm compilation failed to produce executable
FAIL: obj-c++.dg/method-18.mm (test for excess errors)
FAIL: obj-c++.dg/method-19.mm (test for excess errors)
UNRESOLVED: obj-c++.dg/method-19.mm compilation failed to produce executable
FAIL: obj-c++.dg/method-2.mm (test for excess errors)
FAIL: obj-c++.dg/method-21.mm (test for excess errors)
FAIL: obj-c++.dg/method-3.mm (test for excess errors)
FAIL: obj-c++.dg/method-4.mm (test for excess errors)
FAIL: obj-c++.dg/method-5.mm (test for excess errors)
FAIL: obj-c++.dg/method-6.mm (test for excess errors)
FAIL: obj-c++.dg/no-extra-load.mm (test for excess errors)
ERROR: obj-c++.dg/no-extra-load.mm: error executing dg-final: couldn't open "no-extra-load.s": no such file or directory
UNRESOLVED: obj-c++.dg/no-extra-load.mm: error executing dg-final: couldn't open "no-extra-load.s": no such file or directory
FAIL: obj-c++.dg/private-1.mm (test for excess errors)
FAIL: obj-c++.dg/private-2.mm (test for excess errors)
FAIL: obj-c++.dg/proto-lossage-2.mm (test for excess errors)
FAIL: obj-c++.dg/proto-lossage-3.mm (test for excess errors)
UNRESOLVED: obj-c++.dg/proto-lossage-3.mm compilation failed to produce executable
FAIL: obj-c++.dg/proto-qual-1.mm (test for excess errors)
UNRESOLVED: obj-c++.dg/proto-qual-1.mm compilation failed to produce executable
FAIL: obj-c++.dg/qual-types-1.mm (test for excess errors)
UNRESOLVED: obj-c++.dg/qual-types-1.mm compilation failed to produce executable
FAIL: obj-c++.dg/selector-2.mm (test for excess errors)
FAIL: obj-c++.dg/selector-5.mm (test for excess errors)
ERROR: obj-c++.dg/selector-5.mm: error executing dg-final: couldn't open "selector-5.s": no such file or directory
UNRESOLVED: obj-c++.dg/selector-5.mm: error executing dg-final: couldn't open "selector-5.s": no such file or directory
FAIL: obj-c++.dg/selector-6.mm (test for excess errors)
ERROR: obj-c++.dg/selector-6.mm: error executing dg-final: couldn't open "selector-6.s": no such file or directory
UNRESOLVED: obj-c++.dg/selector-6.mm: error executing dg-final: couldn't open "selector-6.s": no such file or directory
FAIL: obj-c++.dg/super-class-1.mm (test for excess errors)
FAIL: obj-c++.dg/super-class-2.mm (test for excess errors)
FAIL: obj-c++.dg/template-1.mm (test for excess errors)
UNRESOLVED: obj-c++.dg/template-1.mm compilation failed to produce executable
FAIL: obj-c++.dg/template-3.mm (test for excess errors)
UNRESOLVED: obj-c++.dg/template-3.mm compilation failed to produce executable
FAIL: obj-c++.dg/template-4.mm (test for excess errors)
UNRESOLVED: obj-c++.dg/template-4.mm compilation failed to produce executable
FAIL: obj-c++.dg/try-catch-1.mm (test for excess errors)
FAIL: obj-c++.dg/try-catch-11.mm (test for warnings, line 32)
FAIL: obj-c++.dg/try-catch-11.mm (test for excess errors)
UNRESOLVED: obj-c++.dg/try-catch-2.mm compilation failed to produce executable
FAIL: obj-c++.dg/try-catch-3.mm (test for excess errors)
FAIL: obj-c++.dg/try-catch-7.mm (test for excess errors)
FAIL: obj-c++.dg/try-catch-8.mm (test for excess errors)
UNRESOLVED: obj-c++.dg/try-catch-9.mm compilation failed to produce executable
FAIL: obj-c++.dg/typedef-alias-1.mm (test for excess errors)
FAIL: obj-c++.dg/va-meth-1.mm (test for excess errors)
UNRESOLVED: obj-c++.dg/va-meth-1.mm compilation failed to produce executable
=== obj-c++ Summary ===
# of expected passes 324
# of unexpected failures 86
# of expected failures 6
# of unresolved testcases 32
# of unsupported tests 13
/build/buildd/gcc-4.3-4.3.0/build/gcc/testsuite/obj-c++/../../g++ version 4.3.1 20080321 (prerelease) (Debian 4.3.0-2)
=== objc tests ===
Running target unix
FAIL: objc.dg/bitfield-1.m (test for excess errors)
UNRESOLVED: objc.dg/bitfield-1.m compilation failed to produce executable
FAIL: objc.dg/bitfield-3.m (test for excess errors)
UNRESOLVED: objc.dg/bitfield-3.m compilation failed to produce executable
FAIL: objc.dg/bitfield-5.m (test for excess errors)
UNRESOLVED: objc.dg/bitfield-5.m compilation failed to produce executable
FAIL: objc.dg/call-super-1.m (test for excess errors)
UNRESOLVED: objc.dg/call-super-1.m compilation failed to produce executable
FAIL: objc.dg/call-super-2.m (test for warnings, line 49)
FAIL: objc.dg/call-super-2.m (test for warnings, line 69)
FAIL: objc.dg/call-super-2.m (test for warnings, line 73)
FAIL: objc.dg/call-super-2.m (test for warnings, line 82)
FAIL: objc.dg/call-super-2.m (test for warnings, line 98)
FAIL: objc.dg/call-super-2.m (test for warnings, line 99)
FAIL: objc.dg/call-super-2.m (test for warnings, line 103)
FAIL: objc.dg/call-super-2.m (test for warnings, line 117)
FAIL: objc.dg/call-super-2.m (test for warnings, line 118)
FAIL: objc.dg/call-super-2.m (test for warnings, line 123)
FAIL: objc.dg/call-super-2.m (test for warnings, line 131)
FAIL: objc.dg/call-super-2.m (test for warnings, line 131)
FAIL: objc.dg/call-super-2.m (test for warnings, line 135)
FAIL: objc.dg/call-super-2.m (test for excess errors)
FAIL: objc.dg/call-super-3.m (test for excess errors)
UNRESOLVED: objc.dg/call-super-3.m compilation failed to produce executable
FAIL: objc.dg/category-1.m (test for excess errors)
UNRESOLVED: objc.dg/category-1.m compilation failed to produce executable
FAIL: objc.dg/class-protocol-1.m (test for excess errors)
FAIL: objc.dg/comp-types-1.m (test for excess errors)
FAIL: objc.dg/comp-types-10.m (test for warnings, line 19)
FAIL: objc.dg/comp-types-10.m (test for excess errors)
FAIL: objc.dg/comp-types-11.m (test for warnings, line 10)
FAIL: objc.dg/comp-types-11.m (test for excess errors)
FAIL: objc.dg/comp-types-2.m (test for excess errors)
FAIL: objc.dg/comp-types-3.m (test for excess errors)
FAIL: objc.dg/comp-types-4.m (test for excess errors)
FAIL: objc.dg/comp-types-5.m (test for excess errors)
FAIL: objc.dg/comp-types-6.m (test for excess errors)
FAIL: objc.dg/comp-types-8.m (test for excess errors)
FAIL: objc.dg/defs.m (test for excess errors)
UNRESOLVED: objc.dg/defs.m compilation failed to produce executable
FAIL: objc.dg/desig-init-1.m (test for excess errors)
UNRESOLVED: objc.dg/desig-init-1.m compilation failed to produce executable
FAIL: objc.dg/encode-1.m (test for excess errors)
UNRESOLVED: objc.dg/encode-1.m compilation failed to produce executable
FAIL: objc.dg/encode-2.m (test for excess errors)
UNRESOLVED: objc.dg/encode-2.m compilation failed to produce executable
FAIL: objc.dg/encode-3.m (test for excess errors)
UNRESOLVED: objc.dg/encode-3.m compilation failed to produce executable
FAIL: objc.dg/encode-4.m (test for excess errors)
UNRESOLVED: objc.dg/encode-4.m compilation failed to produce executable
FAIL: objc.dg/encode-5.m (test for excess errors)
FAIL: objc.dg/encode-7.m (test for excess errors)
UNRESOLVED: objc.dg/encode-7.m compilation failed to produce executable
FAIL: objc.dg/encode-8.m (test for excess errors)
UNRESOLVED: objc.dg/encode-8.m compilation failed to produce executable
FAIL: objc.dg/func-ptr-1.m (test for excess errors)
UNRESOLVED: objc.dg/func-ptr-1.m compilation failed to produce executable
FAIL: objc.dg/func-ptr-2.m (test for excess errors)
UNRESOLVED: objc.dg/func-ptr-2.m compilation failed to produce executable
FAIL: objc.dg/gnu-runtime-1.m (test for excess errors)
FAIL: objc.dg/gnu-runtime-2.m (test for excess errors)
FAIL: objc.dg/gnu-runtime-3.m (test for excess errors)
UNRESOLVED: objc.dg/gnu-runtime-3.m compilation failed to produce executable
FAIL: objc.dg/headers.m (test for excess errors)
FAIL: objc.dg/layout-1.m (test for excess errors)
FAIL: objc.dg/local-decl-2.m (test for excess errors)
FAIL: objc.dg/method-10.m (test for excess errors)
UNRESOLVED: objc.dg/method-10.m compilation failed to produce executable
FAIL: objc.dg/method-11.m (test for excess errors)
FAIL: objc.dg/method-12.m (test for excess errors)
FAIL: objc.dg/method-13.m (test for excess errors)
UNRESOLVED: objc.dg/method-13.m compilation failed to produce executable
FAIL: objc.dg/method-15.m (test for excess errors)
FAIL: objc.dg/method-16.m (test for excess errors)
FAIL: objc.dg/method-17.m (test for excess errors)
FAIL: objc.dg/method-18.m (test for excess errors)
FAIL: objc.dg/method-19.m (test for excess errors)
FAIL: objc.dg/method-3.m (test for excess errors)
UNRESOLVED: objc.dg/method-3.m compilation failed to produce executable
FAIL: objc.dg/method-4.m (test for excess errors)
ERROR: objc.dg/method-4.m: error executing dg-final: couldn't open "method-4.s": no such file or directory
UNRESOLVED: objc.dg/method-4.m: error executing dg-final: couldn't open "method-4.s": no such file or directory
FAIL: objc.dg/method-6.m (test for excess errors)
FAIL: objc.dg/method-7.m (test for warnings, line 20)
FAIL: objc.dg/method-7.m (test for warnings, line 20)
FAIL: objc.dg/method-7.m (test for warnings, line 20)
FAIL: objc.dg/method-7.m (test for warnings, line 20)
FAIL: objc.dg/method-7.m (test for warnings, line 10)
FAIL: objc.dg/method-7.m (test for excess errors)
FAIL: objc.dg/method-9.m (test for warnings, line 11)
FAIL: objc.dg/method-9.m (test for warnings, line 35)
FAIL: objc.dg/method-9.m (test for excess errors)
FAIL: objc.dg/missing-proto-3.m (test for excess errors)
FAIL: objc.dg/private-1.m (test for excess errors)
FAIL: objc.dg/private-2.m (test for excess errors)
FAIL: objc.dg/proto-lossage-2.m (test for excess errors)
FAIL: objc.dg/proto-lossage-3.m (test for excess errors)
UNRESOLVED: objc.dg/proto-lossage-3.m compilation failed to produce executable
FAIL: objc.dg/proto-qual-1.m (test for excess errors)
UNRESOLVED: objc.dg/proto-qual-1.m compilation failed to produce executable
FAIL: objc.dg/selector-2.m (test for excess errors)
FAIL: objc.dg/sizeof-1.m (test for excess errors)
UNRESOLVED: objc.dg/sizeof-1.m compilation failed to produce executable
FAIL: objc.dg/stret-1.m (test for excess errors)
UNRESOLVED: objc.dg/stret-1.m compilation failed to produce executable
FAIL: objc.dg/super-class-3.m (test for excess errors)
UNRESOLVED: objc.dg/super-class-3.m compilation failed to produce executable
FAIL: objc.dg/super-class-4.m (test for excess errors)
FAIL: objc.dg/sync-1.m (test for excess errors)
FAIL: objc.dg/try-catch-1.m (test for excess errors)
FAIL: objc.dg/try-catch-10.m (test for excess errors)
FAIL: objc.dg/try-catch-3.m (test for excess errors)
FAIL: objc.dg/try-catch-6.m (test for excess errors)
FAIL: objc.dg/try-catch-7.m (test for excess errors)
FAIL: objc.dg/type-size-2.m (test for excess errors)
UNRESOLVED: objc.dg/type-size-2.m compilation failed to produce executable
FAIL: objc.dg/type-stream-1.m (test for excess errors)
UNRESOLVED: objc.dg/type-stream-1.m compilation failed to produce executable
FAIL: objc.dg/typedef-alias-1.m (test for excess errors)
FAIL: objc.dg/undeclared-selector.m (test for warnings, line 24)
FAIL: objc.dg/undeclared-selector.m (test for warnings, line 43)
FAIL: objc.dg/undeclared-selector.m (test for excess errors)
FAIL: objc.dg/va-meth-1.m (test for excess errors)
UNRESOLVED: objc.dg/va-meth-1.m compilation failed to produce executable
FAIL: objc.dg/zero-link-1.m (test for excess errors)
ERROR: objc.dg/zero-link-1.m: error executing dg-final: couldn't open "zero-link-1.s": no such file or directory
UNRESOLVED: objc.dg/zero-link-1.m: error executing dg-final: couldn't open "zero-link-1.s": no such file or directory
FAIL: objc.dg/zero-link-2.m (test for excess errors)
ERROR: objc.dg/zero-link-2.m: error executing dg-final: couldn't open "zero-link-2.s": no such file or directory
UNRESOLVED: objc.dg/zero-link-2.m: error executing dg-final: couldn't open "zero-link-2.s": no such file or directory
WARNING: Could not compile objc.dg/gnu-encoding/struct-layout-encoding-1 generator
FAIL: objc.dg/special/unclaimed-category-1.m unclaimed-category-1a.o (test for excess errors)
UNRESOLVED: objc.dg/special/unclaimed-category-1.m unclaimed-category-1a.o compilation failed to produce executable
=== objc Summary ===
# of expected passes 427
# of unexpected failures 97
# of unresolved testcases 32
# of unsupported tests 24
/build/buildd/gcc-4.3-4.3.0/build/gcc/xgcc version 4.3.1 20080321 (prerelease) (Debian 4.3.0-2)
Compiler version: 4.3.1 20080321 (prerelease) (Debian 4.3.0-2)
Platform: arm-unknown-linux-gnueabi
configure flags: linux gnueabi,g
BOOT_CFLAGS=
Build Dependencies:
Desired=Unknown/Install/Remove/Purge/Hold
| Status=Not/Installed/Config-files/Unpacked/Failed-config/Half-installed
|/ Err?=(none)/Hold/Reinst-required/X=both-problems (Status,Err: uppercase=bad)
||/ Name Version Description
+++-=================================-====================-==============================================
ii binutils 2.18.1~cvs20080103-1 The GNU assembler, linker and binary utilities
ii libc6 2.7-9 GNU C Library: Shared libraries
Patches that Debian applied in this version:
svn-updates:
updates from the 4.3 branch upto 20080321.
gcc-textdomain:
Set gettext's domain and textdomain to the versioned package name.
gcc-driver-extra-langs:
Add options and specs for languages that are not built from a source
(but built from separate sources).
gcc-hash-style-both:
Link using --hash-style=both (alpha, amd64, ia64, i386, powerpc, ppc64, s390, sparc)
libstdc++-pic:
Build and install libstdc++_pic.a library.
libstdc++-doclink:
adjust hrefs to point to the local documentation
libobjc-gc-link:
Link libobjc_gc with libgcjgc_convenience.la.
libjava-stacktrace:
libgcj: Lookup source file name and line number in separated
debug files found in /usr/lib/debug
libjava-subdir:
- Set the libjava sublibdir to /usr/lib/gcj-4.3
- Set the default libgcj database dir to /var/lib/gcj-4.3
libjava-jnipath:
- Add /usr/lib/jni to java.library.path.
- When running the i386 binaries on amd64, look in
- /usr/lib32/gcj-x.y and /usr/lib32/jni instead.
libjava-sjlj:
Don't try to use _Unwind_Backtrace on SJLJ targets.
See bug #387875, #388505, GCC PR 29206.
libjava-rpath:
- Link ecjx with -rpath \$(dbexecdir)
libjava-jar:
gjar: support @ arguments.
libjava-soname:
Bump the libgcj soversion.
libjava-xulrunner1.9:
Add configure check for xulrunner-1.9.
libjava-realloc-leak:
Don't leak upon failed realloc (taken from the trunk).
libffi-configure:
Add --enable-libffi option to toplevel configure script
pr28102:
Apply proposed fix for PR target/28102.
alpha-no-ev4-directive:
boehm-gc-getnprocs:
boehm-gc/pthread_support.c (GC_get_nprocs): Use sysconf as fallback.
note-gnu-stack:
Add .note.GNU-stack sections for gcc's crt files, libffi and boehm-gc
Taken from FC.
arm-unbreak-eabi-armv4t:
Fix armv4t build on ARM
libjava-armel-ldflags:
Adjust libjava extra_ldflags for armel.
pr24170:
Fix PR libgcj/24170.
pr28322:
Fix PR other/28322, GCC new warnings and compatibility.
gcc-i386-emit-cld:
Emit cld instruction when stringops are used (i386).
deb-protoize:
build protoize/unprotoize binaries
cpu-default-i486:
set default 32bit ix86 architecture to i486
multiarch-include:
biarch-include.dpatch
Adds biarch include directories
/usr/local/include/<arch>-linux-gnu
/usr/include/<arch>-linux-gnu
to the system include paths, depending on 32/64 bit mode.
gcc-ice-hack:
Retry the build on an ice, save the calling options and preprocessed
source when the ice is reproducible.
libjava-disable-static:
Disable building the static libjava.
gcc-ice-apport:
Report an ICE to apport (if apport is available
and the environment variable GCC_NOAPPORT is not set)
Counting all warnings,
there are 0 warnings in stage3 of this bootstrap.
Number of warnings per file:
Number of warning types:
More information about the Gcc-testresults
mailing list