Results for 4.4.0 20080320 (experimental) [stack revision 133469] (GCC) testsuite on x86_64-unknown-linux-gnu
Mike Stein
mstein.lists@googlemail.com
Mon Mar 24 22:51:00 GMT 2008
LAST_UPDATED: Sun Mar 23 23:09:28 UTC 2008 (revision 133469)
Native configuration is x86_64-unknown-linux-gnu
=== gcc tests ===
Running target unix
FAIL: gcc.c-torture/compile/limits-structnest.c -O2 (test for excess errors)
FAIL: gcc.c-torture/compile/limits-structnest.c -O3 -fomit-frame-pointer (test for excess errors)
FAIL: gcc.c-torture/compile/limits-structnest.c -O3 -g (test for excess errors)
FAIL: gcc.c-torture/compile/limits-structnest.c -Os (test for excess errors)
FAIL: gcc.dg/tree-ssa/loop-25.c scan-tree-dump-times profile "Found latch edge" 5
FAIL: gcc.dg/tree-ssa/loop-25.c scan-tree-dump-times profile "Merged latch edges" 2
FAIL: gcc.dg/tree-ssa/loop-25.c scan-tree-dump-times profile "4 loops found" 2
FAIL: gcc.dg/tree-ssa/loop-25.c scan-tree-dump-times profile "3 loops found" 2
FAIL: gcc.dg/tree-ssa/loop-25.c scan-tree-dump-times profile "2 loops found" 1
=== gcc Summary ===
# of expected passes 50498
# of unexpected failures 9
# of expected failures 163
# of untested testcases 35
# of unsupported tests 631
/home/mstein/obj/stack/gcc/xgcc version 4.4.0 20080320 (experimental) [stack revision 133469] (GCC)
=== libgomp tests ===
Running target unix
=== libgomp Summary ===
# of expected passes 177
=== libmudflap tests ===
Running target unix
=== libmudflap Summary ===
# of expected passes 1700
# of unsupported tests 2
Compiler version: 4.4.0 20080320 (experimental) [stack revision 133469] (GCC)
Platform: x86_64-unknown-linux-gnu
configure flags: --enable-languages=c --disable-nls --prefix=/home/mstein/host-gcc/stack-2008-03-24 --with-mpfr=/opt/cfarm/mpfr-2.3.1 --disable-bootstrap --enable-checking=yes
More information about the Gcc-testresults
mailing list