Results for 4.4.0 20080320 (experimental) [stack revision 133488] (GCC) testsuite on x86_64-unknown-linux-gnu
H.J. Lu
hjl.tools@gmail.com
Mon Mar 24 21:14:00 GMT 2008
LAST_UPDATED: Mon Mar 24 19:35:47 UTC 2008 (revision 133488)
Native configuration is x86_64-unknown-linux-gnu
=== gcc tests ===
Running target unix/-m32
FAIL: gcc.dg/tree-ssa/loop-25.c scan-tree-dump-times profile "Found latch edge" 5
FAIL: gcc.dg/tree-ssa/loop-25.c scan-tree-dump-times profile "Merged latch edges" 2
FAIL: gcc.dg/tree-ssa/loop-25.c scan-tree-dump-times profile "4 loops found" 2
FAIL: gcc.dg/tree-ssa/loop-25.c scan-tree-dump-times profile "3 loops found" 2
FAIL: gcc.dg/tree-ssa/loop-25.c scan-tree-dump-times profile "2 loops found" 1
FAIL: gcc.target/i386/stackalign/asm-1.c -mstackrealign (internal compiler error)
FAIL: gcc.target/i386/stackalign/asm-1.c -mstackrealign (test for excess errors)
FAIL: gcc.target/i386/stackalign/asm-1.c -mno-stackrealign (internal compiler error)
FAIL: gcc.target/i386/stackalign/asm-1.c -mno-stackrealign (test for excess errors)
FAIL: gcc.target/i386/stackalign/local-1.c -mno-stackrealign scan-assembler-not sub[^\\\\n]*sp
=== gcc Summary for unix/-m32 ===
# of expected passes 50932
# of unexpected failures 10
# of expected failures 164
# of untested testcases 35
# of unsupported tests 366
Running target unix
FAIL: gcc.dg/tree-prof/pr34999.c compilation, -fprofile-use -D_PROFILE_USE
UNRESOLVED: gcc.dg/tree-prof/pr34999.c execution, -fprofile-use -D_PROFILE_USE
FAIL: gcc.dg/tree-ssa/loop-25.c scan-tree-dump-times profile "Found latch edge" 5
FAIL: gcc.dg/tree-ssa/loop-25.c scan-tree-dump-times profile "Merged latch edges" 2
FAIL: gcc.dg/tree-ssa/loop-25.c scan-tree-dump-times profile "4 loops found" 2
FAIL: gcc.dg/tree-ssa/loop-25.c scan-tree-dump-times profile "3 loops found" 2
FAIL: gcc.dg/tree-ssa/loop-25.c scan-tree-dump-times profile "2 loops found" 1
=== gcc Summary for unix ===
# of expected passes 50687
# of unexpected failures 6
# of expected failures 163
# of unresolved testcases 1
# of untested testcases 35
# of unsupported tests 537
=== gcc Summary ===
# of expected passes 101619
# of unexpected failures 16
# of expected failures 327
# of unresolved testcases 1
# of untested testcases 70
# of unsupported tests 903
/export/build/gnu/gcc-stack/build-x86_64-linux/gcc/xgcc version 4.4.0 20080320 (experimental) [stack revision 133488] (GCC)
=== gfortran tests ===
Running target unix/-m32
=== gfortran Summary for unix/-m32 ===
# of expected passes 23970
# of expected failures 3
# of unsupported tests 24
Running target unix
=== gfortran Summary for unix ===
# of expected passes 23984
# of expected failures 3
# of unsupported tests 18
=== gfortran Summary ===
# of expected passes 47954
# of expected failures 6
# of unsupported tests 42
/export/build/gnu/gcc-stack/build-x86_64-linux/gcc/testsuite/gfortran/../../gfortran version 4.4.0 20080320 (experimental) [stack revision 133488] (GCC)
=== g++ tests ===
Running target unix/-m32
=== g++ Summary for unix/-m32 ===
# of expected passes 18032
# of expected failures 82
# of unsupported tests 89
Running target unix
=== g++ Summary for unix ===
# of expected passes 17743
# of expected failures 82
# of unsupported tests 220
=== g++ Summary ===
# of expected passes 35775
# of expected failures 164
# of unsupported tests 309
/export/build/gnu/gcc-stack/build-x86_64-linux/gcc/testsuite/g++/../../g++ version 4.4.0 20080320 (experimental) [stack revision 133488] (GCC)
=== objc tests ===
Running target unix/-m32
=== objc Summary for unix/-m32 ===
# of expected passes 1812
# of expected failures 7
# of unsupported tests 24
Running target unix
=== objc Summary for unix ===
# of expected passes 1812
# of expected failures 7
# of unsupported tests 24
=== objc Summary ===
# of expected passes 3624
# of expected failures 14
# of unsupported tests 48
/export/build/gnu/gcc-stack/build-x86_64-linux/gcc/xgcc version 4.4.0 20080320 (experimental) [stack revision 133488] (GCC)
=== libffi tests ===
Running target unix/-m32
=== libffi Summary for unix/-m32 ===
# of expected passes 1389
# of unsupported tests 10
Running target unix
=== libffi Summary for unix ===
# of expected passes 1389
# of unsupported tests 10
=== libffi Summary ===
# of expected passes 2778
# of unsupported tests 20
=== libgomp tests ===
Running target unix/-m32
=== libgomp Summary for unix/-m32 ===
# of expected passes 1723
Running target unix
=== libgomp Summary for unix ===
# of expected passes 1723
=== libgomp Summary ===
# of expected passes 3446
=== libjava tests ===
Running target unix/-m32
FAIL: events output
=== libjava Summary for unix/-m32 ===
# of expected passes 2549
# of unexpected failures 1
Running target unix
=== libjava Summary for unix ===
# of expected passes 2550
=== libjava Summary ===
# of expected passes 5099
# of unexpected failures 1
=== libmudflap tests ===
Running target unix/-m32
=== libmudflap Summary for unix/-m32 ===
# of expected passes 1849
Running target unix
=== libmudflap Summary for unix ===
# of expected passes 1849
=== libmudflap Summary ===
# of expected passes 3698
=== libstdc++ tests ===
Running target unix/-m32
XPASS: 26_numerics/headers/cmath/c99_classification_macros_c.cc (test for excess errors)
=== libstdc++ Summary for unix/-m32 ===
# of expected passes 5610
# of unexpected successes 1
# of expected failures 65
# of unsupported tests 10
Running target unix
XPASS: 26_numerics/headers/cmath/c99_classification_macros_c.cc (test for excess errors)
=== libstdc++ Summary for unix ===
# of expected passes 5610
# of unexpected successes 1
# of expected failures 65
# of unsupported tests 10
=== libstdc++ Summary ===
# of expected passes 11220
# of unexpected successes 2
# of expected failures 130
# of unsupported tests 20
Compiler version: 4.4.0 20080320 (experimental) [stack revision 133488] (GCC)
Platform: x86_64-unknown-linux-gnu
configure flags: --enable-clocale=gnu --with-system-zlib --enable-checking=assert --with-demangler-in-ld --enable-shared --enable-threads=posix --enable-haifa --prefix=/usr/gcc-4.4-stack --with-local-prefix=/usr/local
More information about the Gcc-testresults
mailing list