Results for 4.4.0 20080320 (experimental) [trunk revision 133362] (GCC) testsuite on x86_64-unknown-linux-gnu

Mike Stein mstein.lists@googlemail.com
Thu Mar 20 22:51:00 GMT 2008


LAST_UPDATED: Thu Mar 20 05:48:32 UTC 2008 (revision 133362)

Native configuration is x86_64-unknown-linux-gnu

		=== gcc tests ===


Running target unix
FAIL: gcc.c-torture/compile/limits-structnest.c  -O2  (test for excess errors)
FAIL: gcc.c-torture/compile/limits-structnest.c  -O3 -fomit-frame-pointer  (test for excess errors)
FAIL: gcc.c-torture/compile/limits-structnest.c  -O3 -g  (test for excess errors)
FAIL: gcc.c-torture/compile/limits-structnest.c  -Os  (test for excess errors)
FAIL: gcc.c-torture/execute/memset-3.c compilation,  -O1  (internal compiler error)
UNRESOLVED: gcc.c-torture/execute/memset-3.c execution,  -O1 
FAIL: gcc.dg/cpp/cmdlne-dI-M.c scan-file (^|\\\\n)cmdlne-dI-M.*:[^\\\\n]*cmdlne-dI-M.c
FAIL: gcc.dg/cpp/cmdlne-dM-M.c scan-file (^|\\\\n)cmdlne-dM-M[^\\\\n]*:[^\\\\n]*cmdlne-dM-M.c
FAIL: gcc.dg/tree-ssa/loop-25.c scan-tree-dump-times profile "Found latch edge" 5
FAIL: gcc.dg/tree-ssa/loop-25.c scan-tree-dump-times profile "Merged latch edges" 2
FAIL: gcc.dg/tree-ssa/loop-25.c scan-tree-dump-times profile "4 loops found" 2
FAIL: gcc.dg/tree-ssa/loop-25.c scan-tree-dump-times profile "3 loops found" 2
FAIL: gcc.dg/tree-ssa/loop-25.c scan-tree-dump-times profile "2 loops found" 1

		=== gcc Summary ===

# of expected passes		48836
# of unexpected failures	12
# of expected failures		165
# of unresolved testcases	1
# of untested testcases		35
# of unsupported tests		464
/home/mstein/obj/trunk/gcc/xgcc  version 4.4.0 20080320 (experimental) [trunk revision 133362] (GCC) 

		=== gfortran tests ===


Running target unix
FAIL: gfortran.dg/internal_pack_3.f90  -O0  (test for excess errors)
UNRESOLVED: gfortran.dg/internal_pack_3.f90  -O0  compilation failed to produce executable
FAIL: gfortran.dg/internal_pack_3.f90  -O1  (test for excess errors)
UNRESOLVED: gfortran.dg/internal_pack_3.f90  -O1  compilation failed to produce executable
FAIL: gfortran.dg/internal_pack_3.f90  -O2  (test for excess errors)
UNRESOLVED: gfortran.dg/internal_pack_3.f90  -O2  compilation failed to produce executable
FAIL: gfortran.dg/internal_pack_3.f90  -O3 -fomit-frame-pointer  (test for excess errors)
UNRESOLVED: gfortran.dg/internal_pack_3.f90  -O3 -fomit-frame-pointer  compilation failed to produce executable
FAIL: gfortran.dg/internal_pack_3.f90  -O3 -fomit-frame-pointer -funroll-loops  (test for excess errors)
UNRESOLVED: gfortran.dg/internal_pack_3.f90  -O3 -fomit-frame-pointer -funroll-loops  compilation failed to produce executable
FAIL: gfortran.dg/internal_pack_3.f90  -O3 -fomit-frame-pointer -funroll-all-loops -finline-functions  (test for excess errors)
UNRESOLVED: gfortran.dg/internal_pack_3.f90  -O3 -fomit-frame-pointer -funroll-all-loops -finline-functions  compilation failed to produce executable
FAIL: gfortran.dg/internal_pack_3.f90  -O3 -g  (test for excess errors)
UNRESOLVED: gfortran.dg/internal_pack_3.f90  -O3 -g  compilation failed to produce executable
FAIL: gfortran.dg/internal_pack_3.f90  -Os  (test for excess errors)
UNRESOLVED: gfortran.dg/internal_pack_3.f90  -Os  compilation failed to produce executable

		=== gfortran Summary ===

# of expected passes		23968
# of unexpected failures	8
# of expected failures		3
# of unresolved testcases	8
# of unsupported tests		18
/home/mstein/obj/trunk/gcc/testsuite/gfortran/../../gfortran  version 4.4.0 20080320 (experimental) [trunk revision 133362] (GCC) 

		=== g++ tests ===


Running target unix
WARNING: program timed out.
FAIL: g++.dg/torture/pr31863.C  -O0  (test for excess errors)
WARNING: program timed out.
FAIL: g++.dg/torture/pr31863.C  -O1  (test for excess errors)
WARNING: program timed out.
FAIL: g++.dg/torture/pr31863.C  -O2  (test for excess errors)
WARNING: program timed out.
FAIL: g++.dg/torture/pr31863.C  -O3 -fomit-frame-pointer  (test for excess errors)
WARNING: program timed out.
FAIL: g++.dg/torture/pr31863.C  -O3 -g  (test for excess errors)
WARNING: program timed out.
FAIL: g++.dg/torture/pr31863.C  -Os  (test for excess errors)

		=== g++ Summary ===

# of expected passes		17465
# of unexpected failures	6
# of expected failures		82
# of unsupported tests		120
/home/mstein/obj/trunk/gcc/testsuite/g++/../../g++  version 4.4.0 20080320 (experimental) [trunk revision 133362] (GCC) 

		=== objc tests ===


Running target unix

		=== objc Summary ===

# of expected passes		1812
# of expected failures		7
# of unsupported tests		24
/home/mstein/obj/trunk/gcc/xgcc  version 4.4.0 20080320 (experimental) [trunk revision 133362] (GCC) 

		=== libffi tests ===


Running target unix

		=== libffi Summary ===

# of expected passes		1389
# of unsupported tests		10
		=== libgomp tests ===


Running target unix

		=== libgomp Summary ===

# of expected passes		1723
		=== libjava tests ===


Running target unix

		=== libjava Summary ===

# of expected passes		2550
		=== libmudflap tests ===


Running target unix

		=== libmudflap Summary ===

# of expected passes		1849
		=== libstdc++ tests ===


Running target unix
FAIL: abi_check
XPASS: 26_numerics/headers/cmath/c99_classification_macros_c.cc (test for excess errors)

		=== libstdc++ Summary ===

# of expected passes		4977
# of unexpected failures	1
# of unexpected successes	1
# of expected failures		65
# of unsupported tests		326

Compiler version: 4.4.0 20080320 (experimental) [trunk revision 133362] (GCC) 
Platform: x86_64-unknown-linux-gnu
configure flags: --enable-languages=all --disable-nls --prefix=/home/mstein/host-gcc/trunk-2008-03-20 --with-mpfr=/opt/cfarm/mpfr-2.3.1 --enable-checking=yes,rtl,df,fold



More information about the Gcc-testresults mailing list