Results for 4.4.0 20080319 (experimental) [trunk revision 133344] (GCC) testsuite on i686-pc-linux-gnu
Joey Ye
jye2@shgcc-1.sh.intel.com
Wed Mar 19 21:03:00 GMT 2008
LAST_UPDATED: Wed Mar 19 17:01:54 UTC 2008 (revision 133344)
Native configuration is i686-pc-linux-gnu
=== g++ tests ===
Running target unix
=== g++ Summary ===
# of expected passes 17559
# of expected failures 82
# of unsupported tests 89
/home/jye2/gcc/build-daily/gcc/testsuite/g++/../../g++ version 4.4.0 20080319 (experimental) [trunk revision 133344] (GCC)
=== gcc tests ===
Running target unix
FAIL: gcc.dg/cpp/cmdlne-dI-M.c scan-file (^|\\\\n)cmdlne-dI-M.*:[^\\\\n]*cmdlne-dI-M.c
FAIL: gcc.dg/cpp/cmdlne-dM-M.c scan-file (^|\\\\n)cmdlne-dM-M[^\\\\n]*:[^\\\\n]*cmdlne-dM-M.c
FAIL: gcc.dg/tree-ssa/loop-25.c scan-tree-dump-times profile "Found latch edge" 5
FAIL: gcc.dg/tree-ssa/loop-25.c scan-tree-dump-times profile "Merged latch edges" 2
FAIL: gcc.dg/tree-ssa/loop-25.c scan-tree-dump-times profile "4 loops found" 2
FAIL: gcc.dg/tree-ssa/loop-25.c scan-tree-dump-times profile "3 loops found" 2
FAIL: gcc.dg/tree-ssa/loop-25.c scan-tree-dump-times profile "2 loops found" 1
=== gcc Summary ===
# of expected passes 49139
# of unexpected failures 7
# of expected failures 166
# of untested testcases 35
# of unsupported tests 269
/home/jye2/gcc/build-daily/gcc/xgcc version 4.4.0 20080319 (experimental) [trunk revision 133344] (GCC)
=== gfortran tests ===
Running target unix
=== gfortran Summary ===
# of expected passes 23951
# of expected failures 3
# of unsupported tests 24
/home/jye2/gcc/build-daily/gcc/testsuite/gfortran/../../gfortran version 4.4.0 20080319 (experimental) [trunk revision 133344] (GCC)
=== objc tests ===
Running target unix
=== objc Summary ===
# of expected passes 1812
# of expected failures 7
# of unsupported tests 24
/home/jye2/gcc/build-daily/gcc/xgcc version 4.4.0 20080319 (experimental) [trunk revision 133344] (GCC)
=== libffi tests ===
Running target unix
=== libffi Summary ===
# of expected passes 1389
# of unsupported tests 10
=== libgomp tests ===
Running target unix
=== libgomp Summary ===
# of expected passes 1723
=== libjava tests ===
Running target unix
=== libjava Summary ===
# of expected passes 2550
=== libmudflap tests ===
Running target unix
=== libmudflap Summary ===
# of expected passes 1849
=== libstdc++ tests ===
Running target unix
XPASS: 26_numerics/headers/cmath/c99_classification_macros_c.cc (test for excess errors)
=== libstdc++ Summary ===
# of expected passes 5610
# of unexpected successes 1
# of expected failures 65
# of unsupported tests 10
Compiler version: 4.4.0 20080319 (experimental) [trunk revision 133344] (GCC)
Platform: i686-pc-linux-gnu
configure flags: --enable-clocale=gnu --with-system-zlib --enable-decimal-float=bid --with-demangler-in-ld --enable-shared --enable-threads=posix --enable-haifa --enable-checking=assert
More information about the Gcc-testresults
mailing list