Results for 4.4.0 20080316 (experimental) [trunk revision 133266] (GCC) testsuite on x86_64-unknown-linux-gnu
H.J. Lu
hjl@gnu-27.sc.intel.com
Wed Mar 19 20:23:00 GMT 2008
LAST_UPDATED: Mon Mar 17 13:45:12 UTC 2008 (revision 133266)
=== acats tests ===
=== acats Summary ===
# of expected passes 2315
# of unexpected failures 0
Native configuration is x86_64-unknown-linux-gnu
=== gcc tests ===
Running target unix/-m32
=== gcc Summary for unix/-m32 ===
# of expected passes 49148
# of expected failures 168
# of untested testcases 35
# of unsupported tests 261
Running target unix
FAIL: gcc.dg/tree-prof/pr34999.c compilation, -fprofile-use -D_PROFILE_USE
UNRESOLVED: gcc.dg/tree-prof/pr34999.c execution, -fprofile-use -D_PROFILE_USE
=== gcc Summary for unix ===
# of expected passes 49008
# of unexpected failures 1
# of expected failures 167
# of unresolved testcases 1
# of untested testcases 35
# of unsupported tests 373
=== gcc Summary ===
# of expected passes 98156
# of unexpected failures 1
# of expected failures 335
# of unresolved testcases 1
# of untested testcases 70
# of unsupported tests 634
/export/build/gnu/gcc-all/build-x86_64-linux/gcc/xgcc version 4.4.0 20080316 (experimental) [trunk revision 133266] (GCC)
=== gfortran tests ===
Running target unix/-m32
=== gfortran Summary for unix/-m32 ===
# of expected passes 23900
# of expected failures 3
# of unsupported tests 16
Running target unix
=== gfortran Summary for unix ===
# of expected passes 23898
# of expected failures 3
# of unsupported tests 18
=== gfortran Summary ===
# of expected passes 47798
# of expected failures 6
# of unsupported tests 34
/export/build/gnu/gcc-all/build-x86_64-linux/gcc/testsuite/gfortran/../../gfortran version 4.4.0 20080316 (experimental) [trunk revision 133266] (GCC)
=== g++ tests ===
Running target unix/-m32
=== g++ Summary for unix/-m32 ===
# of expected passes 17554
# of expected failures 82
# of unsupported tests 89
Running target unix
=== g++ Summary for unix ===
# of expected passes 17467
# of expected failures 82
# of unsupported tests 119
=== g++ Summary ===
# of expected passes 35021
# of expected failures 164
# of unsupported tests 208
/export/build/gnu/gcc-all/build-x86_64-linux/gcc/testsuite/g++/../../g++ version 4.4.0 20080316 (experimental) [trunk revision 133266] (GCC)
=== gnat tests ===
Running target unix/-m32
FAIL: gnat.dg/abstract_with_anonymous_result.adb (test for excess errors)
WARNING: gnat.dg/abstract_with_anonymous_result.adb compilation failed to produce executable
FAIL: gnat.dg/access1.adb (test for excess errors)
FAIL: gnat.dg/access4.adb (test for excess errors)
WARNING: gnat.dg/access4.adb compilation failed to produce executable
FAIL: gnat.dg/access_test.adb (test for excess errors)
WARNING: gnat.dg/access_test.adb compilation failed to produce executable
FAIL: gnat.dg/addr1.adb (test for excess errors)
FAIL: gnat.dg/addr2.adb (test for excess errors)
WARNING: gnat.dg/addr2.adb compilation failed to produce executable
FAIL: gnat.dg/address_conversion.adb (test for excess errors)
WARNING: gnat.dg/address_conversion.adb compilation failed to produce executable
FAIL: gnat.dg/aggr1.adb (test for excess errors)
WARNING: gnat.dg/aggr1.adb compilation failed to produce executable
FAIL: gnat.dg/aggr2.adb (test for excess errors)
FAIL: gnat.dg/aggr3.adb (test for excess errors)
WARNING: gnat.dg/aggr3.adb compilation failed to produce executable
FAIL: gnat.dg/aliased_prefix_accessibility.adb (test for excess errors)
WARNING: gnat.dg/aliased_prefix_accessibility.adb compilation failed to produce executable
FAIL: gnat.dg/align_check.adb (test for excess errors)
WARNING: gnat.dg/align_check.adb compilation failed to produce executable
FAIL: gnat.dg/alignment1.adb (test for excess errors)
WARNING: gnat.dg/alignment1.adb compilation failed to produce executable
FAIL: gnat.dg/alignment2.adb (test for excess errors)
WARNING: gnat.dg/alignment2.adb compilation failed to produce executable
FAIL: gnat.dg/alignment3.adb (test for excess errors)
FAIL: gnat.dg/array3.adb (test for excess errors)
WARNING: gnat.dg/array3.adb compilation failed to produce executable
FAIL: gnat.dg/assert1.adb (test for excess errors)
WARNING: gnat.dg/assert1.adb compilation failed to produce executable
FAIL: gnat.dg/asynch.adb (test for excess errors)
FAIL: gnat.dg/biased_uc.adb (test for excess errors)
WARNING: gnat.dg/biased_uc.adb compilation failed to produce executable
FAIL: gnat.dg/capture_value.adb (test for excess errors)
WARNING: gnat.dg/capture_value.adb compilation failed to produce executable
FAIL: gnat.dg/check_elaboration_code.adb (test for excess errors)
WARNING: gnat.dg/check_elaboration_code.adb compilation failed to produce executable
FAIL: gnat.dg/compose.adb (test for excess errors)
WARNING: gnat.dg/compose.adb compilation failed to produce executable
FAIL: gnat.dg/conv_bug.adb (test for excess errors)
WARNING: gnat.dg/conv_bug.adb compilation failed to produce executable
FAIL: gnat.dg/conv_real.adb (test for excess errors)
WARNING: gnat.dg/conv_real.adb compilation failed to produce executable
FAIL: gnat.dg/curr_task.adb (test for excess errors)
WARNING: gnat.dg/curr_task.adb compilation failed to produce executable
FAIL: gnat.dg/derived_aggregate.adb (test for excess errors)
WARNING: gnat.dg/derived_aggregate.adb compilation failed to produce executable
FAIL: gnat.dg/discr4.adb (test for excess errors)
WARNING: gnat.dg/discr4.adb compilation failed to produce executable
FAIL: gnat.dg/discr_range_check.adb (test for excess errors)
FAIL: gnat.dg/discr_test.adb (test for excess errors)
FAIL: gnat.dg/dispatch1.adb (test for excess errors)
WARNING: gnat.dg/dispatch1.adb compilation failed to produce executable
FAIL: gnat.dg/dispatch2.adb (test for excess errors)
WARNING: gnat.dg/dispatch2.adb compilation failed to produce executable
FAIL: gnat.dg/elim2.adb (test for excess errors)
WARNING: gnat.dg/elim2.adb compilation failed to produce executable
FAIL: gnat.dg/entry_queues.adb (test for excess errors)
WARNING: gnat.dg/entry_queues.adb compilation failed to produce executable
FAIL: gnat.dg/expect1.adb (test for excess errors)
WARNING: gnat.dg/expect1.adb compilation failed to produce executable
FAIL: gnat.dg/fixedpnt.adb (test for excess errors)
WARNING: gnat.dg/fixedpnt.adb compilation failed to produce executable
FAIL: gnat.dg/frame_overflow.adb (test for errors, line 14)
FAIL: gnat.dg/frame_overflow.adb (test for errors, line 23)
FAIL: gnat.dg/frame_overflow.adb (test for excess errors)
FAIL: gnat.dg/generic_dispatch.adb (test for excess errors)
WARNING: gnat.dg/generic_dispatch.adb compilation failed to produce executable
FAIL: gnat.dg/gnat_malloc.adb (test for excess errors)
WARNING: gnat.dg/gnat_malloc.adb compilation failed to produce executable
FAIL: gnat.dg/gnatg.adb (test for excess errors)
FAIL: gnat.dg/in_out_parameter.adb (test for excess errors)
WARNING: gnat.dg/in_out_parameter.adb compilation failed to produce executable
FAIL: gnat.dg/inline_tagged.adb (test for excess errors)
WARNING: gnat.dg/inline_tagged.adb compilation failed to produce executable
FAIL: gnat.dg/interface1.adb (test for excess errors)
WARNING: gnat.dg/interface1.adb compilation failed to produce executable
FAIL: gnat.dg/interface2.adb (test for excess errors)
WARNING: gnat.dg/interface2.adb compilation failed to produce executable
FAIL: gnat.dg/interface3.adb (test for excess errors)
WARNING: gnat.dg/interface3.adb compilation failed to produce executable
FAIL: gnat.dg/interface_conv.adb (test for excess errors)
WARNING: gnat.dg/interface_conv.adb compilation failed to produce executable
FAIL: gnat.dg/iprot_test.adb (test for excess errors)
WARNING: gnat.dg/iprot_test.adb compilation failed to produce executable
FAIL: gnat.dg/kill_value.adb (test for excess errors)
WARNING: gnat.dg/kill_value.adb compilation failed to produce executable
FAIL: gnat.dg/lhs_view_convert.adb (test for excess errors)
WARNING: gnat.dg/lhs_view_convert.adb compilation failed to produce executable
FAIL: gnat.dg/md5_test.adb (test for excess errors)
WARNING: gnat.dg/md5_test.adb compilation failed to produce executable
FAIL: gnat.dg/mutable1.adb (test for excess errors)
WARNING: gnat.dg/mutable1.adb compilation failed to produce executable
FAIL: gnat.dg/named_test.adb (test for excess errors)
WARNING: gnat.dg/named_test.adb compilation failed to produce executable
FAIL: gnat.dg/nat1r.adb (test for excess errors)
WARNING: gnat.dg/nat1r.adb compilation failed to produce executable
FAIL: gnat.dg/nested_controlled_alloc.adb (test for excess errors)
WARNING: gnat.dg/nested_controlled_alloc.adb compilation failed to produce executable
FAIL: gnat.dg/nested_return_test.adb (test for excess errors)
WARNING: gnat.dg/nested_return_test.adb compilation failed to produce executable
FAIL: gnat.dg/no_exc_prop.adb (test for excess errors)
FAIL: gnat.dg/no_final.adb (test for excess errors)
WARNING: gnat.dg/no_final.adb compilation failed to produce executable
FAIL: gnat.dg/outer_agg_bitfield_constructor.adb (test for excess errors)
WARNING: gnat.dg/outer_agg_bitfield_constructor.adb compilation failed to produce executable
FAIL: gnat.dg/overriding_ops.adb (test for excess errors)
FAIL: gnat.dg/pack3.adb (test for excess errors)
WARNING: gnat.dg/pack3.adb compilation failed to produce executable
FAIL: gnat.dg/pack4.adb (test for excess errors)
WARNING: gnat.dg/pack4.adb compilation failed to produce executable
FAIL: gnat.dg/packed_subtype.adb (test for excess errors)
WARNING: gnat.dg/packed_subtype.adb compilation failed to produce executable
FAIL: gnat.dg/pointer_conversion.adb (test for excess errors)
WARNING: gnat.dg/pointer_conversion.adb compilation failed to produce executable
FAIL: gnat.dg/profile_warning.adb (test for excess errors)
FAIL: gnat.dg/profile_warning_p.adb (test for excess errors)
FAIL: gnat.dg/prot1.adb (test for excess errors)
FAIL: gnat.dg/quote.adb (test for excess errors)
WARNING: gnat.dg/quote.adb compilation failed to produce executable
FAIL: gnat.dg/range_check.adb (test for excess errors)
WARNING: gnat.dg/range_check.adb compilation failed to produce executable
FAIL: gnat.dg/regpat1.adb (test for excess errors)
WARNING: gnat.dg/regpat1.adb compilation failed to produce executable
FAIL: gnat.dg/release_unc_maxalign.adb (test for excess errors)
WARNING: gnat.dg/release_unc_maxalign.adb compilation failed to produce executable
FAIL: gnat.dg/renaming2.adb (test for excess errors)
WARNING: gnat.dg/renaming2.adb compilation failed to produce executable
FAIL: gnat.dg/renaming3.adb (test for excess errors)
WARNING: gnat.dg/renaming3.adb compilation failed to produce executable
FAIL: gnat.dg/requeue1.adb (test for excess errors)
WARNING: gnat.dg/requeue1.adb compilation failed to produce executable
FAIL: gnat.dg/scalar_mode_agg_compare.adb (test for excess errors)
WARNING: gnat.dg/scalar_mode_agg_compare.adb compilation failed to produce executable
FAIL: gnat.dg/self_aggregate_with_array.adb (test for excess errors)
WARNING: gnat.dg/self_aggregate_with_array.adb compilation failed to produce executable
FAIL: gnat.dg/self_aggregate_with_call.adb (test for excess errors)
WARNING: gnat.dg/self_aggregate_with_call.adb compilation failed to produce executable
FAIL: gnat.dg/self_aggregate_with_pointer.adb (test for excess errors)
WARNING: gnat.dg/self_aggregate_with_pointer.adb compilation failed to produce executable
FAIL: gnat.dg/self_aggregate_with_zeros.adb (test for excess errors)
WARNING: gnat.dg/self_aggregate_with_zeros.adb compilation failed to produce executable
FAIL: gnat.dg/sizetype.adb (test for excess errors)
WARNING: gnat.dg/sizetype.adb compilation failed to produce executable
FAIL: gnat.dg/slice3.adb (test for excess errors)
WARNING: gnat.dg/slice3.adb compilation failed to produce executable
FAIL: gnat.dg/slice4.adb (test for excess errors)
WARNING: gnat.dg/slice4.adb compilation failed to produce executable
FAIL: gnat.dg/small_alignment.adb (test for excess errors)
WARNING: gnat.dg/small_alignment.adb compilation failed to produce executable
FAIL: gnat.dg/socket1.adb (test for excess errors)
WARNING: gnat.dg/socket1.adb compilation failed to produce executable
FAIL: gnat.dg/socket2.adb (test for excess errors)
WARNING: gnat.dg/socket2.adb compilation failed to produce executable
FAIL: gnat.dg/sort2.adb (test for excess errors)
WARNING: gnat.dg/sort2.adb compilation failed to produce executable
FAIL: gnat.dg/spipaterr.adb (test for excess errors)
WARNING: gnat.dg/spipaterr.adb compilation failed to produce executable
FAIL: gnat.dg/string_slice.adb (test for excess errors)
WARNING: gnat.dg/string_slice.adb compilation failed to produce executable
FAIL: gnat.dg/tag1.adb (test for excess errors)
WARNING: gnat.dg/tag1.adb compilation failed to produce executable
FAIL: gnat.dg/tail_call.adb (test for excess errors)
WARNING: gnat.dg/tail_call.adb compilation failed to produce executable
FAIL: gnat.dg/task_name.adb (test for excess errors)
FAIL: gnat.dg/test_address_null_init.adb (test for excess errors)
WARNING: gnat.dg/test_address_null_init.adb compilation failed to produce executable
FAIL: gnat.dg/test_bounded.adb (test for excess errors)
WARNING: gnat.dg/test_bounded.adb compilation failed to produce executable
FAIL: gnat.dg/test_delay.adb (test for excess errors)
WARNING: gnat.dg/test_delay.adb compilation failed to produce executable
FAIL: gnat.dg/test_direct_io.adb (test for excess errors)
WARNING: gnat.dg/test_direct_io.adb compilation failed to produce executable
FAIL: gnat.dg/test_enum_io.adb (test for excess errors)
WARNING: gnat.dg/test_enum_io.adb compilation failed to produce executable
FAIL: gnat.dg/test_fixed_io.adb (test for excess errors)
WARNING: gnat.dg/test_fixed_io.adb compilation failed to produce executable
FAIL: gnat.dg/test_ifaces.adb (test for excess errors)
WARNING: gnat.dg/test_ifaces.adb compilation failed to produce executable
FAIL: gnat.dg/test_image.adb (test for excess errors)
WARNING: gnat.dg/test_image.adb compilation failed to produce executable
FAIL: gnat.dg/test_image_p.adb (test for excess errors)
FAIL: gnat.dg/test_nested_subtype_byref.adb (test for excess errors)
WARNING: gnat.dg/test_nested_subtype_byref.adb compilation failed to produce executable
FAIL: gnat.dg/test_oalign.adb (test for excess errors)
WARNING: gnat.dg/test_oalign.adb compilation failed to produce executable
FAIL: gnat.dg/test_prefix1.adb (test for excess errors)
WARNING: gnat.dg/test_prefix1.adb compilation failed to produce executable
FAIL: gnat.dg/test_prio.adb (test for excess errors)
WARNING: gnat.dg/test_prio.adb compilation failed to produce executable
FAIL: gnat.dg/test_prio_p.adb (test for excess errors)
FAIL: gnat.dg/test_self.adb (test for excess errors)
WARNING: gnat.dg/test_self.adb compilation failed to produce executable
FAIL: gnat.dg/test_self_ref.adb (test for excess errors)
WARNING: gnat.dg/test_self_ref.adb compilation failed to produce executable
FAIL: gnat.dg/test_table1.adb (test for excess errors)
WARNING: gnat.dg/test_table1.adb compilation failed to produce executable
FAIL: gnat.dg/test_tamdt.adb (test for excess errors)
WARNING: gnat.dg/test_tamdt.adb compilation failed to produce executable
FAIL: gnat.dg/tfren.adb (test for excess errors)
WARNING: gnat.dg/tfren.adb compilation failed to produce executable
FAIL: gnat.dg/timing_events.adb (test for excess errors)
WARNING: gnat.dg/timing_events.adb compilation failed to produce executable
FAIL: gnat.dg/unc_memfree.adb (test for excess errors)
WARNING: gnat.dg/unc_memfree.adb compilation failed to produce executable
FAIL: gnat.dg/unchecked_convert1.adb (test for excess errors)
WARNING: gnat.dg/unchecked_convert1.adb compilation failed to produce executable
FAIL: gnat.dg/unchecked_union1.adb (test for excess errors)
WARNING: gnat.dg/unchecked_union1.adb compilation failed to produce executable
FAIL: gnat.dg/valid1.adb (test for excess errors)
WARNING: gnat.dg/valid1.adb compilation failed to produce executable
FAIL: gnat.dg/warn1.adb (test for excess errors)
WARNING: gnat.dg/warn1.adb compilation failed to produce executable
FAIL: gnat.dg/wide_test.adb (test for excess errors)
WARNING: gnat.dg/wide_test.adb compilation failed to produce executable
FAIL: gnat.dg/specs/elab1.ads (test for excess errors)
=== gnat Summary for unix/-m32 ===
# of expected passes 150
# of unexpected failures 118
Running target unix
=== gnat Summary for unix ===
# of expected passes 366
=== gnat Summary ===
# of expected passes 516
# of unexpected failures 118
=== obj-c++ tests ===
Running target unix/-m32
WARNING: obj-c++.dg/lookup-2.mm compilation failed to produce executable
WARNING: obj-c++.dg/try-catch-2.mm compilation failed to produce executable
WARNING: obj-c++.dg/try-catch-9.mm compilation failed to produce executable
=== obj-c++ Summary for unix/-m32 ===
# of expected passes 437
# of expected failures 9
# of unsupported tests 13
Running target unix
XPASS: obj-c++.dg/bitfield-1.mm (test for excess errors)
XPASS: obj-c++.dg/bitfield-4.mm (test for excess errors)
XPASS: obj-c++.dg/layout-1.mm (test for excess errors)
WARNING: obj-c++.dg/lookup-2.mm compilation failed to produce executable
WARNING: obj-c++.dg/try-catch-2.mm compilation failed to produce executable
WARNING: obj-c++.dg/try-catch-9.mm compilation failed to produce executable
=== obj-c++ Summary for unix ===
# of expected passes 423
# of unexpected successes 3
# of expected failures 20
# of unsupported tests 13
=== obj-c++ Summary ===
# of expected passes 860
# of unexpected successes 3
# of expected failures 29
# of unsupported tests 26
/export/build/gnu/gcc-all/build-x86_64-linux/gcc/testsuite/obj-c++/../../g++ version 4.4.0 20080316 (experimental) [trunk revision 133266] (GCC)
=== objc tests ===
Running target unix/-m32
=== objc Summary for unix/-m32 ===
# of expected passes 1812
# of expected failures 7
# of unsupported tests 24
Running target unix
=== objc Summary for unix ===
# of expected passes 1812
# of expected failures 7
# of unsupported tests 24
=== objc Summary ===
# of expected passes 3624
# of expected failures 14
# of unsupported tests 48
/export/build/gnu/gcc-all/build-x86_64-linux/gcc/xgcc version 4.4.0 20080316 (experimental) [trunk revision 133266] (GCC)
=== libffi tests ===
Running target unix/-m32
=== libffi Summary for unix/-m32 ===
# of expected passes 1389
# of unsupported tests 10
Running target unix
=== libffi Summary for unix ===
# of expected passes 1389
# of unsupported tests 10
=== libffi Summary ===
# of expected passes 2778
# of unsupported tests 20
=== libgomp tests ===
Running target unix/-m32
=== libgomp Summary for unix/-m32 ===
# of expected passes 1719
Running target unix
=== libgomp Summary for unix ===
# of expected passes 1719
=== libgomp Summary ===
# of expected passes 3438
=== libjava tests ===
Running target unix/-m32
=== libjava Summary for unix/-m32 ===
# of expected passes 2550
Running target unix
=== libjava Summary for unix ===
# of expected passes 2550
=== libjava Summary ===
# of expected passes 5100
=== libmudflap tests ===
Running target unix/-m32
FAIL: libmudflap.cth/pass37-frag.c (-static -DSTATIC) execution test
FAIL: libmudflap.cth/pass37-frag.c (-static -DSTATIC) output pattern test
FAIL: libmudflap.cth/pass37-frag.c (-static -DSTATIC) (rerun 1) execution test
FAIL: libmudflap.cth/pass37-frag.c (-static -DSTATIC) (rerun 1) output pattern test
FAIL: libmudflap.cth/pass37-frag.c (-static -DSTATIC) (rerun 2) execution test
FAIL: libmudflap.cth/pass37-frag.c (-static -DSTATIC) (rerun 2) output pattern test
FAIL: libmudflap.cth/pass37-frag.c (-static -DSTATIC) (rerun 3) execution test
FAIL: libmudflap.cth/pass37-frag.c (-static -DSTATIC) (rerun 3) output pattern test
FAIL: libmudflap.cth/pass37-frag.c (-static -DSTATIC) (rerun 4) execution test
FAIL: libmudflap.cth/pass37-frag.c (-static -DSTATIC) (rerun 4) output pattern test
FAIL: libmudflap.cth/pass37-frag.c (-static -DSTATIC) (rerun 5) execution test
FAIL: libmudflap.cth/pass37-frag.c (-static -DSTATIC) (rerun 5) output pattern test
FAIL: libmudflap.cth/pass37-frag.c (-static -DSTATIC) (rerun 6) execution test
FAIL: libmudflap.cth/pass37-frag.c (-static -DSTATIC) (rerun 6) output pattern test
FAIL: libmudflap.cth/pass37-frag.c (-static -DSTATIC) (rerun 7) execution test
FAIL: libmudflap.cth/pass37-frag.c (-static -DSTATIC) (rerun 7) output pattern test
FAIL: libmudflap.cth/pass37-frag.c (-static -DSTATIC) (rerun 8) execution test
FAIL: libmudflap.cth/pass37-frag.c (-static -DSTATIC) (rerun 8) output pattern test
FAIL: libmudflap.cth/pass37-frag.c (-static -DSTATIC) (rerun 9) execution test
FAIL: libmudflap.cth/pass37-frag.c (-static -DSTATIC) (rerun 9) output pattern test
FAIL: libmudflap.cth/pass37-frag.c (-static -DSTATIC) (rerun 10) execution test
FAIL: libmudflap.cth/pass37-frag.c (-static -DSTATIC) (rerun 10) output pattern test
FAIL: libmudflap.cth/pass37-frag.c (-static -DSTATIC) (rerun 11) execution test
FAIL: libmudflap.cth/pass37-frag.c (-static -DSTATIC) (rerun 11) output pattern test
FAIL: libmudflap.cth/pass37-frag.c (-static -DSTATIC) (rerun 12) execution test
FAIL: libmudflap.cth/pass37-frag.c (-static -DSTATIC) (rerun 12) output pattern test
FAIL: libmudflap.cth/pass37-frag.c (-static -DSTATIC) (rerun 13) execution test
FAIL: libmudflap.cth/pass37-frag.c (-static -DSTATIC) (rerun 13) output pattern test
FAIL: libmudflap.cth/pass37-frag.c (-static -DSTATIC) (rerun 14) execution test
FAIL: libmudflap.cth/pass37-frag.c (-static -DSTATIC) (rerun 14) output pattern test
FAIL: libmudflap.cth/pass37-frag.c (-static -DSTATIC) (rerun 15) execution test
FAIL: libmudflap.cth/pass37-frag.c (-static -DSTATIC) (rerun 15) output pattern test
FAIL: libmudflap.cth/pass37-frag.c (-static -DSTATIC) (rerun 16) execution test
FAIL: libmudflap.cth/pass37-frag.c (-static -DSTATIC) (rerun 16) output pattern test
FAIL: libmudflap.cth/pass37-frag.c (-static -DSTATIC) (rerun 17) execution test
FAIL: libmudflap.cth/pass37-frag.c (-static -DSTATIC) (rerun 17) output pattern test
FAIL: libmudflap.cth/pass37-frag.c (-static -DSTATIC) (rerun 18) execution test
FAIL: libmudflap.cth/pass37-frag.c (-static -DSTATIC) (rerun 18) output pattern test
FAIL: libmudflap.cth/pass37-frag.c (-static -DSTATIC) (rerun 19) execution test
FAIL: libmudflap.cth/pass37-frag.c (-static -DSTATIC) (rerun 19) output pattern test
FAIL: libmudflap.cth/pass39-frag.c (-static -DSTATIC) execution test
FAIL: libmudflap.cth/pass39-frag.c (-static -DSTATIC) output pattern test
FAIL: libmudflap.cth/pass39-frag.c (-static -DSTATIC) (rerun 1) execution test
FAIL: libmudflap.cth/pass39-frag.c (-static -DSTATIC) (rerun 1) output pattern test
FAIL: libmudflap.cth/pass39-frag.c (-static -DSTATIC) (rerun 2) execution test
FAIL: libmudflap.cth/pass39-frag.c (-static -DSTATIC) (rerun 2) output pattern test
FAIL: libmudflap.cth/pass39-frag.c (-static -DSTATIC) (rerun 3) execution test
FAIL: libmudflap.cth/pass39-frag.c (-static -DSTATIC) (rerun 3) output pattern test
FAIL: libmudflap.cth/pass39-frag.c (-static -DSTATIC) (rerun 4) execution test
FAIL: libmudflap.cth/pass39-frag.c (-static -DSTATIC) (rerun 4) output pattern test
FAIL: libmudflap.cth/pass39-frag.c (-static -DSTATIC) (rerun 5) execution test
FAIL: libmudflap.cth/pass39-frag.c (-static -DSTATIC) (rerun 5) output pattern test
FAIL: libmudflap.cth/pass39-frag.c (-static -DSTATIC) (rerun 6) execution test
FAIL: libmudflap.cth/pass39-frag.c (-static -DSTATIC) (rerun 6) output pattern test
FAIL: libmudflap.cth/pass39-frag.c (-static -DSTATIC) (rerun 7) execution test
FAIL: libmudflap.cth/pass39-frag.c (-static -DSTATIC) (rerun 7) output pattern test
FAIL: libmudflap.cth/pass39-frag.c (-static -DSTATIC) (rerun 8) execution test
FAIL: libmudflap.cth/pass39-frag.c (-static -DSTATIC) (rerun 8) output pattern test
FAIL: libmudflap.cth/pass39-frag.c (-static -DSTATIC) (rerun 9) execution test
FAIL: libmudflap.cth/pass39-frag.c (-static -DSTATIC) (rerun 9) output pattern test
FAIL: libmudflap.cth/pass39-frag.c (-static -DSTATIC) (rerun 10) execution test
FAIL: libmudflap.cth/pass39-frag.c (-static -DSTATIC) (rerun 10) output pattern test
FAIL: libmudflap.cth/pass39-frag.c (-static -DSTATIC) (rerun 11) execution test
FAIL: libmudflap.cth/pass39-frag.c (-static -DSTATIC) (rerun 11) output pattern test
FAIL: libmudflap.cth/pass39-frag.c (-static -DSTATIC) (rerun 12) execution test
FAIL: libmudflap.cth/pass39-frag.c (-static -DSTATIC) (rerun 12) output pattern test
FAIL: libmudflap.cth/pass39-frag.c (-static -DSTATIC) (rerun 13) execution test
FAIL: libmudflap.cth/pass39-frag.c (-static -DSTATIC) (rerun 13) output pattern test
FAIL: libmudflap.cth/pass39-frag.c (-static -DSTATIC) (rerun 14) execution test
FAIL: libmudflap.cth/pass39-frag.c (-static -DSTATIC) (rerun 14) output pattern test
FAIL: libmudflap.cth/pass39-frag.c (-static -DSTATIC) (rerun 15) execution test
FAIL: libmudflap.cth/pass39-frag.c (-static -DSTATIC) (rerun 15) output pattern test
FAIL: libmudflap.cth/pass39-frag.c (-static -DSTATIC) (rerun 16) execution test
FAIL: libmudflap.cth/pass39-frag.c (-static -DSTATIC) (rerun 16) output pattern test
FAIL: libmudflap.cth/pass39-frag.c (-static -DSTATIC) (rerun 17) execution test
FAIL: libmudflap.cth/pass39-frag.c (-static -DSTATIC) (rerun 17) output pattern test
FAIL: libmudflap.cth/pass39-frag.c (-static -DSTATIC) (rerun 18) execution test
FAIL: libmudflap.cth/pass39-frag.c (-static -DSTATIC) (rerun 18) output pattern test
FAIL: libmudflap.cth/pass39-frag.c (-static -DSTATIC) (rerun 19) execution test
FAIL: libmudflap.cth/pass39-frag.c (-static -DSTATIC) (rerun 19) output pattern test
FAIL: libmudflap.cth/pass40-frag.c (-static -DSTATIC) execution test
FAIL: libmudflap.cth/pass40-frag.c (-static -DSTATIC) output pattern test
FAIL: libmudflap.cth/pass59-frag.c (-static -DSTATIC) execution test
FAIL: libmudflap.cth/pass59-frag.c (-static -DSTATIC) output pattern test
=== libmudflap Summary for unix/-m32 ===
# of expected passes 1765
# of unexpected failures 84
Running target unix
=== libmudflap Summary for unix ===
# of expected passes 1849
=== libmudflap Summary ===
# of expected passes 3614
# of unexpected failures 84
=== libstdc++ tests ===
Running target unix/-m32
XPASS: 26_numerics/headers/cmath/c99_classification_macros_c.cc (test for excess errors)
=== libstdc++ Summary for unix/-m32 ===
# of expected passes 5603
# of unexpected successes 1
# of expected failures 64
# of unsupported tests 10
Running target unix
XPASS: 26_numerics/headers/cmath/c99_classification_macros_c.cc (test for excess errors)
=== libstdc++ Summary for unix ===
# of expected passes 5603
# of unexpected successes 1
# of expected failures 64
# of unsupported tests 10
=== libstdc++ Summary ===
# of expected passes 11206
# of unexpected successes 2
# of expected failures 128
# of unsupported tests 20
Compiler version: 4.4.0 20080316 (experimental) [trunk revision 133266] (GCC)
Platform: x86_64-unknown-linux-gnu
configure flags: --enable-clocale=gnu --with-system-zlib --enable-checking=assert --with-demangler-in-ld --enable-languages=c,c++,fortran,ada,java,objc,obj-c++ --enable-shared --enable-threads=posix --enable-haifa --prefix=/usr/gcc-4.4 --with-local-prefix=/usr/local
More information about the Gcc-testresults
mailing list