Results for 4.4.0 20080312 (experimental) (GCC) testsuite on x86_64-unknown-linux-gnu
Toon Moene
toon@moene.indiv.nluug.nl
Wed Mar 12 10:23:00 GMT 2008
LAST_UPDATED: Wed Mar 12 07:37:27 UTC 2008 (revision 133135)
Native configuration is x86_64-unknown-linux-gnu
=== gcc tests ===
Running target unix
FAIL: gcc.dg/tree-prof/pr34999.c compilation, -fprofile-use -D_PROFILE_USE
UNRESOLVED: gcc.dg/tree-prof/pr34999.c execution, -fprofile-use -D_PROFILE_USE
FAIL: gcc.dg/tree-ssa/ldist-4.c scan-tree-dump-times ldist "distributed: split to 2 loops" 0
=== gcc Summary ===
# of expected passes 48946
# of unexpected failures 2
# of expected failures 168
# of unresolved testcases 1
# of untested testcases 35
# of unsupported tests 379
/home/toon/compilers/obj-t/gcc/xgcc version 4.4.0 20080312 (experimental) (GCC)
=== gfortran tests ===
Running target unix
FAIL: gfortran.dg/ldist-1.f90 -O scan-tree-dump-times ldist "distributed: split to 4 loops" 1
=== gfortran Summary ===
# of expected passes 23892
# of unexpected failures 1
# of expected failures 3
# of unsupported tests 18
/home/toon/compilers/obj-t/gcc/testsuite/gfortran/../../gfortran version 4.4.0 20080312 (experimental) (GCC)
=== g++ tests ===
Running target unix
=== g++ Summary ===
# of expected passes 17462
# of expected failures 82
# of unsupported tests 120
/home/toon/compilers/obj-t/gcc/testsuite/g++/../../g++ version 4.4.0 20080312 (experimental) (GCC)
=== objc tests ===
Running target unix
=== objc Summary ===
# of expected passes 1812
# of expected failures 7
# of unsupported tests 24
/home/toon/compilers/obj-t/gcc/xgcc version 4.4.0 20080312 (experimental) (GCC)
=== libffi tests ===
Running target unix
=== libffi Summary ===
# of expected passes 1389
# of unsupported tests 10
=== libgomp tests ===
Running target unix
=== libgomp Summary ===
# of expected passes 1701
=== libjava tests ===
Running target unix
=== libjava Summary ===
# of expected passes 2550
=== libmudflap tests ===
Running target unix
=== libmudflap Summary ===
# of expected passes 1849
=== libstdc++ tests ===
Running target unix
FAIL: abi_check
XPASS: 26_numerics/headers/cmath/c99_classification_macros_c.cc (test for excess errors)
=== libstdc++ Summary ===
# of expected passes 4969
# of unexpected failures 1
# of unexpected successes 1
# of expected failures 64
# of unsupported tests 326
Compiler version: 4.4.0 20080312 (experimental) (GCC)
Platform: x86_64-unknown-linux-gnu
configure flags: --disable-multilib --disable-nls --prefix=/usr/snp
More information about the Gcc-testresults
mailing list