Results for 4.3.1 20080309 (prerelease) [gcc-4_3-branch revision 133062] (GCC) testsuite on hppa-unknown-linux-gnu
John David Anglin
dave@hia.nrc.ca
Wed Mar 12 00:43:00 GMT 2008
LAST_UPDATED: Sun Mar 9 18:26:57 UTC 2008 (revision 133062)
=== acats tests ===
FAIL: cxf3a01
=== acats Summary ===
# of expected passes 2314
# of unexpected failures 1
Native configuration is hppa-unknown-linux-gnu
=== g++ tests ===
Running target unix
=== g++ Summary ===
# of expected passes 17409
# of expected failures 82
# of unsupported tests 135
/home/dave/gnu/gcc-4.4/objdir/gcc/testsuite/g++/../../g++ version 4.3.1 20080309 (prerelease) [gcc-4_3-branch revision 133062] (GCC)
=== gcc tests ===
Running target unix
WARNING: program timed out.
FAIL: gcc.c-torture/execute/20000519-1.c compilation, -O3 -fomit-frame-pointer -funroll-loops
UNRESOLVED: gcc.c-torture/execute/20000519-1.c execution, -O3 -fomit-frame-pointer -funroll-loops
WARNING: program timed out.
FAIL: gcc.c-torture/execute/20030501-1.c compilation, -O3 -g
UNRESOLVED: gcc.c-torture/execute/20030501-1.c execution, -O3 -g
WARNING: program timed out.
FAIL: gcc.c-torture/execute/pr22061-3.c compilation, -O2
UNRESOLVED: gcc.c-torture/execute/pr22061-3.c execution, -O2
XPASS: gcc.dg/tree-ssa/loop-1.c scan-assembler-times foo 5
=== gcc Summary ===
# of expected passes 45571
# of unexpected failures 3
# of unexpected successes 1
# of expected failures 91
# of unresolved testcases 3
# of untested testcases 35
# of unsupported tests 337
/home/dave/gnu/gcc-4.4/objdir/gcc/xgcc version 4.3.1 20080309 (prerelease) [gcc-4_3-branch revision 133062] (GCC)
=== gfortran tests ===
Running target unix
=== gfortran Summary ===
# of expected passes 23474
# of expected failures 3
# of unsupported tests 124
/home/dave/gnu/gcc-4.4/objdir/gcc/testsuite/gfortran/../../gfortran version 4.3.1 20080309 (prerelease) [gcc-4_3-branch revision 133062] (GCC)
=== gnat tests ===
Running target unix
=== gnat Summary ===
# of expected passes 348
=== obj-c++ tests ===
Running target unix
UNRESOLVED: obj-c++.dg/lookup-2.mm compilation failed to produce executable
UNRESOLVED: obj-c++.dg/try-catch-2.mm compilation failed to produce executable
UNRESOLVED: obj-c++.dg/try-catch-9.mm compilation failed to produce executable
=== obj-c++ Summary ===
# of expected passes 437
# of expected failures 9
# of unresolved testcases 3
# of unsupported tests 13
/home/dave/gnu/gcc-4.4/objdir/gcc/testsuite/obj-c++/../../g++ version 4.3.1 20080309 (prerelease) [gcc-4_3-branch revision 133062] (GCC)
=== objc tests ===
Running target unix
=== objc Summary ===
# of expected passes 1812
# of expected failures 7
# of unsupported tests 24
/home/dave/gnu/gcc-4.4/objdir/gcc/xgcc version 4.3.1 20080309 (prerelease) [gcc-4_3-branch revision 133062] (GCC)
=== libffi tests ===
Running target unix
=== libffi Summary ===
# of expected passes 1389
# of unsupported tests 10
=== libgomp tests ===
Running target unix
WARNING: program timed out.
FAIL: libgomp.c++/pr27337.C -Os (test for excess errors)
UNRESOLVED: libgomp.c++/pr27337.C -Os compilation failed to produce executable
=== libgomp Summary ===
# of expected passes 1685
# of unexpected failures 1
# of unresolved testcases 1
# of unsupported tests 7
=== libjava tests ===
Running target unix
=== libjava Summary ===
# of expected passes 2550
=== libmudflap tests ===
Running target unix
FAIL: libmudflap.c++/pass41-frag.cxx execution test
FAIL: libmudflap.c++/pass41-frag.cxx (-static) execution test
FAIL: libmudflap.c++/pass41-frag.cxx ( -O) execution test
FAIL: libmudflap.c++/pass41-frag.cxx (-O2) execution test
FAIL: libmudflap.c++/pass41-frag.cxx (-O3) execution test
WARNING: program timed out.
FAIL: libmudflap.cth/pass40-frag.c execution test
FAIL: libmudflap.cth/pass40-frag.c output pattern test
WARNING: program timed out.
FAIL: libmudflap.cth/pass40-frag.c (-static -DSTATIC) execution test
FAIL: libmudflap.cth/pass40-frag.c (-static -DSTATIC) output pattern test
WARNING: program timed out.
FAIL: libmudflap.cth/pass40-frag.c (-O2) execution test
FAIL: libmudflap.cth/pass40-frag.c (-O2) output pattern test
WARNING: program timed out.
FAIL: libmudflap.cth/pass40-frag.c (-O3) execution test
FAIL: libmudflap.cth/pass40-frag.c (-O3) output pattern test
=== libmudflap Summary ===
# of expected passes 1836
# of unexpected failures 13
=== libstdc++ tests ===
Running target unix
FAIL: abi_check
FAIL: 22_locale/time_get/get_date/wchar_t/4.cc execution test
XPASS: 26_numerics/headers/cmath/c99_classification_macros_c.cc (test for excess errors)
WARNING: program timed out.
FAIL: thread/pthread7-rope.cc execution test
=== libstdc++ Summary ===
# of expected passes 5560
# of unexpected failures 3
# of unexpected successes 1
# of expected failures 59
# of unsupported tests 10
Compiler version: 4.3.1 20080309 (prerelease) [gcc-4_3-branch revision 133062] (GCC)
Platform: hppa-unknown-linux-gnu
configure flags: --with-gnu-as --with-gnu-ld --enable-shared --prefix=/home/dave/opt/gnu/gcc/gcc-4.3.0 --with-local-prefix=/home/dave/opt/gnu --enable-threads=posix --enable-__cxa_atexit --build=hppa-linux --enable-clocale=gnu --enable-java-gc=boehm --enable-java-awt=xlib --enable-languages=c,c++,objc,fortran,obj-c++,java,ada
More information about the Gcc-testresults
mailing list