Results for 4.4.0 20080310 (experimental) [trunk revision 133087] (GCC) testsuite on x86_64-unknown-linux-gnu
guerby@gcc13.fsffrance.org
guerby@gcc13.fsffrance.org
Tue Mar 11 10:19:00 GMT 2008
LAST_UPDATED: Mon Mar 10 19:53:22 UTC 2008 (revision 133087)
=== acats tests ===
FAIL: cc3305d
=== acats Summary ===
# of expected passes 2314
# of unexpected failures 1
Native configuration is x86_64-unknown-linux-gnu
=== gcc tests ===
Running target unix
XPASS: gcc.dg/cpp/cmdlne-dI-M.c scan-file (^|\\\\n)cmdlne-dI-M.*:[^\\\\n]*cmdlne-dI-M.c
XPASS: gcc.dg/cpp/cmdlne-dM-M.c scan-file (^|\\\\n)cmdlne-dM-M[^\\\\n]*:[^\\\\n]*cmdlne-dM-M.c
FAIL: gcc.dg/tree-ssa/ldist-4.c scan-tree-dump-times ldist "distributed: split to 2 loops" 0
=== gcc Summary ===
# of expected passes 48773
# of unexpected failures 1
# of unexpected successes 2
# of expected failures 166
# of untested testcases 35
# of unsupported tests 465
/home/guerby/build/gcc/xgcc version 4.4.0 20080310 (experimental) [trunk revision 133087] (GCC)
=== gfortran tests ===
Running target unix
FAIL: gfortran.dg/ldist-1.f90 -O scan-tree-dump-times ldist "distributed: split to 4 loops" 1
=== gfortran Summary ===
# of expected passes 23892
# of unexpected failures 1
# of expected failures 3
# of unsupported tests 18
/home/guerby/build/gcc/testsuite/gfortran/../../gfortran version 4.4.0 20080310 (experimental) [trunk revision 133087] (GCC)
=== g++ tests ===
Running target unix
=== g++ Summary ===
# of expected passes 17456
# of expected failures 82
# of unsupported tests 120
/home/guerby/build/gcc/testsuite/g++/../../g++ version 4.4.0 20080310 (experimental) [trunk revision 133087] (GCC)
=== gnat tests ===
Running target unix
=== gnat Summary ===
# of expected passes 366
=== objc tests ===
Running target unix
=== objc Summary ===
# of expected passes 1812
# of expected failures 7
# of unsupported tests 24
/home/guerby/build/gcc/xgcc version 4.4.0 20080310 (experimental) [trunk revision 133087] (GCC)
=== libffi tests ===
Running target unix
=== libffi Summary ===
# of expected passes 1389
# of unsupported tests 10
=== libgomp tests ===
Running target unix
=== libgomp Summary ===
# of expected passes 1701
=== libjava tests ===
Running target unix
=== libjava Summary ===
# of expected passes 2550
=== libmudflap tests ===
Running target unix
=== libmudflap Summary ===
# of expected passes 1849
=== libstdc++ tests ===
Running target unix
FAIL: abi_check
XPASS: 26_numerics/headers/cmath/c99_classification_macros_c.cc (test for excess errors)
=== libstdc++ Summary ===
# of expected passes 4969
# of unexpected failures 1
# of unexpected successes 1
# of expected failures 64
# of unsupported tests 326
Compiler version: 4.4.0 20080310 (experimental) [trunk revision 133087] (GCC)
Platform: x86_64-unknown-linux-gnu
configure flags: --prefix=/n/13/guerby/install-trunk --enable-languages=all,ada --enable-__cxa_atexit --disable-nls --enable-threads=posix --disable-multilib --with-mpfr=/opt/cfarm/mpfr-2.3.1
More information about the Gcc-testresults
mailing list