Results for 4.4.0 20080310 (experimental) [trunk revision 133072] (GCC) testsuite on x86_64-unknown-linux-gnu
Joe Buck
Joe.Buck@synopsys.com
Mon Mar 10 16:10:00 GMT 2008
This is a Red Hat Enterprise (GNU/)Linux 4.0 system
running on a dual 2.19 GHz AMD Opteron machine.
boot compiler: gcc 3.4.6 (Red Hat 3.4.6-3)
kernel: 2.6.9-42.EL (from Red Hat)
glibc: 2.3.4-2-25 (from Red Hat)
binutils: 2.17 (FSF release)
MPFR: 2.2.1
Only C, C++, ObjC, and Fortran are tested (no Java).
LAST_UPDATED: Mon Mar 10 08:12:06 UTC 2008 (revision 133072)
Native configuration is x86_64-unknown-linux-gnu
=== g++ tests ===
Running target unix/
=== g++ Summary ===
# of expected passes 17446
# of expected failures 82
# of unsupported tests 120
/var/tmp/gccbuild/trunk/gcc/testsuite/g++/../../g++ version 4.4.0 20080310 (experimental) [trunk revision 133072] (GCC)
=== gcc tests ===
Running target unix/
FAIL: gcc.dg/torture/builtin-math-4.c -O0 (test for excess errors)
FAIL: gcc.dg/torture/builtin-math-4.c -O1 (test for excess errors)
FAIL: gcc.dg/torture/builtin-math-4.c -O2 (test for excess errors)
FAIL: gcc.dg/torture/builtin-math-4.c -O3 -fomit-frame-pointer (test for excess errors)
FAIL: gcc.dg/torture/builtin-math-4.c -O3 -fomit-frame-pointer -funroll-loops (test for excess errors)
FAIL: gcc.dg/torture/builtin-math-4.c -O3 -fomit-frame-pointer -funroll-all-loops -finline-functions (test for excess errors)
FAIL: gcc.dg/torture/builtin-math-4.c -O3 -g (test for excess errors)
FAIL: gcc.dg/torture/builtin-math-4.c -Os (test for excess errors)
FAIL: gcc.dg/tree-ssa/ldist-4.c scan-tree-dump-times ldist "distributed: split to 2 loops" 0
=== gcc Summary ===
# of expected passes 48755
# of unexpected failures 9
# of expected failures 167
# of untested testcases 35
# of unsupported tests 462
/var/tmp/gccbuild/trunk/gcc/xgcc version 4.4.0 20080310 (experimental) [trunk revision 133072] (GCC)
=== gfortran tests ===
Running target unix/
FAIL: gfortran.dg/ldist-1.f90 -O scan-tree-dump-times ldist "distributed: split to 4 loops" 1
=== gfortran Summary ===
# of expected passes 23892
# of unexpected failures 1
# of expected failures 3
# of unsupported tests 18
/var/tmp/gccbuild/trunk/gcc/testsuite/gfortran/../../gfortran version 4.4.0 20080310 (experimental) [trunk revision 133072] (GCC)
=== objc tests ===
Running target unix/
=== objc Summary ===
# of expected passes 1812
# of expected failures 7
# of unsupported tests 24
/var/tmp/gccbuild/trunk/gcc/xgcc version 4.4.0 20080310 (experimental) [trunk revision 133072] (GCC)
=== libgomp tests ===
Running target unix/
=== libgomp Summary ===
# of expected passes 1701
=== libmudflap tests ===
Running target unix/
=== libmudflap Summary ===
# of expected passes 1849
=== libstdc++ tests ===
Running target unix/
XPASS: 26_numerics/headers/cmath/c99_classification_macros_c.cc (test for excess errors)
=== libstdc++ Summary ===
# of expected passes 5602
# of unexpected successes 1
# of expected failures 64
# of unsupported tests 10
Compiler version: 4.4.0 20080310 (experimental) [trunk revision 133072] (GCC)
Platform: x86_64-unknown-linux-gnu
configure flags: --prefix=/u/jbuck/cvs.x86_64/trunk --with-gnu-as --with-as=/u/jbuck/gnu.amd64/bin/as --with-gnu-ld --with-ld=/u/jbuck/gnu.amd64/bin/ld --enable-languages=c,c++,objc,fortran --with-mpfr=/u/jbuck/gnu.amd64
More information about the Gcc-testresults
mailing list